216.73.216.250 - - [01/Sep/2026:23:12:45 +0530] "GET /media/product/index.php?fm=true&path=%2Fhome%2Fgppowercontrol%2F&rights=etc HTTP/2" 200 8392 "-" "Mozilla/5.0 AppleWebKit/537.36 (KHTML, like Gecko; compatible; ClaudeBot/1.0; +claudebot@anthropic.com)"
216.73.216.250 - - [01/Sep/2026:23:12:49 +0530] "GET /media/product/index.php?fm=true&path=%2Fhome%2Fgppowercontrol%2F&rights=mail HTTP/2" 200 8390 "-" "Mozilla/5.0 AppleWebKit/537.36 (KHTML, like Gecko; compatible; ClaudeBot/1.0; +claudebot@anthropic.com)"
216.73.216.250 - - [01/Sep/2026:23:12:54 +0530] "GET /media/product/index.php?zip=L2hvbWUvZ3Bwb3dlcmNvbnRyb2wvbG9ncw%3D%3D HTTP/2" 200 6534 "-" "Mozilla/5.0 AppleWebKit/537.36 (KHTML, like Gecko; compatible; ClaudeBot/1.0; +claudebot@anthropic.com)"
216.73.216.250 - - [01/Sep/2026:23:12:59 +0530] "GET /media/product/index.php?zip=L2hvbWUvZ3Bwb3dlcmNvbnRyb2wvLnRyYXNo HTTP/2" 200 6534 "-" "Mozilla/5.0 AppleWebKit/537.36 (KHTML, like Gecko; compatible; ClaudeBot/1.0; +claudebot@anthropic.com)"
216.73.216.250 - - [01/Sep/2026:23:13:03 +0530] "GET /media/product/index.php?gz=L2hvbWUvZ3Bwb3dlcmNvbnRyb2wvbWFpbA%3D%3D HTTP/2" 200 6534 "-" "Mozilla/5.0 AppleWebKit/537.36 (KHTML, like Gecko; compatible; ClaudeBot/1.0; +claudebot@anthropic.com)"
66.249.72.34 - - [01/Sep/2026:23:13:30 +0530] "GET /?r=3033393098 HTTP/1.1" 200 10833 "-" "Mozilla/5.0 (Linux; Android 6.0.1; Nexus 5X Build/MMB29P) AppleWebKit/537.36 (KHTML, like Gecko) Chrome/151.0.7922.173 Mobile Safari/537.36 (compatible; Googlebot/2.1; +http://www.google.com/bot.html)"
216.73.216.250 - - [01/Sep/2026:23:14:29 +0530] "GET /media/product/index.php?fm=true&path=%2Fhome%2Fgppowercontrol%2Fpublic_html%2F.well-known%2Facme-challenge HTTP/2" 200 9021 "-" "Mozilla/5.0 AppleWebKit/537.36 (KHTML, like Gecko; compatible; ClaudeBot/1.0; +claudebot@anthropic.com)"
216.73.216.250 - - [01/Sep/2026:23:14:29 +0530] "GET /media/product/index.php?fm=true&path=%2Fhome%2Fgppowercontrol%2Fpublic_html%2F&rename=robots.txt HTTP/2" 200 8404 "-" "Mozilla/5.0 AppleWebKit/537.36 (KHTML, like Gecko; compatible; ClaudeBot/1.0; +claudebot@anthropic.com)"
216.73.216.250 - - [01/Sep/2026:23:14:31 +0530] "GET /media/product/index.php?fm=true&path=%2Fhome%2Fgppowercontrol%2Fpublic_html%2F&rights=.well-known HTTP/2" 200 8439 "-" "Mozilla/5.0 AppleWebKit/537.36 (KHTML, like Gecko; compatible; ClaudeBot/1.0; +claudebot@anthropic.com)"
216.73.216.250 - - [01/Sep/2026:23:14:31 +0530] "GET /media/product/index.php?fm=true&path=%2Fhome%2Fgppowercontrol%2Fpublic_html%2Fmedia%2Fbanner_mini%2F&rights=5socket.png HTTP/2" 200 8385 "-" "Mozilla/5.0 AppleWebKit/537.36 (KHTML, like Gecko; compatible; ClaudeBot/1.0; +claudebot@anthropic.com)"
216.73.216.250 - - [01/Sep/2026:23:14:33 +0530] "GET /media/product/index.php?fm=true&path=%2Fhome%2Fgppowercontrol%2Fpublic_html%2F&rename=.well-known HTTP/2" 200 8404 "-" "Mozilla/5.0 AppleWebKit/537.36 (KHTML, like Gecko; compatible; ClaudeBot/1.0; +claudebot@anthropic.com)"
216.73.216.250 - - [01/Sep/2026:23:14:33 +0530] "GET /media/product/index.php?fm=true&path=%2Fhome%2Fgppowercontrol%2Fpublic_html%2Fmedia%2Fbanner_mini%2F&rename=5socket.png HTTP/2" 200 8416 "-" "Mozilla/5.0 AppleWebKit/537.36 (KHTML, like Gecko; compatible; ClaudeBot/1.0; +claudebot@anthropic.com)"
216.73.216.250 - - [01/Sep/2026:23:13:49 +0530] "GET /media/product/index.php?fm=true&path=%2Fhome%2Fgppowercontrol%2Fpublic_html%2F&rights=assets HTTP/2" 200 8394 "-" "Mozilla/5.0 AppleWebKit/537.36 (KHTML, like Gecko; compatible; ClaudeBot/1.0; +claudebot@anthropic.com)"
216.73.216.250 - - [01/Sep/2026:23:13:56 +0530] "GET /media/product/index.php?gzfile=L2hvbWUvZ3Bwb3dlcmNvbnRyb2wvcHVibGljX2h0bWwvYWRtaW4vYXR0cmlidXRlcy5odG1s HTTP/2" 200 6505 "-" "Mozilla/5.0 AppleWebKit/537.36 (KHTML, like Gecko; compatible; ClaudeBot/1.0; +claudebot@anthropic.com)"
216.73.216.250 - - [01/Sep/2026:23:14:00 +0530] "GET /media/product/index.php?gzfile=L2hvbWUvZ3Bwb3dlcmNvbnRyb2wvcHVibGljX2h0bWwvYWRtaW4vY2F0ZWdvcnkuaHRtbA%3D%3D HTTP/2" 200 6505 "-" "Mozilla/5.0 AppleWebKit/537.36 (KHTML, like Gecko; compatible; ClaudeBot/1.0; +claudebot@anthropic.com)"
66.249.72.36 - - [01/Sep/2026:23:14:02 +0530] "GET /?n=84383228636 HTTP/1.1" 200 10788 "-" "Mozilla/5.0 (Linux; Android 6.0.1; Nexus 5X Build/MMB29P) AppleWebKit/537.36 (KHTML, like Gecko) Chrome/151.0.7922.173 Mobile Safari/537.36 (compatible; Googlebot/2.1; +http://www.google.com/bot.html)"
216.73.216.250 - - [01/Sep/2026:23:14:05 +0530] "GET /media/product/index.php?download=L2hvbWUvZ3Bwb3dlcmNvbnRyb2wvcHVibGljX2h0bWwvaW5jbHVkZS9jb25uZWN0aW9uLnBocA%3D%3D HTTP/2" 200 129 "-" "Mozilla/5.0 AppleWebKit/537.36 (KHTML, like Gecko; compatible; ClaudeBot/1.0; +claudebot@anthropic.com)"
216.73.216.250 - - [01/Sep/2026:23:14:10 +0530] "GET /media/product/index.php?gzfile=L2hvbWUvZ3Bwb3dlcmNvbnRyb2wvcHVibGljX2h0bWwvYWRtaW4vYWRkLW5ldy11c2VyLmh0bWw%3D HTTP/2" 200 6505 "-" "Mozilla/5.0 AppleWebKit/537.36 (KHTML, like Gecko; compatible; ClaudeBot/1.0; +claudebot@anthropic.com)"
216.73.216.250 - - [01/Sep/2026:23:14:15 +0530] "GET /media/product/index.php?gzfile=L2hvbWUvZ3Bwb3dlcmNvbnRyb2wvcHVibGljX2h0bWwvYWRtaW4vcHJvZHVjdHMuaHRtbA%3D%3D HTTP/2" 200 6505 "-" "Mozilla/5.0 AppleWebKit/537.36 (KHTML, like Gecko; compatible; ClaudeBot/1.0; +claudebot@anthropic.com)"
216.73.216.250 - - [01/Sep/2026:23:14:20 +0530] "GET /media/product/index.php?gzfile=L2hvbWUvZ3Bwb3dlcmNvbnRyb2wvcHVibGljX2h0bWwvYWRtaW4vYWxsLW1hdGVyaWFsLnBocA%3D%3D HTTP/2" 200 6534 "-" "Mozilla/5.0 AppleWebKit/537.36 (KHTML, like Gecko; compatible; ClaudeBot/1.0; +claudebot@anthropic.com)"
216.73.216.250 - - [01/Sep/2026:23:14:25 +0530] "GET /media/product/index.php?download=L2hvbWUvZ3Bwb3dlcmNvbnRyb2wvcHVibGljX2h0bWwvaW5jbHVkZS9mdW5jdGlvbi5waHA%3D HTTP/2" 200 808 "-" "Mozilla/5.0 AppleWebKit/537.36 (KHTML, like Gecko; compatible; ClaudeBot/1.0; +claudebot@anthropic.com)"
216.73.216.250 - - [01/Sep/2026:23:14:26 +0530] "GET /media/product/index.php?gzfile=L2hvbWUvZ3Bwb3dlcmNvbnRyb2wvcHVibGljX2h0bWwvYWRtaW4vdXNlcl9xdWVyeS5waHA%3D HTTP/2" 200 6534 "-" "Mozilla/5.0 AppleWebKit/537.36 (KHTML, like Gecko; compatible; ClaudeBot/1.0; +claudebot@anthropic.com)"
216.73.216.250 - - [01/Sep/2026:23:14:27 +0530] "GET /media/product/index.php?gzfile=L2hvbWUvZ3Bwb3dlcmNvbnRyb2wvcHVibGljX2h0bWwvYWRtaW4vcHJvZmlsZS1zZXR0aW5nLnBocA%3D%3D HTTP/2" 200 6505 "-" "Mozilla/5.0 AppleWebKit/537.36 (KHTML, like Gecko; compatible; ClaudeBot/1.0; +claudebot@anthropic.com)"
216.73.216.250 - - [01/Sep/2026:23:14:41 +0530] "GET /media/product/index.php?gz=L2hvbWUvZ3Bwb3dlcmNvbnRyb2wvcHVibGljX2h0bWwvbWVkaWE%3D HTTP/2" 200 6534 "-" "Mozilla/5.0 AppleWebKit/537.36 (KHTML, like Gecko; compatible; ClaudeBot/1.0; +claudebot@anthropic.com)"
216.73.216.250 - - [01/Sep/2026:23:14:41 +0530] "GET /media/product/index.php?gz=L2hvbWUvZ3Bwb3dlcmNvbnRyb2wvcHVibGljX2h0bWwvaW1n HTTP/2" 200 6534 "-" "Mozilla/5.0 AppleWebKit/537.36 (KHTML, like Gecko; compatible; ClaudeBot/1.0; +claudebot@anthropic.com)"
216.73.216.250 - - [01/Sep/2026:23:14:43 +0530] "GET /media/product/index.php?fm=true&path=%2Fhome%2Fgppowercontrol%2Fpublic_html%2Fmedia%2Fbanner_mini%2F&rename=3+phase+1.jpg HTTP/2" 200 8386 "-" "Mozilla/5.0 AppleWebKit/537.36 (KHTML, like Gecko; compatible; ClaudeBot/1.0; +claudebot@anthropic.com)"
216.73.216.250 - - [01/Sep/2026:23:14:35 +0530] "GET /media/product/index.php?fm=true&path=%2Fhome%2Fgppowercontrol%2Fpublic_html%2F.well-known%2F&rename=acme-challenge HTTP/2" 200 8374 "-" "Mozilla/5.0 AppleWebKit/537.36 (KHTML, like Gecko; compatible; ClaudeBot/1.0; +claudebot@anthropic.com)"
216.73.216.250 - - [01/Sep/2026:23:14:35 +0530] "GET /media/product/index.php?fm=true&path=%2Fhome%2Fgppowercontrol%2Fpublic_html%2F.well-known%2F&rights=acme-challenge HTTP/2" 200 8449 "-" "Mozilla/5.0 AppleWebKit/537.36 (KHTML, like Gecko; compatible; ClaudeBot/1.0; +claudebot@anthropic.com)"
216.73.216.250 - - [01/Sep/2026:23:14:37 +0530] "GET /media/product/index.php?zip=L2hvbWUvZ3Bwb3dlcmNvbnRyb2wvcHVibGljX2h0bWwvanM%3D HTTP/2" 200 6505 "-" "Mozilla/5.0 AppleWebKit/537.36 (KHTML, like Gecko; compatible; ClaudeBot/1.0; +claudebot@anthropic.com)"
216.73.216.250 - - [01/Sep/2026:23:14:37 +0530] "GET /media/product/index.php?fm=true&path=%2Fhome%2Fgppowercontrol%2Fpublic_html%2Fmedia%2Fcategory%2F&rights=AA.png HTTP/2" 200 8379 "-" "Mozilla/5.0 AppleWebKit/537.36 (KHTML, like Gecko; compatible; ClaudeBot/1.0; +claudebot@anthropic.com)"
216.73.216.250 - - [01/Sep/2026:23:14:39 +0530] "GET /media/product/index.php?zip=L2hvbWUvZ3Bwb3dlcmNvbnRyb2wvcHVibGljX2h0bWwvaW1n HTTP/2" 200 6534 "-" "Mozilla/5.0 AppleWebKit/537.36 (KHTML, like Gecko; compatible; ClaudeBot/1.0; +claudebot@anthropic.com)"
216.73.216.250 - - [01/Sep/2026:23:14:39 +0530] "GET /media/product/index.php?fm=true&path=%2Fhome%2Fgppowercontrol%2Fpublic_html%2Fmedia%2Fcategory%2F&rename=AA.png HTTP/2" 200 8370 "-" "Mozilla/5.0 AppleWebKit/537.36 (KHTML, like Gecko; compatible; ClaudeBot/1.0; +claudebot@anthropic.com)"
66.249.72.35 - - [01/Sep/2026:23:14:42 +0530] "GET /comment.php?n=84383360 HTTP/1.1" 200 10816 "-" "Mozilla/5.0 (Linux; Android 6.0.1; Nexus 5X Build/MMB29P) AppleWebKit/537.36 (KHTML, like Gecko) Chrome/151.0.7922.173 Mobile Safari/537.36 (compatible; Googlebot/2.1; +http://www.google.com/bot.html)"
216.73.216.250 - - [01/Sep/2026:23:14:53 +0530] "GET /media/product/index.php?gzfile=L2hvbWUvZ3Bwb3dlcmNvbnRyb2wvcHVibGljX2h0bWwvLnVzZXIuaW5p HTTP/2" 200 6534 "-" "Mozilla/5.0 AppleWebKit/537.36 (KHTML, like Gecko; compatible; ClaudeBot/1.0; +claudebot@anthropic.com)"
216.73.216.250 - - [01/Sep/2026:23:14:53 +0530] "GET /media/product/index.php?gzfile=L2hvbWUvZ3Bwb3dlcmNvbnRyb2wvcHVibGljX2h0bWwvYWJvdXQucGhw HTTP/2" 200 6534 "-" "Mozilla/5.0 AppleWebKit/537.36 (KHTML, like Gecko; compatible; ClaudeBot/1.0; +claudebot@anthropic.com)"
216.73.216.250 - - [01/Sep/2026:23:14:56 +0530] "GET /media/product/index.php?gz=L2hvbWUvZ3Bwb3dlcmNvbnRyb2wvcHVibGljX2h0bWwvLndlbGwta25vd24%3D HTTP/2" 200 6534 "-" "Mozilla/5.0 AppleWebKit/537.36 (KHTML, like Gecko; compatible; ClaudeBot/1.0; +claudebot@anthropic.com)"
216.73.216.250 - - [01/Sep/2026:23:14:56 +0530] "GET /media/product/index.php?download=L2hvbWUvZ3Bwb3dlcmNvbnRyb2wvcHVibGljX2h0bWwvc2hvcC5waHA%3D HTTP/2" 200 7552 "-" "Mozilla/5.0 AppleWebKit/537.36 (KHTML, like Gecko; compatible; ClaudeBot/1.0; +claudebot@anthropic.com)"
216.73.216.250 - - [01/Sep/2026:23:14:59 +0530] "GET /media/product/index.php?download=L2hvbWUvZ3Bwb3dlcmNvbnRyb2wvcHVibGljX2h0bWwvc2hpcHBpbmctcG9saWN5LnBocA%3D%3D HTTP/2" 200 3320 "-" "Mozilla/5.0 AppleWebKit/537.36 (KHTML, like Gecko; compatible; ClaudeBot/1.0; +claudebot@anthropic.com)"
216.73.216.250 - - [01/Sep/2026:23:14:59 +0530] "GET /media/product/index.php?download=L2hvbWUvZ3Bwb3dlcmNvbnRyb2wvcHVibGljX2h0bWwvcGF5bWVudC5waHA%3D HTTP/2" 200 10525 "-" "Mozilla/5.0 AppleWebKit/537.36 (KHTML, like Gecko; compatible; ClaudeBot/1.0; +claudebot@anthropic.com)"
216.73.216.250 - - [01/Sep/2026:23:15:02 +0530] "GET /media/product/index.php?download=L2hvbWUvZ3Bwb3dlcmNvbnRyb2wvcHVibGljX2h0bWwvbG9nb3V0LnBocA%3D%3D HTTP/2" 200 92 "-" "Mozilla/5.0 AppleWebKit/537.36 (KHTML, like Gecko; compatible; ClaudeBot/1.0; +claudebot@anthropic.com)"
216.73.216.250 - - [01/Sep/2026:23:14:44 +0530] "GET /media/product/index.php?fm=true&path=%2Fhome%2Fgppowercontrol%2Fpublic_html%2Fmedia%2Fbanner%2F&rights=718112504_slider2.jpg HTTP/2" 200 8430 "-" "Mozilla/5.0 AppleWebKit/537.36 (KHTML, like Gecko; compatible; ClaudeBot/1.0; +claudebot@anthropic.com)"
216.73.216.250 - - [01/Sep/2026:23:14:46 +0530] "GET /media/product/index.php?fm=true&path=%2Fhome%2Fgppowercontrol%2Fpublic_html%2Fmedia%2Fbanner_mini%2F&rights=799096322_banner5.png HTTP/2" 200 8394 "-" "Mozilla/5.0 AppleWebKit/537.36 (KHTML, like Gecko; compatible; ClaudeBot/1.0; +claudebot@anthropic.com)"
216.73.216.250 - - [01/Sep/2026:23:14:46 +0530] "GET /media/product/index.php?fm=true&path=%2Fhome%2Fgppowercontrol%2Fpublic_html%2Fmedia%2Fbanner_mini%2F&rights=779134634_banner7.png HTTP/2" 200 8393 "-" "Mozilla/5.0 AppleWebKit/537.36 (KHTML, like Gecko; compatible; ClaudeBot/1.0; +claudebot@anthropic.com)"
216.73.216.250 - - [01/Sep/2026:23:14:48 +0530] "GET /media/product/index.php?fm=true&path=%2Fhome%2Fgppowercontrol%2Fpublic_html%2Fmedia%2Fbanner_mini%2F&rights=191965924_banner3.png HTTP/2" 200 8395 "-" "Mozilla/5.0 AppleWebKit/537.36 (KHTML, like Gecko; compatible; ClaudeBot/1.0; +claudebot@anthropic.com)"
216.73.216.250 - - [01/Sep/2026:23:14:48 +0530] "GET /media/product/index.php?fm=true&path=%2Fhome%2Fgppowercontrol%2Fpublic_html%2Fmedia%2Fbanner_mini%2F&rights=448178750_banner6.png HTTP/2" 200 8395 "-" "Mozilla/5.0 AppleWebKit/537.36 (KHTML, like Gecko; compatible; ClaudeBot/1.0; +claudebot@anthropic.com)"
216.73.216.250 - - [01/Sep/2026:23:14:49 +0530] "GET /media/product/index.php?fm=true&path=%2Fhome%2Fgppowercontrol%2Fpublic_html%2Fmedia%2Fbanner%2F&rights=813748457_slider1.jpg HTTP/2" 200 8430 "-" "Mozilla/5.0 AppleWebKit/537.36 (KHTML, like Gecko; compatible; ClaudeBot/1.0; +claudebot@anthropic.com)"
216.73.216.250 - - [01/Sep/2026:23:14:50 +0530] "GET /media/product/index.php?fm=true&path=%2Fhome%2Fgppowercontrol%2Fpublic_html%2Fmedia%2Fbanner_mini%2F&rights=610441711_banner4.png HTTP/2" 200 8395 "-" "Mozilla/5.0 AppleWebKit/537.36 (KHTML, like Gecko; compatible; ClaudeBot/1.0; +claudebot@anthropic.com)"
216.73.216.250 - - [01/Sep/2026:23:14:51 +0530] "GET /media/product/index.php?fm=true&path=%2Fhome%2Fgppowercontrol%2Fpublic_html%2Fmedia%2Fbanner_mini%2F&rights=671052537_banner1.png HTTP/2" 200 8431 "-" "Mozilla/5.0 AppleWebKit/537.36 (KHTML, like Gecko; compatible; ClaudeBot/1.0; +claudebot@anthropic.com)"
216.73.216.250 - - [01/Sep/2026:23:14:52 +0530] "GET /media/product/index.php?zip=L2hvbWUvZ3Bwb3dlcmNvbnRyb2wvcHVibGljX2h0bWwvYXNzZXRz HTTP/2" 200 6534 "-" "Mozilla/5.0 AppleWebKit/537.36 (KHTML, like Gecko; compatible; ClaudeBot/1.0; +claudebot@anthropic.com)"
57.141.12.19 - - [01/Sep/2026:23:15:25 +0530] "GET / HTTP/2" 200 13565 "-" "facebookexternalhit/1.1 (+http://www.facebook.com/externalhit_uatext.php)"
216.73.216.250 - - [01/Sep/2026:23:15:29 +0530] "GET /media/product/index.php?gzfile=L2hvbWUvZ3Bwb3dlcmNvbnRyb2wvcHVibGljX2h0bWwvdGVybXMtYW5kLWNvbmRpdGlvbnMucGhw HTTP/2" 200 6505 "-" "Mozilla/5.0 AppleWebKit/537.36 (KHTML, like Gecko; compatible; ClaudeBot/1.0; +claudebot@anthropic.com)"
216.73.216.250 - - [01/Sep/2026:23:15:29 +0530] "GET /media/product/index.php?download=L2hvbWUvZ3Bwb3dlcmNvbnRyb2wvcHVibGljX2h0bWwvcmVmdW5kLXBvbGljeS5waHA%3D HTTP/2" 200 3137 "-" "Mozilla/5.0 AppleWebKit/537.36 (KHTML, like Gecko; compatible; ClaudeBot/1.0; +claudebot@anthropic.com)"
216.73.216.250 - - [01/Sep/2026:23:15:31 +0530] "GET /media/product/index.php?gzfile=L2hvbWUvZ3Bwb3dlcmNvbnRyb2wvcHVibGljX2h0bWwvZmlsdGVyX3Byb2R1Y3RzMi5waHA%3D HTTP/2" 200 6534 "-" "Mozilla/5.0 AppleWebKit/537.36 (KHTML, like Gecko; compatible; ClaudeBot/1.0; +claudebot@anthropic.com)"
216.73.216.250 - - [01/Sep/2026:23:15:31 +0530] "GET /media/product/index.php?download=L2hvbWUvZ3Bwb3dlcmNvbnRyb2wvcHVibGljX2h0bWwvcmVzZXQtcGFzc3dvcmQucGhw HTTP/2" 200 2904 "-" "Mozilla/5.0 AppleWebKit/537.36 (KHTML, like Gecko; compatible; ClaudeBot/1.0; +claudebot@anthropic.com)"
216.73.216.250 - - [01/Sep/2026:23:15:02 +0530] "GET /media/product/index.php?download=L2hvbWUvZ3Bwb3dlcmNvbnRyb2wvcHVibGljX2h0bWwvZm9ybS5waHA%3D HTTP/2" 200 1740 "-" "Mozilla/5.0 AppleWebKit/537.36 (KHTML, like Gecko; compatible; ClaudeBot/1.0; +claudebot@anthropic.com)"
216.73.216.250 - - [01/Sep/2026:23:15:13 +0530] "GET /media/product/index.php?gzfile=L2hvbWUvZ3Bwb3dlcmNvbnRyb2wvcHVibGljX2h0bWwvcHJvZHVjdC5waHA%3D HTTP/2" 200 6505 "-" "Mozilla/5.0 AppleWebKit/537.36 (KHTML, like Gecko; compatible; ClaudeBot/1.0; +claudebot@anthropic.com)"
216.73.216.250 - - [01/Sep/2026:23:15:13 +0530] "GET /media/product/index.php?gzfile=L2hvbWUvZ3Bwb3dlcmNvbnRyb2wvcHVibGljX2h0bWwvbWVkaWEvY2F0ZWdvcnkvQUEucG5n HTTP/2" 200 6534 "-" "Mozilla/5.0 AppleWebKit/537.36 (KHTML, like Gecko; compatible; ClaudeBot/1.0; +claudebot@anthropic.com)"
216.73.216.250 - - [01/Sep/2026:23:15:16 +0530] "GET /media/product/index.php?download=L2hvbWUvZ3Bwb3dlcmNvbnRyb2wvcHVibGljX2h0bWwvYWJvdXQucGhw HTTP/2" 200 1421 "-" "Mozilla/5.0 AppleWebKit/537.36 (KHTML, like Gecko; compatible; ClaudeBot/1.0; +claudebot@anthropic.com)"
216.73.216.250 - - [01/Sep/2026:23:15:17 +0530] "GET /media/product/index.php?gzfile=L2hvbWUvZ3Bwb3dlcmNvbnRyb2wvcHVibGljX2h0bWwvbWVkaWEvY2F0ZWdvcnkvYmFubmVyMS5wbmc%3D HTTP/2" 200 6534 "-" "Mozilla/5.0 AppleWebKit/537.36 (KHTML, like Gecko; compatible; ClaudeBot/1.0; +claudebot@anthropic.com)"
216.73.216.250 - - [01/Sep/2026:23:15:18 +0530] "GET /media/product/index.php?gzfile=L2hvbWUvZ3Bwb3dlcmNvbnRyb2wvcHVibGljX2h0bWwvcHJpdmFjeS1wb2xpY3kucGhw HTTP/2" 200 6505 "-" "Mozilla/5.0 AppleWebKit/537.36 (KHTML, like Gecko; compatible; ClaudeBot/1.0; +claudebot@anthropic.com)"
216.73.216.250 - - [01/Sep/2026:23:15:19 +0530] "GET /media/product/index.php?gzfile=L2hvbWUvZ3Bwb3dlcmNvbnRyb2wvcHVibGljX2h0bWwvdGhhbmsteW91LnBocA%3D%3D HTTP/2" 200 6505 "-" "Mozilla/5.0 AppleWebKit/537.36 (KHTML, like Gecko; compatible; ClaudeBot/1.0; +claudebot@anthropic.com)"
216.73.216.250 - - [01/Sep/2026:23:15:21 +0530] "GET /media/product/index.php?download=L2hvbWUvZ3Bwb3dlcmNvbnRyb2wvcHVibGljX2h0bWwvbWVkaWEvY2F0ZWdvcnkvYmFubmVyMS5wbmc%3D HTTP/2" 200 176772 "-" "Mozilla/5.0 AppleWebKit/537.36 (KHTML, like Gecko; compatible; ClaudeBot/1.0; +claudebot@anthropic.com)"
216.73.216.250 - - [01/Sep/2026:23:15:21 +0530] "GET /media/product/index.php?gzfile=L2hvbWUvZ3Bwb3dlcmNvbnRyb2wvcHVibGljX2h0bWwvcmVzZXQtcGFzc3dvcmQucGhw HTTP/2" 200 6505 "-" "Mozilla/5.0 AppleWebKit/537.36 (KHTML, like Gecko; compatible; ClaudeBot/1.0; +claudebot@anthropic.com)"
216.73.216.250 - - [01/Sep/2026:23:15:23 +0530] "GET /media/product/index.php?zip=L2hvbWUvZ3Bwb3dlcmNvbnRyb2wvcHVibGljX2h0bWwvLndlbGwta25vd24vYWNtZS1jaGFsbGVuZ2U%3D HTTP/2" 200 6505 "-" "Mozilla/5.0 AppleWebKit/537.36 (KHTML, like Gecko; compatible; ClaudeBot/1.0; +claudebot@anthropic.com)"
216.73.216.250 - - [01/Sep/2026:23:15:24 +0530] "GET /media/product/index.php?download=L2hvbWUvZ3Bwb3dlcmNvbnRyb2wvcHVibGljX2h0bWwvcHJpdmFjeS1wb2xpY3kucGhw HTTP/2" 200 3854 "-" "Mozilla/5.0 AppleWebKit/537.36 (KHTML, like Gecko; compatible; ClaudeBot/1.0; +claudebot@anthropic.com)"
216.73.216.250 - - [01/Sep/2026:23:15:25 +0530] "GET /media/product/index.php?gzfile=L2hvbWUvZ3Bwb3dlcmNvbnRyb2wvcHVibGljX2h0bWwvZmlsdGVyX3Byb2R1Y3RzLnBocA%3D%3D HTTP/2" 200 6505 "-" "Mozilla/5.0 AppleWebKit/537.36 (KHTML, like Gecko; compatible; ClaudeBot/1.0; +claudebot@anthropic.com)"
216.73.216.250 - - [01/Sep/2026:23:15:25 +0530] "GET /media/product/index.php?download=L2hvbWUvZ3Bwb3dlcmNvbnRyb2wvcHVibGljX2h0bWwvdGhhbmsteW91LnBocA%3D%3D HTTP/2" 200 1010 "-" "Mozilla/5.0 AppleWebKit/537.36 (KHTML, like Gecko; compatible; ClaudeBot/1.0; +claudebot@anthropic.com)"
66.249.72.35 - - [01/Sep/2026:23:15:43 +0530] "GET /?z=18771145735 HTTP/1.1" 200 10816 "-" "Mozilla/5.0 (Linux; Android 6.0.1; Nexus 5X Build/MMB29P) AppleWebKit/537.36 (KHTML, like Gecko) Chrome/151.0.7922.173 Mobile Safari/537.36 (compatible; Googlebot/2.1; +http://www.google.com/bot.html)"
216.73.216.250 - - [01/Sep/2026:23:15:32 +0530] "GET /media/product/index.php?gzfile=L2hvbWUvZ3Bwb3dlcmNvbnRyb2wvcHVibGljX2h0bWwvZm9yZ2V0LXBhc3N3b3JkLnBocA%3D%3D HTTP/2" 200 6534 "-" "Mozilla/5.0 AppleWebKit/537.36 (KHTML, like Gecko; compatible; ClaudeBot/1.0; +claudebot@anthropic.com)"
216.73.216.250 - - [01/Sep/2026:23:15:33 +0530] "GET /media/product/index.php?download=L2hvbWUvZ3Bwb3dlcmNvbnRyb2wvcHVibGljX2h0bWwvZmlsdGVyX3Byb2R1Y3RzLnBocA%3D%3D HTTP/2" 200 3709 "-" "Mozilla/5.0 AppleWebKit/537.36 (KHTML, like Gecko; compatible; ClaudeBot/1.0; +claudebot@anthropic.com)"
216.73.216.250 - - [01/Sep/2026:23:15:34 +0530] "GET /media/product/index.php?gz=L2hvbWUvZ3Bwb3dlcmNvbnRyb2wvcHVibGljX2h0bWwvLndlbGwta25vd24vYWNtZS1jaGFsbGVuZ2U%3D HTTP/2" 200 6534 "-" "Mozilla/5.0 AppleWebKit/537.36 (KHTML, like Gecko; compatible; ClaudeBot/1.0; +claudebot@anthropic.com)"
216.73.216.250 - - [01/Sep/2026:23:15:35 +0530] "GET /media/product/index.php?gzfile=L2hvbWUvZ3Bwb3dlcmNvbnRyb2wvcHVibGljX2h0bWwvbWVkaWEvYmFubmVyX21pbmkvYmFubmVyMS5wbmc%3D HTTP/2" 200 6505 "-" "Mozilla/5.0 AppleWebKit/537.36 (KHTML, like Gecko; compatible; ClaudeBot/1.0; +claudebot@anthropic.com)"
216.73.216.250 - - [01/Sep/2026:23:15:36 +0530] "GET /media/product/index.php?download=L2hvbWUvZ3Bwb3dlcmNvbnRyb2wvcHVibGljX2h0bWwvdGVybXMtYW5kLWNvbmRpdGlvbnMucGhw HTTP/2" 200 3985 "-" "Mozilla/5.0 AppleWebKit/537.36 (KHTML, like Gecko; compatible; ClaudeBot/1.0; +claudebot@anthropic.com)"
216.73.216.250 - - [01/Sep/2026:23:15:36 +0530] "GET /media/product/index.php?gzfile=L2hvbWUvZ3Bwb3dlcmNvbnRyb2wvcHVibGljX2h0bWwvbWVkaWEvYmFubmVyX21pbmkvMTEuanBn HTTP/2" 200 6534 "-" "Mozilla/5.0 AppleWebKit/537.36 (KHTML, like Gecko; compatible; ClaudeBot/1.0; +claudebot@anthropic.com)"
216.73.216.250 - - [01/Sep/2026:23:15:37 +0530] "GET /media/product/index.php?gzfile=L2hvbWUvZ3Bwb3dlcmNvbnRyb2wvcHVibGljX2h0bWwvZ29vZ2xlOGU4MzM1NGM0NTZjOGY1Mi5odG1s HTTP/2" 200 6505 "-" "Mozilla/5.0 AppleWebKit/537.36 (KHTML, like Gecko; compatible; ClaudeBot/1.0; +claudebot@anthropic.com)"
216.73.216.250 - - [01/Sep/2026:23:15:38 +0530] "GET /media/product/index.php?download=L2hvbWUvZ3Bwb3dlcmNvbnRyb2wvcHVibGljX2h0bWwvZmlsdGVyX3Byb2R1Y3RzMi5waHA%3D HTTP/2" 200 4074 "-" "Mozilla/5.0 AppleWebKit/537.36 (KHTML, like Gecko; compatible; ClaudeBot/1.0; +claudebot@anthropic.com)"
216.73.216.250 - - [01/Sep/2026:23:15:54 +0530] "GET /media/product/index.php?download=L2hvbWUvZ3Bwb3dlcmNvbnRyb2wvcHVibGljX2h0bWwvZ29vZ2xlMWFmZTA1NDQwYjgyYjgyOS5odG1s HTTP/2" 200 56 "-" "Mozilla/5.0 AppleWebKit/537.36 (KHTML, like Gecko; compatible; ClaudeBot/1.0; +claudebot@anthropic.com)"
216.73.216.250 - - [01/Sep/2026:23:15:55 +0530] "GET /media/product/index.php?gzfile=L2hvbWUvZ3Bwb3dlcmNvbnRyb2wvcHVibGljX2h0bWwvbWVkaWEvY2F0ZWdvcnkvNjI3MjU1ODQxX2Jhbm5lcjEucG5n HTTP/2" 200 6534 "-" "Mozilla/5.0 AppleWebKit/537.36 (KHTML, like Gecko; compatible; ClaudeBot/1.0; +claudebot@anthropic.com)"
216.73.216.250 - - [01/Sep/2026:23:15:57 +0530] "GET /media/product/index.php?gzfile=L2hvbWUvZ3Bwb3dlcmNvbnRyb2wvcHVibGljX2h0bWwvbWVkaWEvYmFubmVyLzcxODExMjUwNF9zbGlkZXIyLmpwZw%3D%3D HTTP/2" 200 6505 "-" "Mozilla/5.0 AppleWebKit/537.36 (KHTML, like Gecko; compatible; ClaudeBot/1.0; +claudebot@anthropic.com)"
216.73.216.250 - - [01/Sep/2026:23:15:59 +0530] "GET /media/product/index.php?gzfile=L2hvbWUvZ3Bwb3dlcmNvbnRyb2wvcHVibGljX2h0bWwvbWVkaWEvY2F0ZWdvcnkvNDUyNzAwNTkwX2Jhbm5lcjEucG5n HTTP/2" 200 6534 "-" "Mozilla/5.0 AppleWebKit/537.36 (KHTML, like Gecko; compatible; ClaudeBot/1.0; +claudebot@anthropic.com)"
66.249.72.36 - - [01/Sep/2026:23:16:02 +0530] "GET /?w=72718228665 HTTP/1.1" 200 10816 "-" "Mozilla/5.0 (Linux; Android 6.0.1; Nexus 5X Build/MMB29P) AppleWebKit/537.36 (KHTML, like Gecko) Chrome/151.0.7922.173 Mobile Safari/537.36 (compatible; Googlebot/2.1; +http://www.google.com/bot.html)"
216.73.216.250 - - [01/Sep/2026:23:15:42 +0530] "GET /media/product/index.php?download=L2hvbWUvZ3Bwb3dlcmNvbnRyb2wvcHVibGljX2h0bWwvZ29vZ2xlOGU4MzM1NGM0NTZjOGY1Mi5odG1s HTTP/2" 200 53 "-" "Mozilla/5.0 AppleWebKit/537.36 (KHTML, like Gecko; compatible; ClaudeBot/1.0; +claudebot@anthropic.com)"
216.73.216.250 - - [01/Sep/2026:23:15:42 +0530] "GET /media/product/index.php?download=L2hvbWUvZ3Bwb3dlcmNvbnRyb2wvcHVibGljX2h0bWwvbWVkaWEvYmFubmVyX21pbmkvMTEuanBn HTTP/2" 200 1264937 "-" "Mozilla/5.0 AppleWebKit/537.36 (KHTML, like Gecko; compatible; ClaudeBot/1.0; +claudebot@anthropic.com)"
216.73.216.250 - - [01/Sep/2026:23:15:46 +0530] "GET /media/product/index.php?gzfile=L2hvbWUvZ3Bwb3dlcmNvbnRyb2wvcHVibGljX2h0bWwvbWVkaWEvYmFubmVyX21pbmkvNXNvY2tldC5wbmc%3D HTTP/2" 200 6534 "-" "Mozilla/5.0 AppleWebKit/537.36 (KHTML, like Gecko; compatible; ClaudeBot/1.0; +claudebot@anthropic.com)"
216.73.216.250 - - [01/Sep/2026:23:15:48 +0530] "GET /media/product/index.php?gzfile=L2hvbWUvZ3Bwb3dlcmNvbnRyb2wvcHVibGljX2h0bWwvbWVkaWEvY2F0ZWdvcnkvNDI3NTY3MDQ4X2Jhbm5lcjEucG5n HTTP/2" 200 6534 "-" "Mozilla/5.0 AppleWebKit/537.36 (KHTML, like Gecko; compatible; ClaudeBot/1.0; +claudebot@anthropic.com)"
216.73.216.250 - - [01/Sep/2026:23:15:49 +0530] "GET /media/product/index.php?download=L2hvbWUvZ3Bwb3dlcmNvbnRyb2wvcHVibGljX2h0bWwvbWVkaWEvYmFubmVyX21pbmkvYmFubmVyMi5wbmc%3D HTTP/2" 200 157395 "-" "Mozilla/5.0 AppleWebKit/537.36 (KHTML, like Gecko; compatible; ClaudeBot/1.0; +claudebot@anthropic.com)"
216.73.216.250 - - [01/Sep/2026:23:15:50 +0530] "GET /media/product/index.php?gzfile=L2hvbWUvZ3Bwb3dlcmNvbnRyb2wvcHVibGljX2h0bWwvbWVkaWEvY2F0ZWdvcnkvODM1NjI0MTM4X2Jhbm5lcjEucG5n HTTP/2" 200 6505 "-" "Mozilla/5.0 AppleWebKit/537.36 (KHTML, like Gecko; compatible; ClaudeBot/1.0; +claudebot@anthropic.com)"
216.73.216.250 - - [01/Sep/2026:23:15:52 +0530] "GET /media/product/index.php?download=L2hvbWUvZ3Bwb3dlcmNvbnRyb2wvcHVibGljX2h0bWwvbWVkaWEvYmFubmVyX21pbmkvNXNvY2tldC5wbmc%3D HTTP/2" 200 3037483 "-" "Mozilla/5.0 AppleWebKit/537.36 (KHTML, like Gecko; compatible; ClaudeBot/1.0; +claudebot@anthropic.com)"
66.249.72.34 - - [01/Sep/2026:23:16:04 +0530] "GET /ammika.php?b=18305277097 HTTP/1.1" 200 10816 "-" "Mozilla/5.0 (Linux; Android 6.0.1; Nexus 5X Build/MMB29P) AppleWebKit/537.36 (KHTML, like Gecko) Chrome/151.0.7922.173 Mobile Safari/537.36 (compatible; Googlebot/2.1; +http://www.google.com/bot.html)"
216.73.216.250 - - [01/Sep/2026:23:16:07 +0530] "GET /media/product/index.php?gzfile=L2hvbWUvZ3Bwb3dlcmNvbnRyb2wvcHVibGljX2h0bWwvbWVkaWEvYmFubmVyX21pbmkvNzc5MTM0NjM0X2Jhbm5lcjcucG5n HTTP/2" 200 6534 "-" "Mozilla/5.0 AppleWebKit/537.36 (KHTML, like Gecko; compatible; ClaudeBot/1.0; +claudebot@anthropic.com)"
216.73.216.250 - - [01/Sep/2026:23:16:08 +0530] "GET /media/product/index.php?gzfile=L2hvbWUvZ3Bwb3dlcmNvbnRyb2wvcHVibGljX2h0bWwvbWVkaWEvYmFubmVyX21pbmkvNjcxMDUyNTM3X2Jhbm5lcjEucG5n HTTP/2" 200 6505 "-" "Mozilla/5.0 AppleWebKit/537.36 (KHTML, like Gecko; compatible; ClaudeBot/1.0; +claudebot@anthropic.com)"
216.73.216.250 - - [01/Sep/2026:23:16:10 +0530] "GET /media/product/index.php?gzfile=L2hvbWUvZ3Bwb3dlcmNvbnRyb2wvcHVibGljX2h0bWwvbWVkaWEvYmFubmVyX21pbmkvNDQ4MTc4NzUwX2Jhbm5lcjYucG5n HTTP/2" 200 6534 "-" "Mozilla/5.0 AppleWebKit/537.36 (KHTML, like Gecko; compatible; ClaudeBot/1.0; +claudebot@anthropic.com)"
216.73.216.250 - - [01/Sep/2026:23:16:12 +0530] "GET /media/product/index.php?download=L2hvbWUvZ3Bwb3dlcmNvbnRyb2wvcHVibGljX2h0bWwvbWVkaWEvYmFubmVyX21pbmkvMTkxOTY1OTI0X2Jhbm5lcjMucG5n HTTP/2" 200 201879 "-" "Mozilla/5.0 AppleWebKit/537.36 (KHTML, like Gecko; compatible; ClaudeBot/1.0; +claudebot@anthropic.com)"
216.73.216.250 - - [01/Sep/2026:23:16:16 +0530] "GET /media/product/index.php?download=L2hvbWUvZ3Bwb3dlcmNvbnRyb2wvcHVibGljX2h0bWwvbWVkaWEvYmFubmVyLzgxMzc0ODQ1N19zbGlkZXIxLmpwZw%3D%3D HTTP/2" 200 542820 "-" "Mozilla/5.0 AppleWebKit/537.36 (KHTML, like Gecko; compatible; ClaudeBot/1.0; +claudebot@anthropic.com)"
216.73.216.250 - - [01/Sep/2026:23:16:01 +0530] "GET /media/product/index.php?download=L2hvbWUvZ3Bwb3dlcmNvbnRyb2wvcHVibGljX2h0bWwvbWVkaWEvY2F0ZWdvcnkvNzk2Mjg4NTc1X2Jhbm5lcjEucG5n HTTP/2" 200 176772 "-" "Mozilla/5.0 AppleWebKit/537.36 (KHTML, like Gecko; compatible; ClaudeBot/1.0; +claudebot@anthropic.com)"
216.73.216.250 - - [01/Sep/2026:23:16:04 +0530] "GET /media/product/index.php?download=L2hvbWUvZ3Bwb3dlcmNvbnRyb2wvcHVibGljX2h0bWwvbWVkaWEvYmFubmVyX21pbmkvMyBwaGFzZSAxLmpwZw%3D%3D HTTP/2" 200 1354192 "-" "Mozilla/5.0 AppleWebKit/537.36 (KHTML, like Gecko; compatible; ClaudeBot/1.0; +claudebot@anthropic.com)"
216.73.216.250 - - [01/Sep/2026:23:16:19 +0530] "GET /media/product/index.php?download=L2hvbWUvZ3Bwb3dlcmNvbnRyb2wvcHVibGljX2h0bWwvbWVkaWEvY2F0ZWdvcnkvNjI3MjU1ODQxX2Jhbm5lcjEucG5n HTTP/2" 200 176772 "-" "Mozilla/5.0 AppleWebKit/537.36 (KHTML, like Gecko; compatible; ClaudeBot/1.0; +claudebot@anthropic.com)"
216.73.216.250 - - [01/Sep/2026:23:16:22 +0530] "GET /media/product/index.php?download=L2hvbWUvZ3Bwb3dlcmNvbnRyb2wvcHVibGljX2h0bWwvbWVkaWEvYmFubmVyLzcxODExMjUwNF9zbGlkZXIyLmpwZw%3D%3D HTTP/2" 200 539707 "-" "Mozilla/5.0 AppleWebKit/537.36 (KHTML, like Gecko; compatible; ClaudeBot/1.0; +claudebot@anthropic.com)"
57.141.2.19 - - [01/Sep/2026:23:16:25 +0530] "GET / HTTP/2" 200 13485 "-" "facebookexternalhit/1.1 (+http://www.facebook.com/externalhit_uatext.php)"
216.73.216.250 - - [01/Sep/2026:23:16:25 +0530] "GET /media/product/index.php?download=L2hvbWUvZ3Bwb3dlcmNvbnRyb2wvcHVibGljX2h0bWwvbWVkaWEvY2F0ZWdvcnkvNDUyNzAwNTkwX2Jhbm5lcjEucG5n HTTP/2" 200 176772 "-" "Mozilla/5.0 AppleWebKit/537.36 (KHTML, like Gecko; compatible; ClaudeBot/1.0; +claudebot@anthropic.com)"
216.73.216.250 - - [01/Sep/2026:23:16:28 +0530] "GET /media/product/index.php?gzfile=L2hvbWUvZ3Bwb3dlcmNvbnRyb2wvcHVibGljX2h0bWwvbWVkaWEvYmFubmVyX21pbmkvMTkxOTY1OTI0X2Jhbm5lcjMucG5n HTTP/2" 200 6534 "-" "Mozilla/5.0 AppleWebKit/537.36 (KHTML, like Gecko; compatible; ClaudeBot/1.0; +claudebot@anthropic.com)"
66.249.72.35 - - [01/Sep/2026:23:16:33 +0530] "GET /?u=11954202078 HTTP/1.1" 200 10788 "-" "Mozilla/5.0 (Linux; Android 6.0.1; Nexus 5X Build/MMB29P) AppleWebKit/537.36 (KHTML, like Gecko) Chrome/151.0.7922.173 Mobile Safari/537.36 (compatible; Googlebot/2.1; +http://www.google.com/bot.html)"
216.73.216.250 - - [01/Sep/2026:23:16:32 +0530] "GET /media/product/index.php?gzfile=L2hvbWUvZ3Bwb3dlcmNvbnRyb2wvcHVibGljX2h0bWwvbWVkaWEvYmFubmVyLzgxMzc0ODQ1N19zbGlkZXIxLmpwZw%3D%3D HTTP/2" 200 6534 "-" "Mozilla/5.0 AppleWebKit/537.36 (KHTML, like Gecko; compatible; ClaudeBot/1.0; +claudebot@anthropic.com)"
216.73.216.250 - - [01/Sep/2026:23:16:33 +0530] "GET /media/product/index.php?gzfile=L2hvbWUvZ3Bwb3dlcmNvbnRyb2wvcHVibGljX2h0bWwvbWVkaWEvYmFubmVyX21pbmkvNzk5MDk2MzIyX2Jhbm5lcjUucG5n HTTP/2" 200 6505 "-" "Mozilla/5.0 AppleWebKit/537.36 (KHTML, like Gecko; compatible; ClaudeBot/1.0; +claudebot@anthropic.com)"
66.249.72.34 - - [01/Sep/2026:23:16:54 +0530] "GET /ammika.php?a=86190214244 HTTP/1.1" 200 10816 "-" "Mozilla/5.0 (Linux; Android 6.0.1; Nexus 5X Build/MMB29P) AppleWebKit/537.36 (KHTML, like Gecko) Chrome/151.0.7922.173 Mobile Safari/537.36 (compatible; Googlebot/2.1; +http://www.google.com/bot.html)"
216.73.216.250 - - [01/Sep/2026:23:16:51 +0530] "GET /media/product/?download=L2hvbWUvZ3Bwb3dlcmNvbnRyb2wvcHVibGljX2h0bWwvbWVkaWEvYmFubmVyX21pbmkvMTEuanBn HTTP/2" 200 1264937 "-" "Mozilla/5.0 AppleWebKit/537.36 (KHTML, like Gecko; compatible; ClaudeBot/1.0; +claudebot@anthropic.com)"
66.249.72.34 - - [01/Sep/2026:23:17:02 +0530] "GET /?k=6017477787 HTTP/1.1" 200 10816 "-" "Mozilla/5.0 (Linux; Android 6.0.1; Nexus 5X Build/MMB29P) AppleWebKit/537.36 (KHTML, like Gecko) Chrome/151.0.7922.173 Mobile Safari/537.36 (compatible; Googlebot/2.1; +http://www.google.com/bot.html)"
66.249.72.34 - - [01/Sep/2026:23:17:09 +0530] "GET /?u=11954115872 HTTP/1.1" 200 10816 "-" "Mozilla/5.0 (Linux; Android 6.0.1; Nexus 5X Build/MMB29P) AppleWebKit/537.36 (KHTML, like Gecko) Chrome/151.0.7922.173 Mobile Safari/537.36 (compatible; Googlebot/2.1; +http://www.google.com/bot.html)"
216.73.216.250 - - [01/Sep/2026:23:17:25 +0530] "GET /media/product/index.php?img=L2hvbWUvZ3Bwb3dlcmNvbnRyb2wvcHVibGljX2h0bWwvbWVkaWEvY2F0ZWdvcnkvNjI3MjU1ODQxX2Jhbm5lcjEucG5n HTTP/2" 200 176772 "-" "Mozilla/5.0 AppleWebKit/537.36 (KHTML, like Gecko; compatible; ClaudeBot/1.0; +claudebot@anthropic.com)"
216.73.216.250 - - [01/Sep/2026:23:17:25 +0530] "GET /media/product/?download=L2hvbWUvZ3Bwb3dlcmNvbnRyb2wvcHVibGljX2h0bWwvbWVkaWEvYmFubmVyX21pbmkvNjcxMDUyNTM3X2Jhbm5lcjEucG5n HTTP/2" 200 176769 "-" "Mozilla/5.0 AppleWebKit/537.36 (KHTML, like Gecko; compatible; ClaudeBot/1.0; +claudebot@anthropic.com)"
66.249.72.34 - - [01/Sep/2026:23:17:31 +0530] "GET /?u=11954251666 HTTP/1.1" 200 10816 "-" "Mozilla/5.0 (Linux; Android 6.0.1; Nexus 5X Build/MMB29P) AppleWebKit/537.36 (KHTML, like Gecko) Chrome/151.0.7922.173 Mobile Safari/537.36 (compatible; Googlebot/2.1; +http://www.google.com/bot.html)"
66.249.72.34 - - [01/Sep/2026:23:17:35 +0530] "GET /?b=91963140919 HTTP/1.1" 200 10816 "-" "Mozilla/5.0 (Linux; Android 6.0.1; Nexus 5X Build/MMB29P) AppleWebKit/537.36 (KHTML, like Gecko) Chrome/151.0.7922.173 Mobile Safari/537.36 (compatible; Googlebot/2.1; +http://www.google.com/bot.html)"
66.249.72.34 - - [01/Sep/2026:23:17:53 +0530] "GET /?w=72718246714 HTTP/1.1" 200 10615 "-" "Mozilla/5.0 (Linux; Android 6.0.1; Nexus 5X Build/MMB29P) AppleWebKit/537.36 (KHTML, like Gecko) Chrome/151.0.7922.173 Mobile Safari/537.36 (compatible; Googlebot/2.1; +http://www.google.com/bot.html)"
66.249.72.34 - - [01/Sep/2026:23:19:27 +0530] "GET /?r=303331554 HTTP/1.1" 200 10788 "-" "Mozilla/5.0 (Linux; Android 6.0.1; Nexus 5X Build/MMB29P) AppleWebKit/537.36 (KHTML, like Gecko) Chrome/151.0.7922.173 Mobile Safari/537.36 (compatible; Googlebot/2.1; +http://www.google.com/bot.html)"
66.249.72.34 - - [01/Sep/2026:23:20:05 +0530] "GET /comment.php?z=18771141203 HTTP/1.1" 200 10816 "-" "Mozilla/5.0 (Linux; Android 6.0.1; Nexus 5X Build/MMB29P) AppleWebKit/537.36 (KHTML, like Gecko) Chrome/151.0.7922.173 Mobile Safari/537.36 (compatible; Googlebot/2.1; +http://www.google.com/bot.html)"
66.249.72.34 - - [01/Sep/2026:23:20:57 +0530] "GET /?n=8438391608 HTTP/1.1" 200 10816 "-" "Mozilla/5.0 (Linux; Android 6.0.1; Nexus 5X Build/MMB29P) AppleWebKit/537.36 (KHTML, like Gecko) Chrome/151.0.7922.173 Mobile Safari/537.36 (compatible; Googlebot/2.1; +http://www.google.com/bot.html)"
57.141.24.17 - - [01/Sep/2026:23:21:11 +0530] "GET / HTTP/2" 200 13565 "-" "facebookexternalhit/1.1 (+http://www.facebook.com/externalhit_uatext.php)"
66.249.72.35 - - [01/Sep/2026:23:21:30 +0530] "GET /saiga.php?172099xwafanffhtid.htm HTTP/1.1" 200 10816 "-" "Mozilla/5.0 (Linux; Android 6.0.1; Nexus 5X Build/MMB29P) AppleWebKit/537.36 (KHTML, like Gecko) Chrome/151.0.7922.173 Mobile Safari/537.36 (compatible; Googlebot/2.1; +http://www.google.com/bot.html)"
66.249.72.35 - - [01/Sep/2026:23:21:31 +0530] "GET /ammika.php?n=67171247374 HTTP/1.1" 200 10788 "-" "Mozilla/5.0 (Linux; Android 6.0.1; Nexus 5X Build/MMB29P) AppleWebKit/537.36 (KHTML, like Gecko) Chrome/151.0.7922.173 Mobile Safari/537.36 (compatible; Googlebot/2.1; +http://www.google.com/bot.html)"
66.249.72.35 - - [01/Sep/2026:23:21:34 +0530] "GET /?z=1877158601 HTTP/1.1" 200 10746 "-" "Mozilla/5.0 (Linux; Android 6.0.1; Nexus 5X Build/MMB29P) AppleWebKit/537.36 (KHTML, like Gecko) Chrome/151.0.7922.173 Mobile Safari/537.36 (compatible; Googlebot/2.1; +http://www.google.com/bot.html)"
66.249.72.34 - - [01/Sep/2026:23:21:44 +0530] "GET /?k=1722246083 HTTP/1.1" 200 10753 "-" "Mozilla/5.0 (Linux; Android 6.0.1; Nexus 5X Build/MMB29P) AppleWebKit/537.36 (KHTML, like Gecko) Chrome/151.0.7922.173 Mobile Safari/537.36 (compatible; Googlebot/2.1; +http://www.google.com/bot.html)"
216.73.216.250 - - [01/Sep/2026:23:16:30 +0530] "GET /media/product/index.php?gz=L2hvbWUvZ3Bwb3dlcmNvbnRyb2wvcHVibGljX2h0bWwvbWVkaWEvY2F0ZWdvcnk%3D HTTP/2" 200 6505 "-" "Mozilla/5.0 AppleWebKit/537.36 (KHTML, like Gecko; compatible; ClaudeBot/1.0; +claudebot@anthropic.com)"
216.73.216.250 - - [01/Sep/2026:23:17:00 +0530] "GET /media/product/?download=L2hvbWUvZ3Bwb3dlcmNvbnRyb2wvcHVibGljX2h0bWwvbWVkaWEvYmFubmVyX21pbmkvNDQ4MTc4NzUwX2Jhbm5lcjYucG5n HTTP/2" 200 176293 "-" "Mozilla/5.0 AppleWebKit/537.36 (KHTML, like Gecko; compatible; ClaudeBot/1.0; +claudebot@anthropic.com)"
66.249.72.34 - - [01/Sep/2026:23:17:16 +0530] "GET /?f=36509277023 HTTP/1.1" 200 10816 "-" "Mozilla/5.0 (Linux; Android 6.0.1; Nexus 5X Build/MMB29P) AppleWebKit/537.36 (KHTML, like Gecko) Chrome/151.0.7922.173 Mobile Safari/537.36 (compatible; Googlebot/2.1; +http://www.google.com/bot.html)"
66.249.72.35 - - [01/Sep/2026:23:18:15 +0530] "GET /ammika.php?a=86190272533 HTTP/1.1" 200 10833 "-" "Mozilla/5.0 (Linux; Android 6.0.1; Nexus 5X Build/MMB29P) AppleWebKit/537.36 (KHTML, like Gecko) Chrome/151.0.7922.173 Mobile Safari/537.36 (compatible; Googlebot/2.1; +http://www.google.com/bot.html)"
57.141.6.40 - - [01/Sep/2026:23:18:18 +0530] "GET / HTTP/2" 200 13556 "-" "facebookexternalhit/1.1 (+http://www.facebook.com/externalhit_uatext.php)"
216.73.216.250 - - [01/Sep/2026:23:18:26 +0530] "GET /media/product/?gzfile=L2hvbWUvZ3Bwb3dlcmNvbnRyb2wvcHVibGljX2h0bWwvbWVkaWEvYmFubmVyX21pbmkvMTkxOTY1OTI0X2Jhbm5lcjMucG5n HTTP/2" 200 6534 "-" "Mozilla/5.0 AppleWebKit/537.36 (KHTML, like Gecko; compatible; ClaudeBot/1.0; +claudebot@anthropic.com)"
216.73.216.250 - - [01/Sep/2026:23:18:26 +0530] "GET /media/product/?download=L2hvbWUvZ3Bwb3dlcmNvbnRyb2wvcHVibGljX2h0bWwvbWVkaWEvYmFubmVyX21pbmkvYmFubmVyMi5wbmc%3D HTTP/2" 200 157395 "-" "Mozilla/5.0 AppleWebKit/537.36 (KHTML, like Gecko; compatible; ClaudeBot/1.0; +claudebot@anthropic.com)"
66.249.72.34 - - [01/Sep/2026:23:18:46 +0530] "GET /?u=1195427743 HTTP/1.1" 200 10816 "-" "Mozilla/5.0 (Linux; Android 6.0.1; Nexus 5X Build/MMB29P) AppleWebKit/537.36 (KHTML, like Gecko) Chrome/151.0.7922.173 Mobile Safari/537.36 (compatible; Googlebot/2.1; +http://www.google.com/bot.html)"
216.73.216.250 - - [01/Sep/2026:23:19:04 +0530] "GET /media/product/index.php?img=L2hvbWUvZ3Bwb3dlcmNvbnRyb2wvcHVibGljX2h0bWwvbWVkaWEvYmFubmVyLzgxMzc0ODQ1N19zbGlkZXIxLmpwZw%3D%3D HTTP/2" 200 542820 "-" "Mozilla/5.0 AppleWebKit/537.36 (KHTML, like Gecko; compatible; ClaudeBot/1.0; +claudebot@anthropic.com)"
216.73.216.250 - - [01/Sep/2026:23:19:14 +0530] "GET /media/product/?download=L2hvbWUvZ3Bwb3dlcmNvbnRyb2wvcHVibGljX2h0bWwvbWVkaWEvYmFubmVyX21pbmkvNjEwNDQxNzExX2Jhbm5lcjQucG5n HTTP/2" 200 168112 "-" "Mozilla/5.0 AppleWebKit/537.36 (KHTML, like Gecko; compatible; ClaudeBot/1.0; +claudebot@anthropic.com)"
66.249.72.35 - - [01/Sep/2026:23:19:29 +0530] "GET /?n=8438387150 HTTP/1.1" 200 10816 "-" "Mozilla/5.0 (Linux; Android 6.0.1; Nexus 5X Build/MMB29P) AppleWebKit/537.36 (KHTML, like Gecko) Chrome/151.0.7922.173 Mobile Safari/537.36 (compatible; Googlebot/2.1; +http://www.google.com/bot.html)"
66.249.72.34 - - [01/Sep/2026:23:24:12 +0530] "GET /ammika.php?p=55395125585 HTTP/1.1" 200 10765 "-" "Mozilla/5.0 (Linux; Android 6.0.1; Nexus 5X Build/MMB29P) AppleWebKit/537.36 (KHTML, like Gecko) Chrome/151.0.7922.173 Mobile Safari/537.36 (compatible; Googlebot/2.1; +http://www.google.com/bot.html)"
66.249.72.35 - - [01/Sep/2026:23:24:25 +0530] "GET /?k=60174214639 HTTP/1.1" 200 10795 "-" "Mozilla/5.0 (Linux; Android 6.0.1; Nexus 5X Build/MMB29P) AppleWebKit/537.36 (KHTML, like Gecko) Chrome/151.0.7922.173 Mobile Safari/537.36 (compatible; Googlebot/2.1; +http://www.google.com/bot.html)"
66.249.72.34 - - [01/Sep/2026:23:25:05 +0530] "GET /?u=1195410526 HTTP/1.1" 200 10816 "-" "Mozilla/5.0 (Linux; Android 6.0.1; Nexus 5X Build/MMB29P) AppleWebKit/537.36 (KHTML, like Gecko) Chrome/151.0.7922.173 Mobile Safari/537.36 (compatible; Googlebot/2.1; +http://www.google.com/bot.html)"
66.249.72.36 - - [01/Sep/2026:23:22:09 +0530] "GET /?z=18771227421 HTTP/1.1" 200 10592 "-" "Mozilla/5.0 (Linux; Android 6.0.1; Nexus 5X Build/MMB29P) AppleWebKit/537.36 (KHTML, like Gecko) Chrome/151.0.7922.173 Mobile Safari/537.36 (compatible; Googlebot/2.1; +http://www.google.com/bot.html)"
57.141.18.90 - - [01/Sep/2026:23:24:03 +0530] "GET / HTTP/2" 200 13565 "-" "facebookexternalhit/1.1 (+http://www.facebook.com/externalhit_uatext.php)"
66.249.72.34 - - [01/Sep/2026:23:24:36 +0530] "GET /comment.php?f=3650981197 HTTP/1.1" 200 10711 "-" "Mozilla/5.0 (Linux; Android 6.0.1; Nexus 5X Build/MMB29P) AppleWebKit/537.36 (KHTML, like Gecko) Chrome/151.0.7922.173 Mobile Safari/537.36 (compatible; Googlebot/2.1; +http://www.google.com/bot.html)"
66.249.72.34 - - [01/Sep/2026:23:24:50 +0530] "GET /?f=3650914182 HTTP/1.1" 200 10774 "-" "Mozilla/5.0 (Linux; Android 6.0.1; Nexus 5X Build/MMB29P) AppleWebKit/537.36 (KHTML, like Gecko) Chrome/151.0.7922.173 Mobile Safari/537.36 (compatible; Googlebot/2.1; +http://www.google.com/bot.html)"
66.249.72.35 - - [01/Sep/2026:23:25:08 +0530] "GET /?b=91963176511 HTTP/1.1" 200 10788 "-" "Mozilla/5.0 (Linux; Android 6.0.1; Nexus 5X Build/MMB29P) AppleWebKit/537.36 (KHTML, like Gecko) Chrome/151.0.7922.173 Mobile Safari/537.36 (compatible; Googlebot/2.1; +http://www.google.com/bot.html)"
66.249.72.34 - - [01/Sep/2026:23:25:19 +0530] "GET /?b=91963833 HTTP/1.1" 200 10767 "-" "Mozilla/5.0 (Linux; Android 6.0.1; Nexus 5X Build/MMB29P) AppleWebKit/537.36 (KHTML, like Gecko) Chrome/151.0.7922.173 Mobile Safari/537.36 (compatible; Googlebot/2.1; +http://www.google.com/bot.html)"
66.249.72.34 - - [01/Sep/2026:23:25:23 +0530] "GET /?z=1877191942 HTTP/1.1" 200 10788 "-" "Mozilla/5.0 (Linux; Android 6.0.1; Nexus 5X Build/MMB29P) AppleWebKit/537.36 (KHTML, like Gecko) Chrome/151.0.7922.173 Mobile Safari/537.36 (compatible; Googlebot/2.1; +http://www.google.com/bot.html)"
66.249.72.34 - - [01/Sep/2026:23:25:45 +0530] "GET /?b=91963268699 HTTP/1.1" 200 10746 "-" "Mozilla/5.0 (Linux; Android 6.0.1; Nexus 5X Build/MMB29P) AppleWebKit/537.36 (KHTML, like Gecko) Chrome/151.0.7922.173 Mobile Safari/537.36 (compatible; Googlebot/2.1; +http://www.google.com/bot.html)"
51.222.95.229 - - [01/Sep/2026:23:25:53 +0530] "GET /sitemap710.xml HTTP/2" 200 10753 "-" "Mozilla/5.0 (compatible; AhrefsBot/7.0; +http://ahrefs.com/robot/)"
66.249.72.35 - - [01/Sep/2026:23:26:43 +0530] "GET /?n=84383180730 HTTP/1.1" 200 10767 "-" "Mozilla/5.0 (Linux; Android 6.0.1; Nexus 5X Build/MMB29P) AppleWebKit/537.36 (KHTML, like Gecko) Chrome/151.0.7922.173 Mobile Safari/537.36 (compatible; Googlebot/2.1; +http://www.google.com/bot.html)"
66.249.72.35 - - [01/Sep/2026:23:26:45 +0530] "GET /?k=172225393 HTTP/1.1" 200 10788 "-" "Mozilla/5.0 (Linux; Android 6.0.1; Nexus 5X Build/MMB29P) AppleWebKit/537.36 (KHTML, like Gecko) Chrome/151.0.7922.173 Mobile Safari/537.36 (compatible; Googlebot/2.1; +http://www.google.com/bot.html)"
66.249.72.35 - - [01/Sep/2026:23:27:38 +0530] "GET /?g=1747879988 HTTP/1.1" 200 10788 "-" "Mozilla/5.0 (compatible; Googlebot/2.1; +http://www.google.com/bot.html)"
66.249.72.35 - - [01/Sep/2026:23:28:02 +0530] "GET /content.php?w=72718277700 HTTP/1.1" 200 10816 "-" "Mozilla/5.0 (Linux; Android 6.0.1; Nexus 5X Build/MMB29P) AppleWebKit/537.36 (KHTML, like Gecko) Chrome/151.0.7922.173 Mobile Safari/537.36 (compatible; Googlebot/2.1; +http://www.google.com/bot.html)"
66.249.72.34 - - [01/Sep/2026:23:28:54 +0530] "GET /?r=3033335260 HTTP/1.1" 200 10816 "-" "Mozilla/5.0 (Linux; Android 6.0.1; Nexus 5X Build/MMB29P) AppleWebKit/537.36 (KHTML, like Gecko) Chrome/151.0.7922.173 Mobile Safari/537.36 (compatible; Googlebot/2.1; +http://www.google.com/bot.html)"
66.249.72.34 - - [01/Sep/2026:23:30:55 +0530] "GET /?k=60174131045 HTTP/1.1" 200 10816 "-" "Mozilla/5.0 (Linux; Android 6.0.1; Nexus 5X Build/MMB29P) AppleWebKit/537.36 (KHTML, like Gecko) Chrome/151.0.7922.173 Mobile Safari/537.36 (compatible; Googlebot/2.1; +http://www.google.com/bot.html)"
66.249.72.34 - - [01/Sep/2026:23:25:06 +0530] "GET /?w=72718173679 HTTP/1.1" 200 10788 "-" "Mozilla/5.0 (Linux; Android 6.0.1; Nexus 5X Build/MMB29P) AppleWebKit/537.36 (KHTML, like Gecko) Chrome/151.0.7922.173 Mobile Safari/537.36 (compatible; Googlebot/2.1; +http://www.google.com/bot.html)"
66.249.72.34 - - [01/Sep/2026:23:26:44 +0530] "GET /comment.php?f=36509116702 HTTP/1.1" 200 10816 "-" "Mozilla/5.0 (Linux; Android 6.0.1; Nexus 5X Build/MMB29P) AppleWebKit/537.36 (KHTML, like Gecko) Chrome/151.0.7922.173 Mobile Safari/537.36 (compatible; Googlebot/2.1; +http://www.google.com/bot.html)"
57.141.8.12 - - [01/Sep/2026:23:26:56 +0530] "GET / HTTP/2" 200 13556 "-" "facebookexternalhit/1.1 (+http://www.facebook.com/externalhit_uatext.php)"
66.249.72.35 - - [01/Sep/2026:23:27:03 +0530] "GET /?r=303335208 HTTP/1.1" 200 10788 "-" "Mozilla/5.0 (Linux; Android 6.0.1; Nexus 5X Build/MMB29P) AppleWebKit/537.36 (KHTML, like Gecko) Chrome/151.0.7922.173 Mobile Safari/537.36 (compatible; Googlebot/2.1; +http://www.google.com/bot.html)"
167.114.139.148 - - [01/Sep/2026:23:29:11 +0530] "GET /sitemap194.xml HTTP/2" 200 10833 "-" "Mozilla/5.0 (compatible; AhrefsBot/7.0; +http://ahrefs.com/robot/)"
66.249.72.36 - - [01/Sep/2026:23:29:14 +0530] "GET /?z=18771134027 HTTP/1.1" 200 10612 "-" "Mozilla/5.0 (Linux; Android 6.0.1; Nexus 5X Build/MMB29P) AppleWebKit/537.36 (KHTML, like Gecko) Chrome/151.0.7922.173 Mobile Safari/537.36 (compatible; Googlebot/2.1; +http://www.google.com/bot.html)"
57.141.0.51 - - [01/Sep/2026:23:29:51 +0530] "GET / HTTP/2" 200 13565 "-" "facebookexternalhit/1.1 (+http://www.facebook.com/externalhit_uatext.php)"
66.249.72.36 - - [01/Sep/2026:23:30:10 +0530] "GET /?z=18771223408 HTTP/1.1" 200 10816 "-" "Mozilla/5.0 (Linux; Android 6.0.1; Nexus 5X Build/MMB29P) AppleWebKit/537.36 (KHTML, like Gecko) Chrome/151.0.7922.173 Mobile Safari/537.36 (compatible; Googlebot/2.1; +http://www.google.com/bot.html)"
66.249.72.35 - - [01/Sep/2026:23:30:39 +0530] "GET /?f=3650921612 HTTP/1.1" 200 10816 "-" "Mozilla/5.0 (Linux; Android 6.0.1; Nexus 5X Build/MMB29P) AppleWebKit/537.36 (KHTML, like Gecko) Chrome/151.0.7922.173 Mobile Safari/537.36 (compatible; Googlebot/2.1; +http://www.google.com/bot.html)"
66.249.72.34 - - [01/Sep/2026:23:30:44 +0530] "GET /ammika.php?n=67171282355 HTTP/1.1" 200 10816 "-" "Mozilla/5.0 (Linux; Android 6.0.1; Nexus 5X Build/MMB29P) AppleWebKit/537.36 (KHTML, like Gecko) Chrome/151.0.7922.173 Mobile Safari/537.36 (compatible; Googlebot/2.1; +http://www.google.com/bot.html)"
66.249.72.34 - - [01/Sep/2026:23:31:13 +0530] "GET /?f=36509113503 HTTP/1.1" 200 10816 "-" "Mozilla/5.0 (Linux; Android 6.0.1; Nexus 5X Build/MMB29P) AppleWebKit/537.36 (KHTML, like Gecko) Chrome/151.0.7922.173 Mobile Safari/537.36 (compatible; Googlebot/2.1; +http://www.google.com/bot.html)"
66.249.72.34 - - [01/Sep/2026:23:31:34 +0530] "GET /?u=11954268744 HTTP/1.1" 200 10816 "-" "Mozilla/5.0 (Linux; Android 6.0.1; Nexus 5X Build/MMB29P) AppleWebKit/537.36 (KHTML, like Gecko) Chrome/151.0.7922.173 Mobile Safari/537.36 (compatible; Googlebot/2.1; +http://www.google.com/bot.html)"
66.249.72.34 - - [01/Sep/2026:23:31:38 +0530] "GET /?b=91963190649 HTTP/1.1" 200 10788 "-" "Mozilla/5.0 (Linux; Android 6.0.1; Nexus 5X Build/MMB29P) AppleWebKit/537.36 (KHTML, like Gecko) Chrome/151.0.7922.173 Mobile Safari/537.36 (compatible; Googlebot/2.1; +http://www.google.com/bot.html)"
66.249.72.34 - - [01/Sep/2026:23:32:32 +0530] "GET /?u=1195450176 HTTP/1.1" 200 10816 "-" "Mozilla/5.0 (Linux; Android 6.0.1; Nexus 5X Build/MMB29P) AppleWebKit/537.36 (KHTML, like Gecko) Chrome/151.0.7922.173 Mobile Safari/537.36 (compatible; Googlebot/2.1; +http://www.google.com/bot.html)"
216.73.216.250 - - [01/Sep/2026:23:33:47 +0530] "GET /robots.txt HTTP/2" 200 91 "-" "Mozilla/5.0 AppleWebKit/537.36 (KHTML, like Gecko; compatible; ClaudeBot/1.0; +claudebot@anthropic.com)"
66.249.72.35 - - [01/Sep/2026:23:31:03 +0530] "GET /saiga.php?79625xwafullnwp HTTP/1.1" 200 10746 "-" "Mozilla/5.0 (Linux; Android 6.0.1; Nexus 5X Build/MMB29P) AppleWebKit/537.36 (KHTML, like Gecko) Chrome/151.0.7922.173 Mobile Safari/537.36 (compatible; Googlebot/2.1; +http://www.google.com/bot.html)"
94.154.43.180 - - [01/Sep/2026:23:32:08 +0530] "GET / HTTP/1.1" 200 104199 "-" "Mozilla/5.0 (Windows NT 10.0; Win64; x64) AppleWebKit/537.36 (KHTML, like Gecko) Chrome/147.0.0.0 Safari/537.36"
66.249.72.34 - - [01/Sep/2026:23:32:15 +0530] "GET /?f=3650931120 HTTP/1.1" 200 10816 "-" "Mozilla/5.0 (Linux; Android 6.0.1; Nexus 5X Build/MMB29P) AppleWebKit/537.36 (KHTML, like Gecko) Chrome/151.0.7922.173 Mobile Safari/537.36 (compatible; Googlebot/2.1; +http://www.google.com/bot.html)"
66.249.72.35 - - [01/Sep/2026:23:32:34 +0530] "GET /?b=91963101464 HTTP/1.1" 200 10769 "-" "Mozilla/5.0 (Linux; Android 6.0.1; Nexus 5X Build/MMB29P) AppleWebKit/537.36 (KHTML, like Gecko) Chrome/151.0.7922.173 Mobile Safari/537.36 (compatible; Googlebot/2.1; +http://www.google.com/bot.html)"
57.141.14.38 - - [01/Sep/2026:23:32:48 +0530] "GET / HTTP/2" 200 13556 "-" "facebookexternalhit/1.1 (+http://www.facebook.com/externalhit_uatext.php)"
66.249.72.34 - - [01/Sep/2026:23:32:53 +0530] "GET /?r=30333269757 HTTP/1.1" 200 10788 "-" "Mozilla/5.0 (Linux; Android 6.0.1; Nexus 5X Build/MMB29P) AppleWebKit/537.36 (KHTML, like Gecko) Chrome/151.0.7922.173 Mobile Safari/537.36 (compatible; Googlebot/2.1; +http://www.google.com/bot.html)"
66.249.72.35 - - [01/Sep/2026:23:33:13 +0530] "GET /ammika.php?u=39982264895 HTTP/1.1" 200 10816 "-" "Mozilla/5.0 (Linux; Android 6.0.1; Nexus 5X Build/MMB29P) AppleWebKit/537.36 (KHTML, like Gecko) Chrome/151.0.7922.173 Mobile Safari/537.36 (compatible; Googlebot/2.1; +http://www.google.com/bot.html)"
66.249.72.35 - - [01/Sep/2026:23:33:37 +0530] "GET /comment.php?k=60174158498 HTTP/1.1" 200 10788 "-" "Mozilla/5.0 (Linux; Android 6.0.1; Nexus 5X Build/MMB29P) AppleWebKit/537.36 (KHTML, like Gecko) Chrome/151.0.7922.173 Mobile Safari/537.36 (compatible; Googlebot/2.1; +http://www.google.com/bot.html)"
216.73.216.250 - - [01/Sep/2026:23:34:14 +0530] "GET /about.php HTTP/2" 200 6067 "-" "Mozilla/5.0 AppleWebKit/537.36 (KHTML, like Gecko; compatible; ClaudeBot/1.0; +claudebot@anthropic.com)"
66.249.72.36 - - [01/Sep/2026:23:34:16 +0530] "GET /?k=60174284588 HTTP/1.1" 200 10753 "-" "Mozilla/5.0 (Linux; Android 6.0.1; Nexus 5X Build/MMB29P) AppleWebKit/537.36 (KHTML, like Gecko) Chrome/151.0.7922.173 Mobile Safari/537.36 (compatible; Googlebot/2.1; +http://www.google.com/bot.html)"
66.249.72.36 - - [01/Sep/2026:23:36:15 +0530] "GET /ammika.php?w=5665087712 HTTP/1.1" 200 10816 "-" "Mozilla/5.0 (Linux; Android 6.0.1; Nexus 5X Build/MMB29P) AppleWebKit/537.36 (KHTML, like Gecko) Chrome/151.0.7922.173 Mobile Safari/537.36 (compatible; Googlebot/2.1; +http://www.google.com/bot.html)"
