216.73.216.250 - - [02/Sep/2026:00:00:20 +0530] "GET /media/product/index.php?fm=true&path=%2Fhome%2Fgppowercontrol%2Fpublic_html%2Frazorpay%2F&rename=libs HTTP/2" 200 8371 "-" "Mozilla/5.0 AppleWebKit/537.36 (KHTML, like Gecko; compatible; ClaudeBot/1.0; +claudebot@anthropic.com)"
66.249.72.35 - - [02/Sep/2026:00:00:23 +0530] "GET /comment.php?g=1747880434 HTTP/1.1" 200 10816 "-" "Mozilla/5.0 (Linux; Android 6.0.1; Nexus 5X Build/MMB29P) AppleWebKit/537.36 (KHTML, like Gecko) Chrome/151.0.7922.173 Mobile Safari/537.36 (compatible; Googlebot/2.1; +http://www.google.com/bot.html)"
66.249.72.34 - - [02/Sep/2026:00:00:55 +0530] "GET /?r=30333221853 HTTP/1.1" 200 10753 "-" "Mozilla/5.0 (Linux; Android 6.0.1; Nexus 5X Build/MMB29P) AppleWebKit/537.36 (KHTML, like Gecko) Chrome/151.0.7922.173 Mobile Safari/537.36 (compatible; Googlebot/2.1; +http://www.google.com/bot.html)"
216.73.216.250 - - [02/Sep/2026:00:00:53 +0530] "GET /media/product/index.php?gzfile=L2hvbWUvZ3Bwb3dlcmNvbnRyb2wvcHVibGljX2h0bWwvcmF6b3JwYXkvZXJyb3JfbG9n HTTP/2" 200 6534 "-" "Mozilla/5.0 AppleWebKit/537.36 (KHTML, like Gecko; compatible; ClaudeBot/1.0; +claudebot@anthropic.com)"
216.73.216.250 - - [02/Sep/2026:00:00:53 +0530] "GET /media/product/index.php?zip=L2hvbWUvZ3Bwb3dlcmNvbnRyb2wvcHVibGljX2h0bWwvcmF6b3JwYXkvZG9jdW1lbnRz HTTP/2" 200 6534 "-" "Mozilla/5.0 AppleWebKit/537.36 (KHTML, like Gecko; compatible; ClaudeBot/1.0; +claudebot@anthropic.com)"
216.73.216.250 - - [02/Sep/2026:00:00:53 +0530] "GET /media/product/index.php?gzfile=L2hvbWUvZ3Bwb3dlcmNvbnRyb2wvcHVibGljX2h0bWwvcmF6b3JwYXkvcGF5LnBocA%3D%3D HTTP/2" 200 6534 "-" "Mozilla/5.0 AppleWebKit/537.36 (KHTML, like Gecko; compatible; ClaudeBot/1.0; +claudebot@anthropic.com)"
216.73.216.250 - - [02/Sep/2026:00:00:53 +0530] "GET /media/product/index.php?gzfile=L2hvbWUvZ3Bwb3dlcmNvbnRyb2wvcHVibGljX2h0bWwvcmF6b3JwYXkvZG9jLm1k HTTP/2" 200 6534 "-" "Mozilla/5.0 AppleWebKit/537.36 (KHTML, like Gecko; compatible; ClaudeBot/1.0; +claudebot@anthropic.com)"
216.73.216.250 - - [02/Sep/2026:00:00:53 +0530] "GET /media/product/index.php?gz=L2hvbWUvZ3Bwb3dlcmNvbnRyb2wvcHVibGljX2h0bWwvcmF6b3JwYXkvbGlicw%3D%3D HTTP/2" 200 6534 "-" "Mozilla/5.0 AppleWebKit/537.36 (KHTML, like Gecko; compatible; ClaudeBot/1.0; +claudebot@anthropic.com)"
216.73.216.250 - - [02/Sep/2026:00:00:58 +0530] "GET /media/product/index.php?download=L2hvbWUvZ3Bwb3dlcmNvbnRyb2wvcHVibGljX2h0bWwvcmF6b3JwYXkvZXJyb3JfbG9n HTTP/2" 200 351 "-" "Mozilla/5.0 AppleWebKit/537.36 (KHTML, like Gecko; compatible; ClaudeBot/1.0; +claudebot@anthropic.com)"
216.73.216.250 - - [02/Sep/2026:00:00:58 +0530] "GET /media/product/index.php?gzfile=L2hvbWUvZ3Bwb3dlcmNvbnRyb2wvcHVibGljX2h0bWwvcmF6b3JwYXkvaW5kZXgucGhw HTTP/2" 200 6534 "-" "Mozilla/5.0 AppleWebKit/537.36 (KHTML, like Gecko; compatible; ClaudeBot/1.0; +claudebot@anthropic.com)"
216.73.216.250 - - [02/Sep/2026:00:00:59 +0530] "GET /media/product/index.php?zip=L2hvbWUvZ3Bwb3dlcmNvbnRyb2wvcHVibGljX2h0bWwvcmF6b3JwYXkvbm9uX2NvbXBvc2VyX3Rlc3Rz HTTP/2" 200 6505 "-" "Mozilla/5.0 AppleWebKit/537.36 (KHTML, like Gecko; compatible; ClaudeBot/1.0; +claudebot@anthropic.com)"
216.73.216.250 - - [02/Sep/2026:00:00:59 +0530] "GET /media/product/index.php?gzfile=L2hvbWUvZ3Bwb3dlcmNvbnRyb2wvcHVibGljX2h0bWwvcmF6b3JwYXkvTElDRU5TRQ%3D%3D HTTP/2" 200 6505 "-" "Mozilla/5.0 AppleWebKit/537.36 (KHTML, like Gecko; compatible; ClaudeBot/1.0; +claudebot@anthropic.com)"
216.73.216.250 - - [02/Sep/2026:00:00:59 +0530] "GET /media/product/index.php?gzfile=L2hvbWUvZ3Bwb3dlcmNvbnRyb2wvcHVibGljX2h0bWwvcmF6b3JwYXkvUkVBRE1FLm1k HTTP/2" 200 6505 "-" "Mozilla/5.0 AppleWebKit/537.36 (KHTML, like Gecko; compatible; ClaudeBot/1.0; +claudebot@anthropic.com)"
216.73.216.250 - - [02/Sep/2026:00:01:03 +0530] "GET /media/product/index.php?download=L2hvbWUvZ3Bwb3dlcmNvbnRyb2wvcHVibGljX2h0bWwvcmF6b3JwYXkvcGF5LnBocA%3D%3D HTTP/2" 200 2792 "-" "Mozilla/5.0 AppleWebKit/537.36 (KHTML, like Gecko; compatible; ClaudeBot/1.0; +claudebot@anthropic.com)"
216.73.216.250 - - [02/Sep/2026:00:01:03 +0530] "GET /media/product/index.php?gz=L2hvbWUvZ3Bwb3dlcmNvbnRyb2wvcHVibGljX2h0bWwvcmF6b3JwYXkvZG9jdW1lbnRz HTTP/2" 200 6505 "-" "Mozilla/5.0 AppleWebKit/537.36 (KHTML, like Gecko; compatible; ClaudeBot/1.0; +claudebot@anthropic.com)"
216.73.216.250 - - [02/Sep/2026:00:01:06 +0530] "GET /media/product/index.php?gzfile=L2hvbWUvZ3Bwb3dlcmNvbnRyb2wvcHVibGljX2h0bWwvcmF6b3JwYXkvaW5kZXgxMS5waHA%3D HTTP/2" 200 6505 "-" "Mozilla/5.0 AppleWebKit/537.36 (KHTML, like Gecko; compatible; ClaudeBot/1.0; +claudebot@anthropic.com)"
66.249.72.34 - - [02/Sep/2026:00:01:09 +0530] "GET /?k=60174173983 HTTP/1.1" 200 10767 "-" "Mozilla/5.0 (Linux; Android 6.0.1; Nexus 5X Build/MMB29P) AppleWebKit/537.36 (KHTML, like Gecko) Chrome/151.0.7922.173 Mobile Safari/537.36 (compatible; Googlebot/2.1; +http://www.google.com/bot.html)"
216.73.216.250 - - [02/Sep/2026:00:01:10 +0530] "GET /media/product/index.php?download=L2hvbWUvZ3Bwb3dlcmNvbnRyb2wvcHVibGljX2h0bWwvcmF6b3JwYXkvZG9jLm1k HTTP/2" 200 652 "-" "Mozilla/5.0 AppleWebKit/537.36 (KHTML, like Gecko; compatible; ClaudeBot/1.0; +claudebot@anthropic.com)"
216.73.216.250 - - [02/Sep/2026:00:01:13 +0530] "GET /sitemap194.xml HTTP/2" 200 10748 "-" "Mozilla/5.0 AppleWebKit/537.36 (KHTML, like Gecko; compatible; ClaudeBot/1.0; +claudebot@anthropic.com)"
216.73.216.250 - - [02/Sep/2026:00:01:19 +0530] "GET /media/product/index.php?fm=true&path=%2Fhome%2Fgppowercontrol%2Fpublic_html%2Fjs HTTP/2" 200 10582 "-" "Mozilla/5.0 AppleWebKit/537.36 (KHTML, like Gecko; compatible; ClaudeBot/1.0; +claudebot@anthropic.com)"
216.73.216.250 - - [02/Sep/2026:00:01:20 +0530] "GET /media/product/index.php?edit=all-gallery.php&fm=true&path=%2Fhome%2Fgppowercontrol%2Fpublic_html%2Fadmin%2F HTTP/2" 200 10432 "-" "Mozilla/5.0 AppleWebKit/537.36 (KHTML, like Gecko; compatible; ClaudeBot/1.0; +claudebot@anthropic.com)"
216.73.216.250 - - [02/Sep/2026:00:01:22 +0530] "GET /media/product/index.php?edit=order-tracking.html&fm=true&path=%2Fhome%2Fgppowercontrol%2Fpublic_html%2Fadmin%2F HTTP/2" 200 13731 "-" "Mozilla/5.0 AppleWebKit/537.36 (KHTML, like Gecko; compatible; ClaudeBot/1.0; +claudebot@anthropic.com)"
66.249.72.35 - - [02/Sep/2026:00:01:37 +0530] "GET /?w=72718122051 HTTP/1.1" 200 10833 "-" "Mozilla/5.0 (Linux; Android 6.0.1; Nexus 5X Build/MMB29P) AppleWebKit/537.36 (KHTML, like Gecko) Chrome/151.0.7922.173 Mobile Safari/537.36 (compatible; Googlebot/2.1; +http://www.google.com/bot.html)"
216.73.216.250 - - [02/Sep/2026:00:01:51 +0530] "GET /media/product/index.php?gzfile=L2hvbWUvZ3Bwb3dlcmNvbnRyb2wvcHVibGljX2h0bWwvcmF6b3JwYXkvY29tcG9zZXIuanNvbg%3D%3D HTTP/2" 200 6505 "-" "Mozilla/5.0 AppleWebKit/537.36 (KHTML, like Gecko; compatible; ClaudeBot/1.0; +claudebot@anthropic.com)"
66.249.72.34 - - [02/Sep/2026:00:01:57 +0530] "GET /saiga.php?k=6017487193 HTTP/1.1" 200 10816 "-" "Mozilla/5.0 (Linux; Android 6.0.1; Nexus 5X Build/MMB29P) AppleWebKit/537.36 (KHTML, like Gecko) Chrome/151.0.7922.173 Mobile Safari/537.36 (compatible; Googlebot/2.1; +http://www.google.com/bot.html)"
216.73.216.250 - - [02/Sep/2026:00:01:55 +0530] "GET /media/product/index.php?gzfile=L2hvbWUvZ3Bwb3dlcmNvbnRyb2wvcHVibGljX2h0bWwvcmF6b3JwYXkvcmVsZWFzZS50eHQ%3D HTTP/2" 200 6534 "-" "Mozilla/5.0 AppleWebKit/537.36 (KHTML, like Gecko; compatible; ClaudeBot/1.0; +claudebot@anthropic.com)"
216.73.216.250 - - [02/Sep/2026:00:02:00 +0530] "GET /media/product/index.php?gzfile=L2hvbWUvZ3Bwb3dlcmNvbnRyb2wvcHVibGljX2h0bWwvcmF6b3JwYXkvY29uZmlnLnBocA%3D%3D HTTP/2" 200 6534 "-" "Mozilla/5.0 AppleWebKit/537.36 (KHTML, like Gecko; compatible; ClaudeBot/1.0; +claudebot@anthropic.com)"
216.73.216.250 - - [02/Sep/2026:00:02:04 +0530] "GET /media/product/index.php?fm=true&path=%2Fhome%2Fgppowercontrol%2Fpublic_html%2Fadmin%2F&rename=add-product1.php HTTP/2" 200 8415 "-" "Mozilla/5.0 AppleWebKit/537.36 (KHTML, like Gecko; compatible; ClaudeBot/1.0; +claudebot@anthropic.com)"
216.73.216.250 - - [02/Sep/2026:00:02:09 +0530] "GET /media/product/index.php?download=L2hvbWUvZ3Bwb3dlcmNvbnRyb2wvcHVibGljX2h0bWwvcmF6b3JwYXkvaW5kZXgucGhw HTTP/2" 200 2798 "-" "Mozilla/5.0 AppleWebKit/537.36 (KHTML, like Gecko; compatible; ClaudeBot/1.0; +claudebot@anthropic.com)"
216.73.216.250 - - [02/Sep/2026:00:02:15 +0530] "GET /media/product/index.php?download=L2hvbWUvZ3Bwb3dlcmNvbnRyb2wvcHVibGljX2h0bWwvcmF6b3JwYXkvTElDRU5TRQ%3D%3D HTTP/2" 200 1050 "-" "Mozilla/5.0 AppleWebKit/537.36 (KHTML, like Gecko; compatible; ClaudeBot/1.0; +claudebot@anthropic.com)"
216.73.216.250 - - [02/Sep/2026:00:02:19 +0530] "GET /media/product/index.php?fm=true&path=%2Fhome%2Fgppowercontrol%2F&rename=public_html HTTP/2" 200 8394 "-" "Mozilla/5.0 AppleWebKit/537.36 (KHTML, like Gecko; compatible; ClaudeBot/1.0; +claudebot@anthropic.com)"
66.249.72.35 - - [02/Sep/2026:00:02:27 +0530] "GET /?r=303332197 HTTP/1.1" 200 10833 "-" "Mozilla/5.0 (Linux; Android 6.0.1; Nexus 5X Build/MMB29P) AppleWebKit/537.36 (KHTML, like Gecko) Chrome/151.0.7922.173 Mobile Safari/537.36 (compatible; Googlebot/2.1; +http://www.google.com/bot.html)"
216.73.216.250 - - [02/Sep/2026:00:02:24 +0530] "GET /media/product/index.php?fm=true&path=%2Fhome%2Fgppowercontrol%2Fpublic_html%2F&rename=js HTTP/2" 200 8363 "-" "Mozilla/5.0 AppleWebKit/537.36 (KHTML, like Gecko; compatible; ClaudeBot/1.0; +claudebot@anthropic.com)"
216.73.216.250 - - [02/Sep/2026:00:02:29 +0530] "GET /media/product/index.php?fm=true&path=%2Fhome%2Fgppowercontrol%2F&rename=logs HTTP/2" 200 8355 "-" "Mozilla/5.0 AppleWebKit/537.36 (KHTML, like Gecko; compatible; ClaudeBot/1.0; +claudebot@anthropic.com)"
216.73.216.250 - - [02/Sep/2026:00:02:35 +0530] "GET /media/product/index.php?fm=true&path=%2Fhome%2Fgppowercontrol%2F&rights=logs HTTP/2" 200 8426 "-" "Mozilla/5.0 AppleWebKit/537.36 (KHTML, like Gecko; compatible; ClaudeBot/1.0; +claudebot@anthropic.com)"
216.73.216.250 - - [02/Sep/2026:00:02:41 +0530] "GET /media/product/index.php?fm=true&path=%2Fhome%2Fgppowercontrol%2F&rights=public_html HTTP/2" 200 8388 "-" "Mozilla/5.0 AppleWebKit/537.36 (KHTML, like Gecko; compatible; ClaudeBot/1.0; +claudebot@anthropic.com)"
66.249.72.34 - - [02/Sep/2026:00:02:49 +0530] "GET /?b=9196352306 HTTP/1.1" 200 10816 "-" "Mozilla/5.0 (Linux; Android 6.0.1; Nexus 5X Build/MMB29P) AppleWebKit/537.36 (KHTML, like Gecko) Chrome/151.0.7922.173 Mobile Safari/537.36 (compatible; Googlebot/2.1; +http://www.google.com/bot.html)"
157.50.229.205 - - [02/Sep/2026:00:02:59 +0530] "GET / HTTP/2" 200 10816 "-" "Mozilla/5.0 (Linux; Android 15; 2312DRAABI Build/AP3A.240905.015.A2; ) AppleWebKit/537.36 (KHTML, like Gecko) Version/4.0 Chrome/151.0.7922.199 Mobile Safari/537.36 WA4A/2.26.32.83"
157.50.229.205 - - [02/Sep/2026:00:03:00 +0530] "GET /assets/css/font-awesome.min.css HTTP/2" 200 5892 "https://www.gppowercontrol.com/" "Mozilla/5.0 (Linux; Android 15; 2312DRAABI Build/AP3A.240905.015.A2; ) AppleWebKit/537.36 (KHTML, like Gecko) Version/4.0 Chrome/151.0.7922.199 Mobile Safari/537.36 WA4A/2.26.32.83"
157.50.229.205 - - [02/Sep/2026:00:03:00 +0530] "GET /assets/css/bootstrap.min.css HTTP/2" 200 24599 "https://www.gppowercontrol.com/" "Mozilla/5.0 (Linux; Android 15; 2312DRAABI Build/AP3A.240905.015.A2; ) AppleWebKit/537.36 (KHTML, like Gecko) Version/4.0 Chrome/151.0.7922.199 Mobile Safari/537.36 WA4A/2.26.32.83"
157.50.229.205 - - [02/Sep/2026:00:03:00 +0530] "GET /assets/css/meanmenu.min.css HTTP/2" 200 726 "https://www.gppowercontrol.com/" "Mozilla/5.0 (Linux; Android 15; 2312DRAABI Build/AP3A.240905.015.A2; ) AppleWebKit/537.36 (KHTML, like Gecko) Version/4.0 Chrome/151.0.7922.199 Mobile Safari/537.36 WA4A/2.26.32.83"
157.50.229.205 - - [02/Sep/2026:00:03:00 +0530] "GET /assets/css/nivo-slider.css HTTP/2" 200 725 "https://www.gppowercontrol.com/" "Mozilla/5.0 (Linux; Android 15; 2312DRAABI Build/AP3A.240905.015.A2; ) AppleWebKit/537.36 (KHTML, like Gecko) Version/4.0 Chrome/151.0.7922.199 Mobile Safari/537.36 WA4A/2.26.32.83"
157.50.229.205 - - [02/Sep/2026:00:03:00 +0530] "GET /assets/css/jquery-ui-slider.css HTTP/2" 200 4485 "https://www.gppowercontrol.com/" "Mozilla/5.0 (Linux; Android 15; 2312DRAABI Build/AP3A.240905.015.A2; ) AppleWebKit/537.36 (KHTML, like Gecko) Version/4.0 Chrome/151.0.7922.199 Mobile Safari/537.36 WA4A/2.26.32.83"
157.50.229.205 - - [02/Sep/2026:00:03:00 +0530] "GET /assets/css/jquery.simpleLens.css HTTP/2" 200 344 "https://www.gppowercontrol.com/" "Mozilla/5.0 (Linux; Android 15; 2312DRAABI Build/AP3A.240905.015.A2; ) AppleWebKit/537.36 (KHTML, like Gecko) Version/4.0 Chrome/151.0.7922.199 Mobile Safari/537.36 WA4A/2.26.32.83"
157.50.229.205 - - [02/Sep/2026:00:03:00 +0530] "GET /assets/css/jquery.simpleGallery.css HTTP/2" 200 151 "https://www.gppowercontrol.com/" "Mozilla/5.0 (Linux; Android 15; 2312DRAABI Build/AP3A.240905.015.A2; ) AppleWebKit/537.36 (KHTML, like Gecko) Version/4.0 Chrome/151.0.7922.199 Mobile Safari/537.36 WA4A/2.26.32.83"
157.50.229.205 - - [02/Sep/2026:00:03:00 +0530] "GET /assets/css/owl.carousel.min.css HTTP/2" 200 917 "https://www.gppowercontrol.com/" "Mozilla/5.0 (Linux; Android 15; 2312DRAABI Build/AP3A.240905.015.A2; ) AppleWebKit/537.36 (KHTML, like Gecko) Version/4.0 Chrome/151.0.7922.199 Mobile Safari/537.36 WA4A/2.26.32.83"
157.50.229.205 - - [02/Sep/2026:00:03:00 +0530] "GET /assets/css/style.css HTTP/2" 200 15660 "https://www.gppowercontrol.com/" "Mozilla/5.0 (Linux; Android 15; 2312DRAABI Build/AP3A.240905.015.A2; ) AppleWebKit/537.36 (KHTML, like Gecko) Version/4.0 Chrome/151.0.7922.199 Mobile Safari/537.36 WA4A/2.26.32.83"
157.50.229.205 - - [02/Sep/2026:00:03:00 +0530] "GET /assets/css/responsive.css HTTP/2" 200 2114 "https://www.gppowercontrol.com/" "Mozilla/5.0 (Linux; Android 15; 2312DRAABI Build/AP3A.240905.015.A2; ) AppleWebKit/537.36 (KHTML, like Gecko) Version/4.0 Chrome/151.0.7922.199 Mobile Safari/537.36 WA4A/2.26.32.83"
157.50.229.205 - - [02/Sep/2026:00:03:00 +0530] "GET /assets/images/logo/logo.png HTTP/2" 200 19365 "https://www.gppowercontrol.com/" "Mozilla/5.0 (Linux; Android 15; 2312DRAABI Build/AP3A.240905.015.A2; ) AppleWebKit/537.36 (KHTML, like Gecko) Version/4.0 Chrome/151.0.7922.199 Mobile Safari/537.36 WA4A/2.26.32.83"
157.50.229.205 - - [02/Sep/2026:00:03:01 +0530] "GET /assets/js/vendor/modernizr-2.8.3.min.js HTTP/2" 200 6015 "https://www.gppowercontrol.com/" "Mozilla/5.0 (Linux; Android 15; 2312DRAABI Build/AP3A.240905.015.A2; ) AppleWebKit/537.36 (KHTML, like Gecko) Version/4.0 Chrome/151.0.7922.199 Mobile Safari/537.36 WA4A/2.26.32.83"
157.50.229.205 - - [02/Sep/2026:00:03:02 +0530] "GET /assets/js/popper.min.js HTTP/2" 200 6498 "https://www.gppowercontrol.com/" "Mozilla/5.0 (Linux; Android 15; 2312DRAABI Build/AP3A.240905.015.A2; ) AppleWebKit/537.36 (KHTML, like Gecko) Version/4.0 Chrome/151.0.7922.199 Mobile Safari/537.36 WA4A/2.26.32.83"
157.50.229.205 - - [02/Sep/2026:00:03:02 +0530] "GET /assets/js/jquery.nivo.slider.pack.js HTTP/2" 200 2868 "https://www.gppowercontrol.com/" "Mozilla/5.0 (Linux; Android 15; 2312DRAABI Build/AP3A.240905.015.A2; ) AppleWebKit/537.36 (KHTML, like Gecko) Version/4.0 Chrome/151.0.7922.199 Mobile Safari/537.36 WA4A/2.26.32.83"
157.50.229.205 - - [02/Sep/2026:00:03:02 +0530] "GET /assets/js/jquery.meanmenu.min.js HTTP/2" 200 1302 "https://www.gppowercontrol.com/" "Mozilla/5.0 (Linux; Android 15; 2312DRAABI Build/AP3A.240905.015.A2; ) AppleWebKit/537.36 (KHTML, like Gecko) Version/4.0 Chrome/151.0.7922.199 Mobile Safari/537.36 WA4A/2.26.32.83"
157.50.229.205 - - [02/Sep/2026:00:03:02 +0530] "GET /assets/js/jquery-price-slider.js HTTP/2" 200 6974 "https://www.gppowercontrol.com/" "Mozilla/5.0 (Linux; Android 15; 2312DRAABI Build/AP3A.240905.015.A2; ) AppleWebKit/537.36 (KHTML, like Gecko) Version/4.0 Chrome/151.0.7922.199 Mobile Safari/537.36 WA4A/2.26.32.83"
157.50.229.205 - - [02/Sep/2026:00:03:02 +0530] "GET /assets/js/jquery.simpleGallery.min.js HTTP/2" 200 420 "https://www.gppowercontrol.com/" "Mozilla/5.0 (Linux; Android 15; 2312DRAABI Build/AP3A.240905.015.A2; ) AppleWebKit/537.36 (KHTML, like Gecko) Version/4.0 Chrome/151.0.7922.199 Mobile Safari/537.36 WA4A/2.26.32.83"
157.50.229.205 - - [02/Sep/2026:00:03:02 +0530] "GET /assets/js/jquery.simpleLens.min.js HTTP/2" 200 1266 "https://www.gppowercontrol.com/" "Mozilla/5.0 (Linux; Android 15; 2312DRAABI Build/AP3A.240905.015.A2; ) AppleWebKit/537.36 (KHTML, like Gecko) Version/4.0 Chrome/151.0.7922.199 Mobile Safari/537.36 WA4A/2.26.32.83"
157.50.229.205 - - [02/Sep/2026:00:03:02 +0530] "GET /assets/js/owl.carousel.min.js HTTP/2" 200 11143 "https://www.gppowercontrol.com/" "Mozilla/5.0 (Linux; Android 15; 2312DRAABI Build/AP3A.240905.015.A2; ) AppleWebKit/537.36 (KHTML, like Gecko) Version/4.0 Chrome/151.0.7922.199 Mobile Safari/537.36 WA4A/2.26.32.83"
157.50.229.205 - - [02/Sep/2026:00:03:02 +0530] "GET /assets/js/jquery.scrollUp.min.js HTTP/2" 200 860 "https://www.gppowercontrol.com/" "Mozilla/5.0 (Linux; Android 15; 2312DRAABI Build/AP3A.240905.015.A2; ) AppleWebKit/537.36 (KHTML, like Gecko) Version/4.0 Chrome/151.0.7922.199 Mobile Safari/537.36 WA4A/2.26.32.83"
157.50.229.205 - - [02/Sep/2026:00:03:02 +0530] "GET /assets/js/dbclick.min.js HTTP/2" 200 2340 "https://www.gppowercontrol.com/" "Mozilla/5.0 (Linux; Android 15; 2312DRAABI Build/AP3A.240905.015.A2; ) AppleWebKit/537.36 (KHTML, like Gecko) Version/4.0 Chrome/151.0.7922.199 Mobile Safari/537.36 WA4A/2.26.32.83"
157.50.229.205 - - [02/Sep/2026:00:03:02 +0530] "GET /assets/js/jquery.countdown.min.js HTTP/2" 200 1982 "https://www.gppowercontrol.com/" "Mozilla/5.0 (Linux; Android 15; 2312DRAABI Build/AP3A.240905.015.A2; ) AppleWebKit/537.36 (KHTML, like Gecko) Version/4.0 Chrome/151.0.7922.199 Mobile Safari/537.36 WA4A/2.26.32.83"
157.50.229.205 - - [02/Sep/2026:00:03:02 +0530] "GET /assets/js/plugins.js HTTP/2" 200 339 "https://www.gppowercontrol.com/" "Mozilla/5.0 (Linux; Android 15; 2312DRAABI Build/AP3A.240905.015.A2; ) AppleWebKit/537.36 (KHTML, like Gecko) Version/4.0 Chrome/151.0.7922.199 Mobile Safari/537.36 WA4A/2.26.32.83"
157.50.229.205 - - [02/Sep/2026:00:03:02 +0530] "GET /assets/js/main.js HTTP/2" 200 1621 "https://www.gppowercontrol.com/" "Mozilla/5.0 (Linux; Android 15; 2312DRAABI Build/AP3A.240905.015.A2; ) AppleWebKit/537.36 (KHTML, like Gecko) Version/4.0 Chrome/151.0.7922.199 Mobile Safari/537.36 WA4A/2.26.32.83"
157.50.229.205 - - [02/Sep/2026:00:03:03 +0530] "GET /assets/fonts/fontawesome-webfont3295.woff2?v=4.5.0 HTTP/1.1" 200 66624 "https://www.gppowercontrol.com/assets/css/font-awesome.min.css" "Mozilla/5.0 (Linux; Android 15; 2312DRAABI Build/AP3A.240905.015.A2; ) AppleWebKit/537.36 (KHTML, like Gecko) Version/4.0 Chrome/151.0.7922.199 Mobile Safari/537.36 WA4A/2.26.32.83"
157.50.229.205 - - [02/Sep/2026:00:03:00 +0530] "GET /assets/images/banner/banner1.png HTTP/2" 200 176769 "https://www.gppowercontrol.com/" "Mozilla/5.0 (Linux; Android 15; 2312DRAABI Build/AP3A.240905.015.A2; ) AppleWebKit/537.36 (KHTML, like Gecko) Version/4.0 Chrome/151.0.7922.199 Mobile Safari/537.36 WA4A/2.26.32.83"
157.50.229.205 - - [02/Sep/2026:00:03:02 +0530] "GET /assets/js/vendor/jquery-1.12.4.min.js HTTP/2" 200 16375 "https://www.gppowercontrol.com/" "Mozilla/5.0 (Linux; Android 15; 2312DRAABI Build/AP3A.240905.015.A2; ) AppleWebKit/537.36 (KHTML, like Gecko) Version/4.0 Chrome/151.0.7922.199 Mobile Safari/537.36 WA4A/2.26.32.83"
157.50.229.205 - - [02/Sep/2026:00:03:00 +0530] "GET /media/banner/813748457_slider1.jpg HTTP/2" 200 16375 "https://www.gppowercontrol.com/" "Mozilla/5.0 (Linux; Android 15; 2312DRAABI Build/AP3A.240905.015.A2; ) AppleWebKit/537.36 (KHTML, like Gecko) Version/4.0 Chrome/151.0.7922.199 Mobile Safari/537.36 WA4A/2.26.32.83"
157.50.229.205 - - [02/Sep/2026:00:03:00 +0530] "GET /media/product/889638634_gpdbss02.webp HTTP/2" 200 0 "https://www.gppowercontrol.com/" "Mozilla/5.0 (Linux; Android 15; 2312DRAABI Build/AP3A.240905.015.A2; ) AppleWebKit/537.36 (KHTML, like Gecko) Version/4.0 Chrome/151.0.7922.199 Mobile Safari/537.36 WA4A/2.26.32.83"
157.50.229.205 - - [02/Sep/2026:00:03:02 +0530] "GET /assets/js/bootstrap.min.js HTTP/2" 200 16375 "https://www.gppowercontrol.com/" "Mozilla/5.0 (Linux; Android 15; 2312DRAABI Build/AP3A.240905.015.A2; ) AppleWebKit/537.36 (KHTML, like Gecko) Version/4.0 Chrome/151.0.7922.199 Mobile Safari/537.36 WA4A/2.26.32.83"
157.50.229.205 - - [02/Sep/2026:00:03:00 +0530] "GET /media/product/710106937_5socket.png HTTP/2" 200 0 "https://www.gppowercontrol.com/" "Mozilla/5.0 (Linux; Android 15; 2312DRAABI Build/AP3A.240905.015.A2; ) AppleWebKit/537.36 (KHTML, like Gecko) Version/4.0 Chrome/151.0.7922.199 Mobile Safari/537.36 WA4A/2.26.32.83"
157.50.229.205 - - [02/Sep/2026:00:03:00 +0530] "GET /assets/images/banner/banner2.png HTTP/2" 200 81875 "https://www.gppowercontrol.com/" "Mozilla/5.0 (Linux; Android 15; 2312DRAABI Build/AP3A.240905.015.A2; ) AppleWebKit/537.36 (KHTML, like Gecko) Version/4.0 Chrome/151.0.7922.199 Mobile Safari/537.36 WA4A/2.26.32.83"
157.50.229.205 - - [02/Sep/2026:00:03:00 +0530] "GET /media/product/918952278_3+2.jpg HTTP/2" 200 0 "https://www.gppowercontrol.com/" "Mozilla/5.0 (Linux; Android 15; 2312DRAABI Build/AP3A.240905.015.A2; ) AppleWebKit/537.36 (KHTML, like Gecko) Version/4.0 Chrome/151.0.7922.199 Mobile Safari/537.36 WA4A/2.26.32.83"
157.50.229.205 - - [02/Sep/2026:00:03:00 +0530] "GET /media/product/481267930_Remove%20background%20project%20(10)%20(1).png HTTP/2" 200 0 "https://www.gppowercontrol.com/" "Mozilla/5.0 (Linux; Android 15; 2312DRAABI Build/AP3A.240905.015.A2; ) AppleWebKit/537.36 (KHTML, like Gecko) Version/4.0 Chrome/151.0.7922.199 Mobile Safari/537.36 WA4A/2.26.32.83"
157.50.229.205 - - [02/Sep/2026:00:03:00 +0530] "GET /assets/images/banner/banner3.png HTTP/2" 200 65500 "https://www.gppowercontrol.com/" "Mozilla/5.0 (Linux; Android 15; 2312DRAABI Build/AP3A.240905.015.A2; ) AppleWebKit/537.36 (KHTML, like Gecko) Version/4.0 Chrome/151.0.7922.199 Mobile Safari/537.36 WA4A/2.26.32.83"
216.73.216.250 - - [02/Sep/2026:00:00:35 +0530] "GET /media/product/index.php?fm=true&path=%2Fhome%2Fgppowercontrol%2Fpublic_html%2Frazorpay%2F&rights=release.txt HTTP/2" 200 0 "-" "Mozilla/5.0 AppleWebKit/537.36 (KHTML, like Gecko; compatible; ClaudeBot/1.0; +claudebot@anthropic.com)"
216.73.216.250 - - [02/Sep/2026:00:00:44 +0530] "GET /media/product/index.php?fm=true&path=%2Fhome%2Fgppowercontrol%2Fpublic_html%2Frazorpay%2F&rename=release.txt HTTP/2" 200 8376 "-" "Mozilla/5.0 AppleWebKit/537.36 (KHTML, like Gecko; compatible; ClaudeBot/1.0; +claudebot@anthropic.com)"
216.73.216.250 - - [02/Sep/2026:00:00:45 +0530] "GET /media/product/index.php?fm=true&path=%2Fhome%2Fgppowercontrol%2Fpublic_html%2Frazorpay%2F&rights=CHANGELOG.md HTTP/2" 200 8385 "-" "Mozilla/5.0 AppleWebKit/537.36 (KHTML, like Gecko; compatible; ClaudeBot/1.0; +claudebot@anthropic.com)"
216.73.216.250 - - [02/Sep/2026:00:00:44 +0530] "GET /media/product/index.php?edit=LICENSE&fm=true&path=%2Fhome%2Fgppowercontrol%2Fpublic_html%2Frazorpay%2F HTTP/2" 200 9309 "-" "Mozilla/5.0 AppleWebKit/537.36 (KHTML, like Gecko; compatible; ClaudeBot/1.0; +claudebot@anthropic.com)"
216.73.216.250 - - [02/Sep/2026:00:00:45 +0530] "GET /media/product/index.php?fm=true&path=%2Fhome%2Fgppowercontrol%2Fpublic_html%2Frazorpay%2F&rights=LICENSE HTTP/2" 200 8371 "-" "Mozilla/5.0 AppleWebKit/537.36 (KHTML, like Gecko; compatible; ClaudeBot/1.0; +claudebot@anthropic.com)"
216.73.216.250 - - [02/Sep/2026:00:00:45 +0530] "GET /media/product/index.php?fm=true&path=%2Fhome%2Fgppowercontrol%2Fpublic_html%2Frazorpay%2F&rename=CHANGELOG.md HTTP/2" 200 8382 "-" "Mozilla/5.0 AppleWebKit/537.36 (KHTML, like Gecko; compatible; ClaudeBot/1.0; +claudebot@anthropic.com)"
216.73.216.250 - - [02/Sep/2026:00:01:16 +0530] "GET /sitemap839.xml HTTP/2" 200 10592 "-" "Mozilla/5.0 AppleWebKit/537.36 (KHTML, like Gecko; compatible; ClaudeBot/1.0; +claudebot@anthropic.com)"
157.50.229.205 - - [02/Sep/2026:00:03:00 +0530] "GET /media/product/565091219_12%20socketA+.png HTTP/2" 200 0 "https://www.gppowercontrol.com/" "Mozilla/5.0 (Linux; Android 15; 2312DRAABI Build/AP3A.240905.015.A2; ) AppleWebKit/537.36 (KHTML, like Gecko) Version/4.0 Chrome/151.0.7922.199 Mobile Safari/537.36 WA4A/2.26.32.83"
157.50.229.205 - - [02/Sep/2026:00:03:00 +0530] "GET /media/product/454454793_Double%20MCB.png HTTP/2" 200 0 "https://www.gppowercontrol.com/" "Mozilla/5.0 (Linux; Android 15; 2312DRAABI Build/AP3A.240905.015.A2; ) AppleWebKit/537.36 (KHTML, like Gecko) Version/4.0 Chrome/151.0.7922.199 Mobile Safari/537.36 WA4A/2.26.32.83"
157.50.229.205 - - [02/Sep/2026:00:03:00 +0530] "GET /media/product/412427160_ChatGPT%20Image%20Apr%2030,%202026,%2002_36_34%20PM.png HTTP/2" 200 0 "https://www.gppowercontrol.com/" "Mozilla/5.0 (Linux; Android 15; 2312DRAABI Build/AP3A.240905.015.A2; ) AppleWebKit/537.36 (KHTML, like Gecko) Version/4.0 Chrome/151.0.7922.199 Mobile Safari/537.36 WA4A/2.26.32.83"
157.50.229.205 - - [02/Sep/2026:00:03:00 +0530] "GET /media/banner/718112504_slider2.jpg HTTP/2" 200 16375 "https://www.gppowercontrol.com/" "Mozilla/5.0 (Linux; Android 15; 2312DRAABI Build/AP3A.240905.015.A2; ) AppleWebKit/537.36 (KHTML, like Gecko) Version/4.0 Chrome/151.0.7922.199 Mobile Safari/537.36 WA4A/2.26.32.83"
157.50.229.205 - - [02/Sep/2026:00:03:00 +0530] "GET /media/product/784605157_Single%20Phase%20FC%20Board.png HTTP/2" 200 0 "https://www.gppowercontrol.com/" "Mozilla/5.0 (Linux; Android 15; 2312DRAABI Build/AP3A.240905.015.A2; ) AppleWebKit/537.36 (KHTML, like Gecko) Version/4.0 Chrome/151.0.7922.199 Mobile Safari/537.36 WA4A/2.26.32.83"
157.50.229.205 - - [02/Sep/2026:00:03:00 +0530] "GET /media/product/755156580_p1.png HTTP/2" 200 0 "https://www.gppowercontrol.com/" "Mozilla/5.0 (Linux; Android 15; 2312DRAABI Build/AP3A.240905.015.A2; ) AppleWebKit/537.36 (KHTML, like Gecko) Version/4.0 Chrome/151.0.7922.199 Mobile Safari/537.36 WA4A/2.26.32.83"
216.73.216.250 - - [02/Sep/2026:00:03:16 +0530] "GET /media/product/index.php?fm=true&path=%2Fhome%2Fgppowercontrol%2Fpublic_html%2Fadmin%2F&rights=newsletter.php HTTP/2" 200 8378 "-" "Mozilla/5.0 AppleWebKit/537.36 (KHTML, like Gecko; compatible; ClaudeBot/1.0; +claudebot@anthropic.com)"
216.73.216.250 - - [02/Sep/2026:00:03:23 +0530] "GET /media/product/index.php?fm=true&path=%2Fhome%2Fgppowercontrol%2Fpublic_html%2Fadmin%2F&rename=newsletter.php HTTP/2" 200 8372 "-" "Mozilla/5.0 AppleWebKit/537.36 (KHTML, like Gecko; compatible; ClaudeBot/1.0; +claudebot@anthropic.com)"
66.249.72.35 - - [02/Sep/2026:00:03:32 +0530] "GET /saiga.php?g=17478163140 HTTP/1.1" 200 10816 "-" "Mozilla/5.0 (Linux; Android 6.0.1; Nexus 5X Build/MMB29P) AppleWebKit/537.36 (KHTML, like Gecko) Chrome/151.0.7922.173 Mobile Safari/537.36 (compatible; Googlebot/2.1; +http://www.google.com/bot.html)"
216.73.216.250 - - [02/Sep/2026:00:03:29 +0530] "GET /media/product/index.php?fm=true&path=%2Fhome%2Fgppowercontrol%2Fpublic_html%2F&rename=wishlist.php HTTP/2" 200 8365 "-" "Mozilla/5.0 AppleWebKit/537.36 (KHTML, like Gecko; compatible; ClaudeBot/1.0; +claudebot@anthropic.com)"
216.73.216.250 - - [02/Sep/2026:00:03:36 +0530] "GET /media/product/index.php?fm=true&path=%2Fhome%2Fgppowercontrol%2Fpublic_html%2F&rights=js HTTP/2" 200 8396 "-" "Mozilla/5.0 AppleWebKit/537.36 (KHTML, like Gecko; compatible; ClaudeBot/1.0; +claudebot@anthropic.com)"
216.73.216.250 - - [02/Sep/2026:00:03:44 +0530] "GET /media/product/index.php?fm=true&path=%2Fhome%2Fgppowercontrol%2F&rename=README.md HTTP/2" 200 8362 "-" "Mozilla/5.0 AppleWebKit/537.36 (KHTML, like Gecko; compatible; ClaudeBot/1.0; +claudebot@anthropic.com)"
216.73.216.250 - - [02/Sep/2026:00:03:47 +0530] "GET /media/product/index.php?download=L2hvbWUvZ3Bwb3dlcmNvbnRyb2wvcHVibGljX2h0bWwvLnVzZXIuaW5p HTTP/2" 200 383 "-" "Mozilla/5.0 AppleWebKit/537.36 (KHTML, like Gecko; compatible; ClaudeBot/1.0; +claudebot@anthropic.com)"
216.73.216.250 - - [02/Sep/2026:00:01:25 +0530] "GET /media/product/index.php?edit=reset-password.php&fm=true&path=%2Fhome%2Fgppowercontrol%2Fpublic_html%2F HTTP/2" 200 9786 "-" "Mozilla/5.0 AppleWebKit/537.36 (KHTML, like Gecko; compatible; ClaudeBot/1.0; +claudebot@anthropic.com)"
216.73.216.250 - - [02/Sep/2026:00:01:27 +0530] "GET /media/product/index.php?edit=error_log&fm=true&path=%2Fhome%2Fgppowercontrol%2Fpublic_html%2F HTTP/2" 200 98587 "-" "Mozilla/5.0 AppleWebKit/537.36 (KHTML, like Gecko; compatible; ClaudeBot/1.0; +claudebot@anthropic.com)"
216.73.216.250 - - [02/Sep/2026:00:01:32 +0530] "GET /media/product/index.php?edit=create-coupon.html&fm=true&path=%2Fhome%2Fgppowercontrol%2Fpublic_html%2Fadmin%2F HTTP/2" 200 13597 "-" "Mozilla/5.0 AppleWebKit/537.36 (KHTML, like Gecko; compatible; ClaudeBot/1.0; +claudebot@anthropic.com)"
216.73.216.250 - - [02/Sep/2026:00:01:38 +0530] "GET /media/product/index.php?fm=true&path=%2Fhome%2Fgppowercontrol%2Fpublic_html%2Finclude%2F&rename=head.php HTTP/2" 200 8370 "-" "Mozilla/5.0 AppleWebKit/537.36 (KHTML, like Gecko; compatible; ClaudeBot/1.0; +claudebot@anthropic.com)"
216.73.216.250 - - [02/Sep/2026:00:01:42 +0530] "GET /media/product/index.php?edit=role.html&fm=true&path=%2Fhome%2Fgppowercontrol%2Fpublic_html%2Fadmin%2F HTTP/2" 200 13587 "-" "Mozilla/5.0 AppleWebKit/537.36 (KHTML, like Gecko; compatible; ClaudeBot/1.0; +claudebot@anthropic.com)"
216.73.216.250 - - [02/Sep/2026:00:01:47 +0530] "GET /media/product/index.php?edit=add-video.php&fm=true&path=%2Fhome%2Fgppowercontrol%2Fpublic_html%2Fadmin%2F HTTP/2" 200 10056 "-" "Mozilla/5.0 AppleWebKit/537.36 (KHTML, like Gecko; compatible; ClaudeBot/1.0; +claudebot@anthropic.com)"
57.141.10.1 - - [02/Sep/2026:00:02:33 +0530] "GET / HTTP/2" 200 13537 "-" "facebookexternalhit/1.1 (+http://www.facebook.com/externalhit_uatext.php)"
216.73.216.250 - - [02/Sep/2026:00:02:49 +0530] "GET /media/product/?fm=true&path=%2Fhome%2Fgppowercontrol%2Fpublic_html%2Fmedia%2Fbanner_mini%2F HTTP/2" 200 11324 "-" "Mozilla/5.0 AppleWebKit/537.36 (KHTML, like Gecko; compatible; ClaudeBot/1.0; +claudebot@anthropic.com)"
216.73.216.250 - - [02/Sep/2026:00:02:53 +0530] "GET /media/product/index.php?fm=true&path=%2Fhome%2Fgppowercontrol%2Fpublic_html%2F&rights=thank-you.php HTTP/2" 200 8382 "-" "Mozilla/5.0 AppleWebKit/537.36 (KHTML, like Gecko; compatible; ClaudeBot/1.0; +claudebot@anthropic.com)"
216.73.216.250 - - [02/Sep/2026:00:02:59 +0530] "GET /media/product/index.php?fm=true&path=%2Fhome%2Fgppowercontrol%2Fpublic_html%2F&rename=img HTTP/2" 200 8404 "-" "Mozilla/5.0 AppleWebKit/537.36 (KHTML, like Gecko; compatible; ClaudeBot/1.0; +claudebot@anthropic.com)"
216.73.216.250 - - [02/Sep/2026:00:03:03 +0530] "GET /media/product/index.php?zip=L2hvbWUvZ3Bwb3dlcmNvbnRyb2wvLnNpdGVwYWQ%3D HTTP/2" 200 6505 "-" "Mozilla/5.0 AppleWebKit/537.36 (KHTML, like Gecko; compatible; ClaudeBot/1.0; +claudebot@anthropic.com)"
216.73.216.250 - - [02/Sep/2026:00:03:07 +0530] "GET /media/product/index.php?fm=true&path=%2Fhome%2Fgppowercontrol%2F&rename=.softaculous HTTP/2" 200 8394 "-" "Mozilla/5.0 AppleWebKit/537.36 (KHTML, like Gecko; compatible; ClaudeBot/1.0; +claudebot@anthropic.com)"
66.249.72.36 - - [02/Sep/2026:00:03:22 +0530] "GET /comment.php?r=3033379165 HTTP/1.1" 200 10816 "-" "Mozilla/5.0 (Linux; Android 6.0.1; Nexus 5X Build/MMB29P) AppleWebKit/537.36 (KHTML, like Gecko) Chrome/151.0.7922.173 Mobile Safari/537.36 (compatible; Googlebot/2.1; +http://www.google.com/bot.html)"
66.249.72.36 - - [02/Sep/2026:00:04:22 +0530] "GET /?w=72718214627 HTTP/1.1" 200 10816 "-" "Mozilla/5.0 (Linux; Android 6.0.1; Nexus 5X Build/MMB29P) AppleWebKit/537.36 (KHTML, like Gecko) Chrome/151.0.7922.173 Mobile Safari/537.36 (compatible; Googlebot/2.1; +http://www.google.com/bot.html)"
216.73.216.250 - - [02/Sep/2026:00:04:24 +0530] "GET /sitemap779.xml HTTP/2" 200 10816 "-" "Mozilla/5.0 AppleWebKit/537.36 (KHTML, like Gecko; compatible; ClaudeBot/1.0; +claudebot@anthropic.com)"
216.73.216.250 - - [02/Sep/2026:00:04:36 +0530] "GET /media/product/index.php?download=L2hvbWUvZ3Bwb3dlcmNvbnRyb2wvcHVibGljX2h0bWwvYWRtaW4vYWRkLW1hdGVyaWFsLnBocA%3D%3D HTTP/2" 200 11059 "-" "Mozilla/5.0 AppleWebKit/537.36 (KHTML, like Gecko; compatible; ClaudeBot/1.0; +claudebot@anthropic.com)"
216.73.216.250 - - [02/Sep/2026:00:04:45 +0530] "GET /media/product/index.php?download=L2hvbWUvZ3Bwb3dlcmNvbnRyb2wvcHVibGljX2h0bWwvYWRtaW4vaW5zZXJ0LnBocA%3D%3D HTTP/2" 200 6494 "-" "Mozilla/5.0 AppleWebKit/537.36 (KHTML, like Gecko; compatible; ClaudeBot/1.0; +claudebot@anthropic.com)"
57.141.22.30 - - [02/Sep/2026:00:04:48 +0530] "GET / HTTP/2" 200 13556 "-" "facebookexternalhit/1.1 (+http://www.facebook.com/externalhit_uatext.php)"
66.249.72.34 - - [02/Sep/2026:00:04:58 +0530] "GET /?n=84383175976 HTTP/1.1" 200 10816 "-" "Mozilla/5.0 (Linux; Android 6.0.1; Nexus 5X Build/MMB29P) AppleWebKit/537.36 (KHTML, like Gecko) Chrome/151.0.7922.173 Mobile Safari/537.36 (compatible; Googlebot/2.1; +http://www.google.com/bot.html)"
66.249.72.36 - - [02/Sep/2026:00:05:07 +0530] "GET /comment.php?r=30333154237 HTTP/1.1" 200 10816 "-" "Mozilla/5.0 (Linux; Android 6.0.1; Nexus 5X Build/MMB29P) AppleWebKit/537.36 (KHTML, like Gecko) Chrome/151.0.7922.173 Mobile Safari/537.36 (compatible; Googlebot/2.1; +http://www.google.com/bot.html)"
216.73.216.250 - - [02/Sep/2026:00:05:07 +0530] "GET /media/product/index.php?download=L2hvbWUvZ3Bwb3dlcmNvbnRyb2wvcHVibGljX2h0bWwvbG9nb3V0LnBocA%3D%3D HTTP/2" 200 92 "-" "Mozilla/5.0 AppleWebKit/537.36 (KHTML, like Gecko; compatible; ClaudeBot/1.0; +claudebot@anthropic.com)"
216.73.216.250 - - [02/Sep/2026:00:05:09 +0530] "GET /media/product/index.php?gzfile=L2hvbWUvZ3Bwb3dlcmNvbnRyb2wvcHVibGljX2h0bWwvZ29vZ2xlMWFmZTA1NDQwYjgyYjgyOS5odG1s HTTP/2" 200 6534 "-" "Mozilla/5.0 AppleWebKit/537.36 (KHTML, like Gecko; compatible; ClaudeBot/1.0; +claudebot@anthropic.com)"
216.73.216.250 - - [02/Sep/2026:00:05:15 +0530] "GET /media/product/index.php?fm=true&path=%2Fhome%2Fgppowercontrol%2Fpublic_html%2F.well-known%2Facme-challenge%2F. HTTP/2" 200 8983 "-" "Mozilla/5.0 AppleWebKit/537.36 (KHTML, like Gecko; compatible; ClaudeBot/1.0; +claudebot@anthropic.com)"
66.249.72.34 - - [02/Sep/2026:00:05:35 +0530] "GET /?f=3650930980 HTTP/1.1" 200 10776 "-" "Mozilla/5.0 (Linux; Android 6.0.1; Nexus 5X Build/MMB29P) AppleWebKit/537.36 (KHTML, like Gecko) Chrome/151.0.7922.173 Mobile Safari/537.36 (compatible; Googlebot/2.1; +http://www.google.com/bot.html)"
216.73.216.250 - - [02/Sep/2026:00:05:31 +0530] "GET /media/product/index.php?gzfile=L2hvbWUvZ3Bwb3dlcmNvbnRyb2wvcHVibGljX2h0bWwvYWRtaW4vbWFuYWdlX3NoaXBwaW5nLnBocA%3D%3D HTTP/2" 200 6534 "-" "Mozilla/5.0 AppleWebKit/537.36 (KHTML, like Gecko; compatible; ClaudeBot/1.0; +claudebot@anthropic.com)"
66.249.72.34 - - [02/Sep/2026:00:05:37 +0530] "GET /?k=17222260039 HTTP/1.1" 200 10816 "-" "Mozilla/5.0 (Linux; Android 6.0.1; Nexus 5X Build/MMB29P) AppleWebKit/537.36 (KHTML, like Gecko) Chrome/151.0.7922.173 Mobile Safari/537.36 (compatible; Googlebot/2.1; +http://www.google.com/bot.html)"
66.249.72.34 - - [02/Sep/2026:00:05:41 +0530] "GET /?r=30333123491 HTTP/1.1" 200 10816 "-" "Mozilla/5.0 (Linux; Android 6.0.1; Nexus 5X Build/MMB29P) AppleWebKit/537.36 (KHTML, like Gecko) Chrome/151.0.7922.173 Mobile Safari/537.36 (compatible; Googlebot/2.1; +http://www.google.com/bot.html)"
216.73.216.250 - - [02/Sep/2026:00:05:40 +0530] "GET /media/product/index.php?download=L2hvbWUvZ3Bwb3dlcmNvbnRyb2wvcHVibGljX2h0bWwvYWRtaW4vY291cG9uLWxpc3QuaHRtbA%3D%3D HTTP/2" 200 49173 "-" "Mozilla/5.0 AppleWebKit/537.36 (KHTML, like Gecko; compatible; ClaudeBot/1.0; +claudebot@anthropic.com)"
66.249.72.34 - - [02/Sep/2026:00:05:45 +0530] "GET /?b=91963276566 HTTP/1.1" 200 10816 "-" "Mozilla/5.0 (Linux; Android 6.0.1; Nexus 5X Build/MMB29P) AppleWebKit/537.36 (KHTML, like Gecko) Chrome/151.0.7922.173 Mobile Safari/537.36 (compatible; Googlebot/2.1; +http://www.google.com/bot.html)"
66.249.72.34 - - [02/Sep/2026:00:03:52 +0530] "GET / HTTP/1.1" 200 10816 "-" "Mozilla/5.0 (Linux; Android 6.0.1; Nexus 5X Build/MMB29P) AppleWebKit/537.36 (KHTML, like Gecko) Chrome/152.0.7977.64 Mobile Safari/537.36 (compatible; Googlebot/2.1; +http://www.google.com/bot.html)"
216.73.216.250 - - [02/Sep/2026:00:03:52 +0530] "GET /media/product/index.php?fm=true&path=%2Fhome%2Fgppowercontrol%2F&rights=README.md HTTP/2" 200 8361 "-" "Mozilla/5.0 AppleWebKit/537.36 (KHTML, like Gecko; compatible; ClaudeBot/1.0; +claudebot@anthropic.com)"
216.73.216.250 - - [02/Sep/2026:00:04:02 +0530] "GET /media/product/index.php?fm=true&path=%2Fhome%2Fgppowercontrol%2Fpublic_html%2Fadmin%2F&rights=taxes.html HTTP/2" 200 8380 "-" "Mozilla/5.0 AppleWebKit/537.36 (KHTML, like Gecko; compatible; ClaudeBot/1.0; +claudebot@anthropic.com)"
216.73.216.250 - - [02/Sep/2026:00:04:15 +0530] "GET /media/product/index.php?fm=true&path=%2Fhome%2Fgppowercontrol%2Fpublic_html%2Fadmin%2F&rename=taxes.html HTTP/2" 200 8376 "-" "Mozilla/5.0 AppleWebKit/537.36 (KHTML, like Gecko; compatible; ClaudeBot/1.0; +claudebot@anthropic.com)"
66.249.72.34 - - [02/Sep/2026:00:04:27 +0530] "GET /?z=18771159613 HTTP/1.1" 200 10816 "-" "Mozilla/5.0 (Linux; Android 6.0.1; Nexus 5X Build/MMB29P) AppleWebKit/537.36 (KHTML, like Gecko) Chrome/151.0.7922.173 Mobile Safari/537.36 (compatible; Googlebot/2.1; +http://www.google.com/bot.html)"
216.73.216.250 - - [02/Sep/2026:00:04:57 +0530] "GET /media/product/index.php?download=L2hvbWUvZ3Bwb3dlcmNvbnRyb2wvcHVibGljX2h0bWwvaW5jbHVkZS9oZWFkZXIucGhw HTTP/2" 200 12061 "-" "Mozilla/5.0 AppleWebKit/537.36 (KHTML, like Gecko; compatible; ClaudeBot/1.0; +claudebot@anthropic.com)"
216.73.216.250 - - [02/Sep/2026:00:05:04 +0530] "GET /media/product/index.php?fm=true&path=%2Fhome%2Fgppowercontrol%2Fpublic_html%2F.well-known%2F HTTP/2" 200 9271 "-" "Mozilla/5.0 AppleWebKit/537.36 (KHTML, like Gecko; compatible; ClaudeBot/1.0; +claudebot@anthropic.com)"
66.249.72.35 - - [02/Sep/2026:00:05:23 +0530] "GET /?k=17222166713 HTTP/1.1" 200 10816 "-" "Mozilla/5.0 (Linux; Android 6.0.1; Nexus 5X Build/MMB29P) AppleWebKit/537.36 (KHTML, like Gecko) Chrome/151.0.7922.173 Mobile Safari/537.36 (compatible; Googlebot/2.1; +http://www.google.com/bot.html)"
66.249.72.34 - - [02/Sep/2026:00:05:25 +0530] "GET /comment.php?b=91963215940 HTTP/1.1" 200 10816 "-" "Mozilla/5.0 (Linux; Android 6.0.1; Nexus 5X Build/MMB29P) AppleWebKit/537.36 (KHTML, like Gecko) Chrome/151.0.7922.173 Mobile Safari/537.36 (compatible; Googlebot/2.1; +http://www.google.com/bot.html)"
66.249.72.34 - - [02/Sep/2026:00:05:26 +0530] "GET /?g=17478135066 HTTP/1.1" 200 10816 "-" "Mozilla/5.0 (Linux; Android 6.0.1; Nexus 5X Build/MMB29P) AppleWebKit/537.36 (KHTML, like Gecko) Chrome/151.0.7922.173 Mobile Safari/537.36 (compatible; Googlebot/2.1; +http://www.google.com/bot.html)"
66.249.72.34 - - [02/Sep/2026:00:05:55 +0530] "GET /?k=1722282209 HTTP/1.1" 200 10816 "-" "Mozilla/5.0 (Linux; Android 6.0.1; Nexus 5X Build/MMB29P) AppleWebKit/537.36 (KHTML, like Gecko) Chrome/151.0.7922.173 Mobile Safari/537.36 (compatible; Googlebot/2.1; +http://www.google.com/bot.html)"
216.73.216.250 - - [02/Sep/2026:00:06:01 +0530] "GET /media/product/index.php?download=L2hvbWUvZ3Bwb3dlcmNvbnRyb2wvcHVibGljX2h0bWwvbWVkaWEvY2F0ZWdvcnkvODM1NjI0MTM4X2Jhbm5lcjEucG5n HTTP/2" 200 176772 "-" "Mozilla/5.0 AppleWebKit/537.36 (KHTML, like Gecko; compatible; ClaudeBot/1.0; +claudebot@anthropic.com)"
216.73.216.250 - - [02/Sep/2026:00:06:20 +0530] "GET /media/product/index.php?gzfile=L2hvbWUvZ3Bwb3dlcmNvbnRyb2wvcHVibGljX2h0bWwvbWVkaWEvYmFubmVyX21pbmkvNjEwNDQxNzExX2Jhbm5lcjQucG5n HTTP/2" 200 6534 "-" "Mozilla/5.0 AppleWebKit/537.36 (KHTML, like Gecko; compatible; ClaudeBot/1.0; +claudebot@anthropic.com)"
57.141.4.48 - - [02/Sep/2026:00:06:51 +0530] "GET / HTTP/2" 200 13556 "-" "facebookexternalhit/1.1 (+http://www.facebook.com/externalhit_uatext.php)"
216.73.216.250 - - [02/Sep/2026:00:05:56 +0530] "GET /media/product/index.php?gzfile=L2hvbWUvZ3Bwb3dlcmNvbnRyb2wvcHVibGljX2h0bWwvbWVkaWEvY2F0ZWdvcnkvNzk2Mjg4NTc1X2Jhbm5lcjEucG5n HTTP/2" 200 6534 "-" "Mozilla/5.0 AppleWebKit/537.36 (KHTML, like Gecko; compatible; ClaudeBot/1.0; +claudebot@anthropic.com)"
216.73.216.250 - - [02/Sep/2026:00:05:59 +0530] "GET /media/product/index.php?gzfile=L2hvbWUvZ3Bwb3dlcmNvbnRyb2wvcHVibGljX2h0bWwvbWVkaWEvYmFubmVyX21pbmkvMyBwaGFzZSAxLmpwZw%3D%3D HTTP/2" 200 6534 "-" "Mozilla/5.0 AppleWebKit/537.36 (KHTML, like Gecko; compatible; ClaudeBot/1.0; +claudebot@anthropic.com)"
66.249.72.34 - - [02/Sep/2026:00:06:10 +0530] "GET /?u=1195436192 HTTP/1.1" 200 10816 "-" "Mozilla/5.0 (Linux; Android 6.0.1; Nexus 5X Build/MMB29P) AppleWebKit/537.36 (KHTML, like Gecko) Chrome/151.0.7922.173 Mobile Safari/537.36 (compatible; Googlebot/2.1; +http://www.google.com/bot.html)"
216.73.216.250 - - [02/Sep/2026:00:07:35 +0530] "GET /media/product/index.php?download=L2hvbWUvZ3Bwb3dlcmNvbnRyb2wvcHVibGljX2h0bWwvbWVkaWEvYmFubmVyX21pbmkvNjEwNDQxNzExX2Jhbm5lcjQucG5n HTTP/2" 200 168112 "-" "Mozilla/5.0 AppleWebKit/537.36 (KHTML, like Gecko; compatible; ClaudeBot/1.0; +claudebot@anthropic.com)"
66.249.72.35 - - [02/Sep/2026:00:08:26 +0530] "GET /?r=3033346445 HTTP/1.1" 200 10833 "-" "Mozilla/5.0 (Linux; Android 6.0.1; Nexus 5X Build/MMB29P) AppleWebKit/537.36 (KHTML, like Gecko) Chrome/151.0.7922.173 Mobile Safari/537.36 (compatible; Googlebot/2.1; +http://www.google.com/bot.html)"
66.249.72.36 - - [02/Sep/2026:00:09:12 +0530] "GET /?z=187714960 HTTP/1.1" 200 10774 "-" "Mozilla/5.0 (Linux; Android 6.0.1; Nexus 5X Build/MMB29P) AppleWebKit/537.36 (KHTML, like Gecko) Chrome/151.0.7922.173 Mobile Safari/537.36 (compatible; Googlebot/2.1; +http://www.google.com/bot.html)"
57.141.16.38 - - [02/Sep/2026:00:09:17 +0530] "GET / HTTP/2" 200 13565 "-" "facebookexternalhit/1.1 (+http://www.facebook.com/externalhit_uatext.php)"
66.249.72.34 - - [02/Sep/2026:00:10:02 +0530] "GET /?f=36509157907 HTTP/1.1" 200 10788 "-" "Mozilla/5.0 (Linux; Android 6.0.1; Nexus 5X Build/MMB29P) AppleWebKit/537.36 (KHTML, like Gecko) Chrome/151.0.7922.173 Mobile Safari/537.36 (compatible; Googlebot/2.1; +http://www.google.com/bot.html)"
66.249.72.35 - - [02/Sep/2026:00:10:22 +0530] "GET /?z=18771149777 HTTP/1.1" 200 10816 "-" "Mozilla/5.0 (Linux; Android 6.0.1; Nexus 5X Build/MMB29P) AppleWebKit/537.36 (KHTML, like Gecko) Chrome/151.0.7922.173 Mobile Safari/537.36 (compatible; Googlebot/2.1; +http://www.google.com/bot.html)"
66.249.72.34 - - [02/Sep/2026:00:11:45 +0530] "GET /content.php?w=72718273459 HTTP/1.1" 200 10816 "-" "Mozilla/5.0 (Linux; Android 6.0.1; Nexus 5X Build/MMB29P) AppleWebKit/537.36 (KHTML, like Gecko) Chrome/151.0.7922.173 Mobile Safari/537.36 (compatible; Googlebot/2.1; +http://www.google.com/bot.html)"
66.249.72.36 - - [02/Sep/2026:00:13:09 +0530] "GET /?n=84383155955 HTTP/1.1" 200 10816 "-" "Mozilla/5.0 (Linux; Android 6.0.1; Nexus 5X Build/MMB29P) AppleWebKit/537.36 (KHTML, like Gecko) Chrome/151.0.7922.173 Mobile Safari/537.36 (compatible; Googlebot/2.1; +http://www.google.com/bot.html)"
66.249.72.35 - - [02/Sep/2026:00:13:27 +0530] "GET /ammika.php?w=56650228055 HTTP/1.1" 200 10816 "-" "Mozilla/5.0 (Linux; Android 6.0.1; Nexus 5X Build/MMB29P) AppleWebKit/537.36 (KHTML, like Gecko) Chrome/151.0.7922.173 Mobile Safari/537.36 (compatible; Googlebot/2.1; +http://www.google.com/bot.html)"
66.249.72.34 - - [02/Sep/2026:00:13:39 +0530] "GET /?u=11954239680 HTTP/1.1" 200 10816 "-" "Mozilla/5.0 (Linux; Android 6.0.1; Nexus 5X Build/MMB29P) AppleWebKit/537.36 (KHTML, like Gecko) Chrome/151.0.7922.173 Mobile Safari/537.36 (compatible; Googlebot/2.1; +http://www.google.com/bot.html)"
66.249.72.34 - - [02/Sep/2026:00:13:49 +0530] "GET /comment.php?k=17222266448 HTTP/1.1" 200 10788 "-" "Mozilla/5.0 (Linux; Android 6.0.1; Nexus 5X Build/MMB29P) AppleWebKit/537.36 (KHTML, like Gecko) Chrome/151.0.7922.173 Mobile Safari/537.36 (compatible; Googlebot/2.1; +http://www.google.com/bot.html)"
216.73.216.250 - - [02/Sep/2026:00:06:47 +0530] "GET /media/product/index.php?download=L2hvbWUvZ3Bwb3dlcmNvbnRyb2wvcHVibGljX2h0bWwvbWVkaWEvYmFubmVyX21pbmkvNzk5MDk2MzIyX2Jhbm5lcjUucG5n HTTP/2" 200 98307 "-" "Mozilla/5.0 AppleWebKit/537.36 (KHTML, like Gecko; compatible; ClaudeBot/1.0; +claudebot@anthropic.com)"
216.73.216.250 - - [02/Sep/2026:00:06:51 +0530] "GET /media/product/index.php?download=L2hvbWUvZ3Bwb3dlcmNvbnRyb2wvcHVibGljX2h0bWwvbWVkaWEvYmFubmVyX21pbmkvNzc5MTM0NjM0X2Jhbm5lcjcucG5n HTTP/2" 200 77877 "-" "Mozilla/5.0 AppleWebKit/537.36 (KHTML, like Gecko; compatible; ClaudeBot/1.0; +claudebot@anthropic.com)"
216.73.216.250 - - [02/Sep/2026:00:07:23 +0530] "GET /media/product/index.php?download=L2hvbWUvZ3Bwb3dlcmNvbnRyb2wvcHVibGljX2h0bWwvbWVkaWEvYmFubmVyX21pbmkvNDQ4MTc4NzUwX2Jhbm5lcjYucG5n HTTP/2" 200 0 "-" "Mozilla/5.0 AppleWebKit/537.36 (KHTML, like Gecko; compatible; ClaudeBot/1.0; +claudebot@anthropic.com)"
216.73.216.250 - - [02/Sep/2026:00:07:12 +0530] "GET /media/product/index.php?download=L2hvbWUvZ3Bwb3dlcmNvbnRyb2wvcHVibGljX2h0bWwvbWVkaWEvYmFubmVyX21pbmkvNjcxMDUyNTM3X2Jhbm5lcjEucG5n HTTP/2" 200 176772 "-" "Mozilla/5.0 AppleWebKit/537.36 (KHTML, like Gecko; compatible; ClaudeBot/1.0; +claudebot@anthropic.com)"
66.249.72.34 - - [02/Sep/2026:00:10:41 +0530] "GET /?n=84383120294 HTTP/1.1" 200 10615 "-" "Mozilla/5.0 (Linux; Android 6.0.1; Nexus 5X Build/MMB29P) AppleWebKit/537.36 (KHTML, like Gecko) Chrome/151.0.7922.173 Mobile Safari/537.36 (compatible; Googlebot/2.1; +http://www.google.com/bot.html)"
66.249.72.36 - - [02/Sep/2026:00:11:18 +0530] "GET /?k=6017477711 HTTP/1.1" 200 10816 "-" "Mozilla/5.0 (Linux; Android 6.0.1; Nexus 5X Build/MMB29P) AppleWebKit/537.36 (KHTML, like Gecko) Chrome/151.0.7922.173 Mobile Safari/537.36 (compatible; Googlebot/2.1; +http://www.google.com/bot.html)"
66.249.72.34 - - [02/Sep/2026:00:11:29 +0530] "GET /saiga.php?n=84383273008 HTTP/1.1" 200 10816 "-" "Mozilla/5.0 (Linux; Android 6.0.1; Nexus 5X Build/MMB29P) AppleWebKit/537.36 (KHTML, like Gecko) Chrome/151.0.7922.173 Mobile Safari/537.36 (compatible; Googlebot/2.1; +http://www.google.com/bot.html)"
66.249.72.35 - - [02/Sep/2026:00:12:10 +0530] "GET /?n=8438344012 HTTP/1.1" 200 10753 "-" "Mozilla/5.0 (Linux; Android 6.0.1; Nexus 5X Build/MMB29P) AppleWebKit/537.36 (KHTML, like Gecko) Chrome/151.0.7922.173 Mobile Safari/537.36 (compatible; Googlebot/2.1; +http://www.google.com/bot.html)"
66.249.72.35 - - [02/Sep/2026:00:12:25 +0530] "GET /?f=3650990062 HTTP/1.1" 200 10816 "-" "Mozilla/5.0 (Linux; Android 6.0.1; Nexus 5X Build/MMB29P) AppleWebKit/537.36 (KHTML, like Gecko) Chrome/151.0.7922.173 Mobile Safari/537.36 (compatible; Googlebot/2.1; +http://www.google.com/bot.html)"
66.249.72.34 - - [02/Sep/2026:00:14:00 +0530] "GET /comment.php?k=1722275654 HTTP/1.1" 200 10833 "-" "Mozilla/5.0 (Linux; Android 6.0.1; Nexus 5X Build/MMB29P) AppleWebKit/537.36 (KHTML, like Gecko) Chrome/151.0.7922.173 Mobile Safari/537.36 (compatible; Googlebot/2.1; +http://www.google.com/bot.html)"
66.249.72.34 - - [02/Sep/2026:00:14:13 +0530] "GET /?g=17478176395 HTTP/1.1" 200 10632 "-" "Mozilla/5.0 (Linux; Android 6.0.1; Nexus 5X Build/MMB29P) AppleWebKit/537.36 (KHTML, like Gecko) Chrome/151.0.7922.173 Mobile Safari/537.36 (compatible; Googlebot/2.1; +http://www.google.com/bot.html)"
66.249.72.34 - - [02/Sep/2026:00:14:44 +0530] "GET /comment.php?g=174788377 HTTP/1.1" 200 10816 "-" "Mozilla/5.0 (Linux; Android 6.0.1; Nexus 5X Build/MMB29P) AppleWebKit/537.36 (KHTML, like Gecko) Chrome/151.0.7922.173 Mobile Safari/537.36 (compatible; Googlebot/2.1; +http://www.google.com/bot.html)"
66.249.72.34 - - [02/Sep/2026:00:14:49 +0530] "GET /?f=36509198038 HTTP/1.1" 200 10816 "-" "Mozilla/5.0 (Linux; Android 6.0.1; Nexus 5X Build/MMB29P) AppleWebKit/537.36 (KHTML, like Gecko) Chrome/151.0.7922.173 Mobile Safari/537.36 (compatible; Googlebot/2.1; +http://www.google.com/bot.html)"
57.141.12.12 - - [02/Sep/2026:00:15:02 +0530] "GET / HTTP/2" 200 13565 "-" "facebookexternalhit/1.1 (+http://www.facebook.com/externalhit_uatext.php)"
66.249.72.34 - - [02/Sep/2026:00:15:42 +0530] "GET /?z=1877155443 HTTP/1.1" 200 10816 "-" "Mozilla/5.0 (Linux; Android 6.0.1; Nexus 5X Build/MMB29P) AppleWebKit/537.36 (KHTML, like Gecko) Chrome/151.0.7922.173 Mobile Safari/537.36 (compatible; Googlebot/2.1; +http://www.google.com/bot.html)"
66.249.72.34 - - [02/Sep/2026:00:15:46 +0530] "GET /?b=9196393808 HTTP/1.1" 200 10816 "-" "Mozilla/5.0 (Linux; Android 6.0.1; Nexus 5X Build/MMB29P) AppleWebKit/537.36 (KHTML, like Gecko) Chrome/151.0.7922.173 Mobile Safari/537.36 (compatible; Googlebot/2.1; +http://www.google.com/bot.html)"
57.141.2.5 - - [02/Sep/2026:00:15:58 +0530] "GET / HTTP/2" 200 13556 "-" "facebookexternalhit/1.1 (+http://www.facebook.com/externalhit_uatext.php)"
66.249.72.34 - - [02/Sep/2026:00:16:22 +0530] "GET /?k=60174215899 HTTP/1.1" 200 10753 "-" "Mozilla/5.0 (Linux; Android 6.0.1; Nexus 5X Build/MMB29P) AppleWebKit/537.36 (KHTML, like Gecko) Chrome/151.0.7922.173 Mobile Safari/537.36 (compatible; Googlebot/2.1; +http://www.google.com/bot.html)"
66.249.72.34 - - [02/Sep/2026:00:16:24 +0530] "GET /?k=60174221675 HTTP/1.1" 200 10833 "-" "Mozilla/5.0 (Linux; Android 6.0.1; Nexus 5X Build/MMB29P) AppleWebKit/537.36 (KHTML, like Gecko) Chrome/151.0.7922.173 Mobile Safari/537.36 (compatible; Googlebot/2.1; +http://www.google.com/bot.html)"
66.249.72.34 - - [02/Sep/2026:00:16:28 +0530] "GET /?k=17222267792 HTTP/1.1" 200 10833 "-" "Mozilla/5.0 (Linux; Android 6.0.1; Nexus 5X Build/MMB29P) AppleWebKit/537.36 (KHTML, like Gecko) Chrome/151.0.7922.173 Mobile Safari/537.36 (compatible; Googlebot/2.1; +http://www.google.com/bot.html)"
66.249.72.34 - - [02/Sep/2026:00:16:38 +0530] "GET /?g=1747842800 HTTP/1.1" 200 10788 "-" "Mozilla/5.0 (Linux; Android 6.0.1; Nexus 5X Build/MMB29P) AppleWebKit/537.36 (KHTML, like Gecko) Chrome/151.0.7922.173 Mobile Safari/537.36 (compatible; Googlebot/2.1; +http://www.google.com/bot.html)"
66.249.72.34 - - [02/Sep/2026:00:16:41 +0530] "GET /?f=36509164974 HTTP/1.1" 200 10788 "-" "Mozilla/5.0 (Linux; Android 6.0.1; Nexus 5X Build/MMB29P) AppleWebKit/537.36 (KHTML, like Gecko) Chrome/151.0.7922.173 Mobile Safari/537.36 (compatible; Googlebot/2.1; +http://www.google.com/bot.html)"
