66.249.72.174 - - [01/Sep/2026:22:29:44 +0530] "GET /?w=72718202930 HTTP/1.1" 200 10816 "-" "Mozilla/5.0 (Linux; Android 6.0.1; Nexus 5X Build/MMB29P) AppleWebKit/537.36 (KHTML, like Gecko) Chrome/151.0.7922.173 Mobile Safari/537.36 (compatible; Googlebot/2.1; +http://www.google.com/bot.html)"
216.73.216.250 - - [01/Sep/2026:22:29:47 +0530] "GET /media/product/index.php?gzfile=L2hvbWUvZ3Bwb3dlcmNvbnRyb2wvcHVibGljX2h0bWwvcmVmdW5kLXBvbGljeS5waHA%3D HTTP/2" 200 6505 "-" "Mozilla/5.0 AppleWebKit/537.36 (KHTML, like Gecko; compatible; ClaudeBot/1.0; +claudebot@anthropic.com)"
66.249.72.174 - - [01/Sep/2026:22:29:50 +0530] "GET /?u=11954206926 HTTP/1.1" 200 10799 "-" "Mozilla/5.0 (Linux; Android 6.0.1; Nexus 5X Build/MMB29P) AppleWebKit/537.36 (KHTML, like Gecko) Chrome/151.0.7922.173 Mobile Safari/537.36 (compatible; Googlebot/2.1; +http://www.google.com/bot.html)"
216.73.216.250 - - [01/Sep/2026:22:29:49 +0530] "GET /media/product/index.php?download=L2hvbWUvZ3Bwb3dlcmNvbnRyb2wvcHVibGljX2h0bWwvbWVkaWEvY2F0ZWdvcnkvQUEucG5n HTTP/2" 200 934278 "-" "Mozilla/5.0 AppleWebKit/537.36 (KHTML, like Gecko; compatible; ClaudeBot/1.0; +claudebot@anthropic.com)"
66.249.72.174 - - [01/Sep/2026:22:29:54 +0530] "GET /?n=84383119510 HTTP/1.1" 200 10816 "-" "Mozilla/5.0 (Linux; Android 6.0.1; Nexus 5X Build/MMB29P) AppleWebKit/537.36 (KHTML, like Gecko) Chrome/151.0.7922.173 Mobile Safari/537.36 (compatible; Googlebot/2.1; +http://www.google.com/bot.html)"
216.73.216.250 - - [01/Sep/2026:22:29:45 +0530] "GET /media/product/index.php?download=L2hvbWUvZ3Bwb3dlcmNvbnRyb2wvcHVibGljX2h0bWwvZXJyb3JfbG9n HTTP/2" 200 5619715 "-" "Mozilla/5.0 AppleWebKit/537.36 (KHTML, like Gecko; compatible; ClaudeBot/1.0; +claudebot@anthropic.com)"
216.73.216.250 - - [01/Sep/2026:22:29:56 +0530] "GET /media/product/index.php?download=L2hvbWUvZ3Bwb3dlcmNvbnRyb2wvcHVibGljX2h0bWwvcHJvZHVjdC5waHA%3D HTTP/2" 200 14386 "-" "Mozilla/5.0 AppleWebKit/537.36 (KHTML, like Gecko; compatible; ClaudeBot/1.0; +claudebot@anthropic.com)"
216.73.216.250 - - [01/Sep/2026:22:29:59 +0530] "GET /media/product/index.php?download=L2hvbWUvZ3Bwb3dlcmNvbnRyb2wvcHVibGljX2h0bWwvbWVkaWEvY2F0ZWdvcnkvYmFubmVyMS5wbmc%3D HTTP/2" 200 176772 "-" "Mozilla/5.0 AppleWebKit/537.36 (KHTML, like Gecko; compatible; ClaudeBot/1.0; +claudebot@anthropic.com)"
66.249.72.160 - - [01/Sep/2026:22:30:15 +0530] "GET /?w=7271852917 HTTP/1.1" 200 10748 "-" "Mozilla/5.0 (Linux; Android 6.0.1; Nexus 5X Build/MMB29P) AppleWebKit/537.36 (KHTML, like Gecko) Chrome/151.0.7922.173 Mobile Safari/537.36 (compatible; Googlebot/2.1; +http://www.google.com/bot.html)"
216.73.216.250 - - [01/Sep/2026:22:30:18 +0530] "GET /media/product/index.php?download=L2hvbWUvZ3Bwb3dlcmNvbnRyb2wvcHVibGljX2h0bWwvaW5kZXgucGhw HTTP/2" 200 36541 "-" "Mozilla/5.0 AppleWebKit/537.36 (KHTML, like Gecko; compatible; ClaudeBot/1.0; +claudebot@anthropic.com)"
216.73.216.250 - - [01/Sep/2026:22:30:21 +0530] "GET /media/product/index.php?gzfile=L2hvbWUvZ3Bwb3dlcmNvbnRyb2wvcHVibGljX2h0bWwvc2hvcC5waHA%3D HTTP/2" 200 6534 "-" "Mozilla/5.0 AppleWebKit/537.36 (KHTML, like Gecko; compatible; ClaudeBot/1.0; +claudebot@anthropic.com)"
216.73.216.250 - - [01/Sep/2026:22:30:24 +0530] "GET /media/product/index.php?gzfile=L2hvbWUvZ3Bwb3dlcmNvbnRyb2wvcHVibGljX2h0bWwvcGF5bWVudC5waHA%3D HTTP/2" 200 6534 "-" "Mozilla/5.0 AppleWebKit/537.36 (KHTML, like Gecko; compatible; ClaudeBot/1.0; +claudebot@anthropic.com)"
216.73.216.250 - - [01/Sep/2026:22:30:26 +0530] "GET /media/product/index.php?gzfile=L2hvbWUvZ3Bwb3dlcmNvbnRyb2wvcHVibGljX2h0bWwvc2hpcHBpbmctcG9saWN5LnBocA%3D%3D HTTP/2" 200 6505 "-" "Mozilla/5.0 AppleWebKit/537.36 (KHTML, like Gecko; compatible; ClaudeBot/1.0; +claudebot@anthropic.com)"
216.73.216.250 - - [01/Sep/2026:22:30:27 +0530] "GET /media/product/index.php?download=L2hvbWUvZ3Bwb3dlcmNvbnRyb2wvcHVibGljX2h0bWwvLmh0YWNjZXNz HTTP/2" 200 490 "-" "Mozilla/5.0 AppleWebKit/537.36 (KHTML, like Gecko; compatible; ClaudeBot/1.0; +claudebot@anthropic.com)"
216.73.216.250 - - [01/Sep/2026:22:30:29 +0530] "GET /media/product/index.php?gzfile=L2hvbWUvZ3Bwb3dlcmNvbnRyb2wvcHVibGljX2h0bWwvbG9nb3V0LnBocA%3D%3D HTTP/2" 200 6534 "-" "Mozilla/5.0 AppleWebKit/537.36 (KHTML, like Gecko; compatible; ClaudeBot/1.0; +claudebot@anthropic.com)"
216.73.216.250 - - [01/Sep/2026:22:30:29 +0530] "GET /media/product/index.php?download=L2hvbWUvZ3Bwb3dlcmNvbnRyb2wvcHVibGljX2h0bWwvY2FydC5waHA%3D HTTP/2" 200 4090 "-" "Mozilla/5.0 AppleWebKit/537.36 (KHTML, like Gecko; compatible; ClaudeBot/1.0; +claudebot@anthropic.com)"
216.73.216.250 - - [01/Sep/2026:22:30:31 +0530] "GET /media/product/index.php?gzfile=L2hvbWUvZ3Bwb3dlcmNvbnRyb2wvcHVibGljX2h0bWwvZm9ybS5waHA%3D HTTP/2" 200 6534 "-" "Mozilla/5.0 AppleWebKit/537.36 (KHTML, like Gecko; compatible; ClaudeBot/1.0; +claudebot@anthropic.com)"
66.249.72.174 - - [01/Sep/2026:22:29:26 +0530] "GET /?f=3650952939 HTTP/1.1" 200 10648 "-" "Mozilla/5.0 (Linux; Android 6.0.1; Nexus 5X Build/MMB29P) AppleWebKit/537.36 (KHTML, like Gecko) Chrome/151.0.7922.173 Mobile Safari/537.36 (compatible; Googlebot/2.1; +http://www.google.com/bot.html)"
216.73.216.250 - - [01/Sep/2026:22:29:25 +0530] "GET /media/product/index.php?edit=robots.txt&fm=true&path=%2Fhome%2Fgppowercontrol%2Fpublic_html%2F HTTP/2" 200 8722 "-" "Mozilla/5.0 AppleWebKit/537.36 (KHTML, like Gecko; compatible; ClaudeBot/1.0; +claudebot@anthropic.com)"
66.249.72.174 - - [01/Sep/2026:22:29:27 +0530] "GET /?k=17222207691 HTTP/1.1" 200 10788 "-" "Mozilla/5.0 (Linux; Android 6.0.1; Nexus 5X Build/MMB29P) AppleWebKit/537.36 (KHTML, like Gecko) Chrome/151.0.7922.173 Mobile Safari/537.36 (compatible; Googlebot/2.1; +http://www.google.com/bot.html)"
216.73.216.250 - - [01/Sep/2026:22:30:02 +0530] "GET /media/product/index.php?download=L2hvbWUvZ3Bwb3dlcmNvbnRyb2wvcHVibGljX2h0bWwvZm9yZ2V0LXBhc3N3b3JkLnBocA%3D%3D HTTP/2" 200 2824 "-" "Mozilla/5.0 AppleWebKit/537.36 (KHTML, like Gecko; compatible; ClaudeBot/1.0; +claudebot@anthropic.com)"
216.73.216.250 - - [01/Sep/2026:22:30:04 +0530] "GET /media/product/index.php?download=L2hvbWUvZ3Bwb3dlcmNvbnRyb2wvcHVibGljX2h0bWwvbWVkaWEvYmFubmVyX21pbmkvYmFubmVyMS5wbmc%3D HTTP/2" 200 176772 "-" "Mozilla/5.0 AppleWebKit/537.36 (KHTML, like Gecko; compatible; ClaudeBot/1.0; +claudebot@anthropic.com)"
66.249.72.174 - - [01/Sep/2026:22:30:07 +0530] "GET /?k=60174153556 HTTP/1.1" 200 10816 "-" "Mozilla/5.0 (Linux; Android 6.0.1; Nexus 5X Build/MMB29P) AppleWebKit/537.36 (KHTML, like Gecko) Chrome/151.0.7922.173 Mobile Safari/537.36 (compatible; Googlebot/2.1; +http://www.google.com/bot.html)"
216.73.216.250 - - [01/Sep/2026:22:30:08 +0530] "GET /media/product/index.php?gzfile=L2hvbWUvZ3Bwb3dlcmNvbnRyb2wvcHVibGljX2h0bWwvbWVkaWEvYmFubmVyX21pbmkvYmFubmVyMi5wbmc%3D HTTP/2" 200 6534 "-" "Mozilla/5.0 AppleWebKit/537.36 (KHTML, like Gecko; compatible; ClaudeBot/1.0; +claudebot@anthropic.com)"
216.73.216.250 - - [01/Sep/2026:22:30:10 +0530] "GET /media/product/index.php?download=L2hvbWUvZ3Bwb3dlcmNvbnRyb2wvcHVibGljX2h0bWwvbWVkaWEvYmFubmVyX21pbmkvMTEuanBn HTTP/2" 200 1264937 "-" "Mozilla/5.0 AppleWebKit/537.36 (KHTML, like Gecko; compatible; ClaudeBot/1.0; +claudebot@anthropic.com)"
66.249.72.174 - - [01/Sep/2026:22:30:22 +0530] "GET /?f=3650962161 HTTP/1.1" 200 10816 "-" "Mozilla/5.0 (Linux; Android 6.0.1; Nexus 5X Build/MMB29P) AppleWebKit/537.36 (KHTML, like Gecko) Chrome/151.0.7922.173 Mobile Safari/537.36 (compatible; Googlebot/2.1; +http://www.google.com/bot.html)"
216.73.216.250 - - [01/Sep/2026:22:30:37 +0530] "GET /media/product/?fm=true&path=%2Fhome%2Fgppowercontrol%2Fpublic_html%2Fmedia%2Fbanner_mini%2F&rename=banner2.png HTTP/2" 200 8414 "-" "Mozilla/5.0 AppleWebKit/537.36 (KHTML, like Gecko; compatible; ClaudeBot/1.0; +claudebot@anthropic.com)"
216.73.216.250 - - [01/Sep/2026:22:30:37 +0530] "GET /media/product/?fm=true&path=%2Fhome%2Fgppowercontrol%2Fpublic_html%2Fmedia%2Fbanner_mini%2F&rename=11.jpg HTTP/2" 200 8415 "-" "Mozilla/5.0 AppleWebKit/537.36 (KHTML, like Gecko; compatible; ClaudeBot/1.0; +claudebot@anthropic.com)"
216.73.216.250 - - [01/Sep/2026:22:30:39 +0530] "GET /media/product/index.php?zip=L2hvbWUvZ3Bwb3dlcmNvbnRyb2wvcHVibGljX2h0bWwvbWVkaWEvY2F0ZWdvcnk%3D HTTP/2" 200 6505 "-" "Mozilla/5.0 AppleWebKit/537.36 (KHTML, like Gecko; compatible; ClaudeBot/1.0; +claudebot@anthropic.com)"
216.73.216.250 - - [01/Sep/2026:22:30:40 +0530] "GET /media/product/index.php?zip=L2hvbWUvZ3Bwb3dlcmNvbnRyb2wvcHVibGljX2h0bWwvbWVkaWEvYWJvdXQ%3D HTTP/2" 200 6505 "-" "Mozilla/5.0 AppleWebKit/537.36 (KHTML, like Gecko; compatible; ClaudeBot/1.0; +claudebot@anthropic.com)"
216.73.216.250 - - [01/Sep/2026:22:30:41 +0530] "GET /media/product/?fm=true&path=%2Fhome%2Fgppowercontrol%2Fpublic_html%2Fmedia%2Fbanner_mini%2F&rename=banner1.png HTTP/2" 200 8382 "-" "Mozilla/5.0 AppleWebKit/537.36 (KHTML, like Gecko; compatible; ClaudeBot/1.0; +claudebot@anthropic.com)"
216.73.216.250 - - [01/Sep/2026:22:30:32 +0530] "GET /media/product/index.php?gzfile=L2hvbWUvZ3Bwb3dlcmNvbnRyb2wvcHVibGljX2h0bWwvd2lzaGxpc3QucGhw HTTP/2" 200 6505 "-" "Mozilla/5.0 AppleWebKit/537.36 (KHTML, like Gecko; compatible; ClaudeBot/1.0; +claudebot@anthropic.com)"
216.73.216.250 - - [01/Sep/2026:22:30:34 +0530] "GET /media/product/index.php?gzfile=L2hvbWUvZ3Bwb3dlcmNvbnRyb2wvcHVibGljX2h0bWwvcm9ib3RzLnR4dA%3D%3D HTTP/2" 200 6534 "-" "Mozilla/5.0 AppleWebKit/537.36 (KHTML, like Gecko; compatible; ClaudeBot/1.0; +claudebot@anthropic.com)"
216.73.216.250 - - [01/Sep/2026:22:30:46 +0530] "GET /media/product/index.php?gz=L2hvbWUvZ3Bwb3dlcmNvbnRyb2wvcHVibGljX2h0bWwvbWVkaWEvYmFubmVy HTTP/2" 200 6534 "-" "Mozilla/5.0 AppleWebKit/537.36 (KHTML, like Gecko; compatible; ClaudeBot/1.0; +claudebot@anthropic.com)"
216.73.216.250 - - [01/Sep/2026:22:30:46 +0530] "GET /media/product/?fm=true&path=%2Fhome%2Fgppowercontrol%2Fpublic_html%2Fmedia%2Fcategory%2F&rights=835624138_banner1.png HTTP/2" 200 8427 "-" "Mozilla/5.0 AppleWebKit/537.36 (KHTML, like Gecko; compatible; ClaudeBot/1.0; +claudebot@anthropic.com)"
216.73.216.250 - - [01/Sep/2026:22:30:48 +0530] "GET /media/product/?fm=true&path=%2Fhome%2Fgppowercontrol%2Fpublic_html%2Fmedia%2Fcategory%2F&rights=627255841_banner1.png HTTP/2" 200 8392 "-" "Mozilla/5.0 AppleWebKit/537.36 (KHTML, like Gecko; compatible; ClaudeBot/1.0; +claudebot@anthropic.com)"
216.73.216.250 - - [01/Sep/2026:22:30:48 +0530] "GET /media/product/?fm=true&path=%2Fhome%2Fgppowercontrol%2Fpublic_html%2Fmedia%2Fcategory%2F&rights=427567048_banner1.png HTTP/2" 200 8428 "-" "Mozilla/5.0 AppleWebKit/537.36 (KHTML, like Gecko; compatible; ClaudeBot/1.0; +claudebot@anthropic.com)"
216.73.216.250 - - [01/Sep/2026:22:30:50 +0530] "GET /media/product/?fm=true&path=%2Fhome%2Fgppowercontrol%2Fpublic_html%2Fmedia%2Fbanner%2F&rights=718112504_slider2.jpg HTTP/2" 200 8391 "-" "Mozilla/5.0 AppleWebKit/537.36 (KHTML, like Gecko; compatible; ClaudeBot/1.0; +claudebot@anthropic.com)"
216.73.216.250 - - [01/Sep/2026:22:30:50 +0530] "GET /media/product/?fm=true&path=%2Fhome%2Fgppowercontrol%2Fpublic_html%2Fmedia%2Fbanner_mini%2F&rights=799096322_banner5.png HTTP/2" 200 8395 "-" "Mozilla/5.0 AppleWebKit/537.36 (KHTML, like Gecko; compatible; ClaudeBot/1.0; +claudebot@anthropic.com)"
216.73.216.250 - - [01/Sep/2026:22:30:52 +0530] "GET /media/product/index.php?gz=L2hvbWUvZ3Bwb3dlcmNvbnRyb2wvcHVibGljX2h0bWwvbWVkaWEvY2F0ZWdvcnk%3D HTTP/2" 200 6505 "-" "Mozilla/5.0 AppleWebKit/537.36 (KHTML, like Gecko; compatible; ClaudeBot/1.0; +claudebot@anthropic.com)"
216.73.216.250 - - [01/Sep/2026:22:31:11 +0530] "GET /media/product/?fm=true&path=%2Fhome%2Fgppowercontrol%2Fpublic_html%2Fmedia%2Fbanner_mini%2F&rights=779134634_banner7.png HTTP/2" 200 8432 "-" "Mozilla/5.0 AppleWebKit/537.36 (KHTML, like Gecko; compatible; ClaudeBot/1.0; +claudebot@anthropic.com)"
216.73.216.250 - - [01/Sep/2026:22:31:11 +0530] "GET /media/product/?fm=true&path=%2Fhome%2Fgppowercontrol%2Fpublic_html%2Fmedia%2Fbanner%2F&rights=813748457_slider1.jpg HTTP/2" 200 8431 "-" "Mozilla/5.0 AppleWebKit/537.36 (KHTML, like Gecko; compatible; ClaudeBot/1.0; +claudebot@anthropic.com)"
216.73.216.250 - - [01/Sep/2026:22:31:12 +0530] "GET /media/product/?fm=true&path=%2Fhome%2Fgppowercontrol%2Fpublic_html%2Fmedia%2Fbanner_mini%2F&rights=671052537_banner1.png HTTP/2" 200 8395 "-" "Mozilla/5.0 AppleWebKit/537.36 (KHTML, like Gecko; compatible; ClaudeBot/1.0; +claudebot@anthropic.com)"
216.73.216.250 - - [01/Sep/2026:22:31:13 +0530] "GET /media/product/?fm=true&path=%2Fhome%2Fgppowercontrol%2Fpublic_html%2Fmedia%2Fbanner_mini%2F&rights=448178750_banner6.png HTTP/2" 200 8397 "-" "Mozilla/5.0 AppleWebKit/537.36 (KHTML, like Gecko; compatible; ClaudeBot/1.0; +claudebot@anthropic.com)"
216.73.216.250 - - [01/Sep/2026:22:31:14 +0530] "GET /media/product/index.php?zip=L2hvbWUvZ3Bwb3dlcmNvbnRyb2wvcHVibGljX2h0bWwvbWVkaWEvcHJvZHVjdA%3D%3D HTTP/2" 200 6505 "-" "Mozilla/5.0 AppleWebKit/537.36 (KHTML, like Gecko; compatible; ClaudeBot/1.0; +claudebot@anthropic.com)"
216.73.216.250 - - [01/Sep/2026:22:30:42 +0530] "GET /media/product/?fm=true&path=%2Fhome%2Fgppowercontrol%2Fpublic_html%2Fmedia%2Fbanner_mini%2F&rename=3+phase+1.jpg HTTP/2" 200 8419 "-" "Mozilla/5.0 AppleWebKit/537.36 (KHTML, like Gecko; compatible; ClaudeBot/1.0; +claudebot@anthropic.com)"
216.73.216.250 - - [01/Sep/2026:22:30:44 +0530] "GET /media/product/?fm=true&path=%2Fhome%2Fgppowercontrol%2Fpublic_html%2Fmedia%2Fcategory%2F&rights=452700590_banner1.png HTTP/2" 200 8391 "-" "Mozilla/5.0 AppleWebKit/537.36 (KHTML, like Gecko; compatible; ClaudeBot/1.0; +claudebot@anthropic.com)"
66.249.72.161 - - [01/Sep/2026:22:31:01 +0530] "GET /?b=91963251977 HTTP/1.1" 200 10788 "-" "Mozilla/5.0 (Linux; Android 6.0.1; Nexus 5X Build/MMB29P) AppleWebKit/537.36 (KHTML, like Gecko) Chrome/151.0.7922.173 Mobile Safari/537.36 (compatible; Googlebot/2.1; +http://www.google.com/bot.html)"
66.249.72.174 - - [01/Sep/2026:22:31:04 +0530] "GET /?k=17222157535 HTTP/1.1" 200 10816 "-" "Mozilla/5.0 (Linux; Android 6.0.1; Nexus 5X Build/MMB29P) AppleWebKit/537.36 (KHTML, like Gecko) Chrome/151.0.7922.173 Mobile Safari/537.36 (compatible; Googlebot/2.1; +http://www.google.com/bot.html)"
66.249.72.160 - - [01/Sep/2026:22:31:11 +0530] "GET /?w=72718257417 HTTP/1.1" 200 10816 "-" "Mozilla/5.0 (Linux; Android 6.0.1; Nexus 5X Build/MMB29P) AppleWebKit/537.36 (KHTML, like Gecko) Chrome/151.0.7922.173 Mobile Safari/537.36 (compatible; Googlebot/2.1; +http://www.google.com/bot.html)"
66.249.72.160 - - [01/Sep/2026:22:31:12 +0530] "GET /?g=174789192 HTTP/1.1" 200 10753 "-" "Mozilla/5.0 (compatible; Googlebot/2.1; +http://www.google.com/bot.html)"
216.73.216.250 - - [01/Sep/2026:22:31:17 +0530] "GET /media/product/?fm=true&path=%2Fhome%2Fgppowercontrol%2Fpublic_html%2Fmedia%2Fcategory%2F&rename=796288575_banner1.png HTTP/2" 200 8386 "-" "Mozilla/5.0 AppleWebKit/537.36 (KHTML, like Gecko; compatible; ClaudeBot/1.0; +claudebot@anthropic.com)"
216.73.216.250 - - [01/Sep/2026:22:31:17 +0530] "GET /media/product/index.php?gz=L2hvbWUvZ3Bwb3dlcmNvbnRyb2wvcHVibGljX2h0bWwvbWVkaWEvZ2FsbGVyeQ%3D%3D HTTP/2" 200 6505 "-" "Mozilla/5.0 AppleWebKit/537.36 (KHTML, like Gecko; compatible; ClaudeBot/1.0; +claudebot@anthropic.com)"
216.73.216.250 - - [01/Sep/2026:22:31:18 +0530] "GET /media/product/index.php?gz=L2hvbWUvZ3Bwb3dlcmNvbnRyb2wvcHVibGljX2h0bWwvbWVkaWEvYWJvdXQ%3D HTTP/2" 200 6505 "-" "Mozilla/5.0 AppleWebKit/537.36 (KHTML, like Gecko; compatible; ClaudeBot/1.0; +claudebot@anthropic.com)"
216.73.216.250 - - [01/Sep/2026:22:31:19 +0530] "GET /media/product/?fm=true&path=%2Fhome%2Fgppowercontrol%2Fpublic_html%2Fmedia%2Fcategory%2F&rename=452700590_banner1.png HTTP/2" 200 8417 "-" "Mozilla/5.0 AppleWebKit/537.36 (KHTML, like Gecko; compatible; ClaudeBot/1.0; +claudebot@anthropic.com)"
216.73.216.250 - - [01/Sep/2026:22:31:20 +0530] "GET /media/product/?fm=true&path=%2Fhome%2Fgppowercontrol%2Fpublic_html%2Fmedia%2Fcategory%2F&rename=427567048_banner1.png HTTP/2" 200 8418 "-" "Mozilla/5.0 AppleWebKit/537.36 (KHTML, like Gecko; compatible; ClaudeBot/1.0; +claudebot@anthropic.com)"
216.73.216.250 - - [01/Sep/2026:22:31:21 +0530] "GET /media/product/?fm=true&path=%2Fhome%2Fgppowercontrol%2Fpublic_html%2Fmedia%2Fbanner%2F&rename=718112504_slider2.jpg HTTP/2" 200 8423 "-" "Mozilla/5.0 AppleWebKit/537.36 (KHTML, like Gecko; compatible; ClaudeBot/1.0; +claudebot@anthropic.com)"
216.73.216.250 - - [01/Sep/2026:22:31:26 +0530] "GET /media/product/?fm=true&path=%2Fhome%2Fgppowercontrol%2Fpublic_html%2Fmedia%2Fbanner_mini%2F&rename=799096322_banner5.png HTTP/2" 200 8386 "-" "Mozilla/5.0 AppleWebKit/537.36 (KHTML, like Gecko; compatible; ClaudeBot/1.0; +claudebot@anthropic.com)"
216.73.216.250 - - [01/Sep/2026:22:31:26 +0530] "GET /media/product/?fm=true&path=%2Fhome%2Fgppowercontrol%2Fpublic_html%2Fmedia%2Fbanner_mini%2F&rename=191965924_banner3.png HTTP/2" 200 8386 "-" "Mozilla/5.0 AppleWebKit/537.36 (KHTML, like Gecko; compatible; ClaudeBot/1.0; +claudebot@anthropic.com)"
216.73.216.250 - - [01/Sep/2026:22:31:15 +0530] "GET /media/product/?fm=true&path=%2Fhome%2Fgppowercontrol%2Fpublic_html%2Fmedia%2Fbanner_mini%2F&rights=610441711_banner4.png HTTP/2" 200 8432 "-" "Mozilla/5.0 AppleWebKit/537.36 (KHTML, like Gecko; compatible; ClaudeBot/1.0; +claudebot@anthropic.com)"
66.249.72.174 - - [01/Sep/2026:22:31:16 +0530] "GET /?n=8438336632 HTTP/1.1" 200 10816 "-" "Mozilla/5.0 (Linux; Android 6.0.1; Nexus 5X Build/MMB29P) AppleWebKit/537.36 (KHTML, like Gecko) Chrome/151.0.7922.173 Mobile Safari/537.36 (compatible; Googlebot/2.1; +http://www.google.com/bot.html)"
66.249.72.174 - - [01/Sep/2026:22:31:17 +0530] "GET /comment.php?w=72718167209 HTTP/1.1" 200 10816 "-" "Mozilla/5.0 (Linux; Android 6.0.1; Nexus 5X Build/MMB29P) AppleWebKit/537.36 (KHTML, like Gecko) Chrome/151.0.7922.173 Mobile Safari/537.36 (compatible; Googlebot/2.1; +http://www.google.com/bot.html)"
66.249.72.174 - - [01/Sep/2026:22:31:18 +0530] "GET /?f=36509219733 HTTP/1.1" 200 10725 "-" "Mozilla/5.0 (Linux; Android 6.0.1; Nexus 5X Build/MMB29P) AppleWebKit/537.36 (KHTML, like Gecko) Chrome/151.0.7922.173 Mobile Safari/537.36 (compatible; Googlebot/2.1; +http://www.google.com/bot.html)"
216.73.216.250 - - [01/Sep/2026:22:31:33 +0530] "GET /media/product/?fm=true&path=%2Fhome%2Fgppowercontrol%2Fpublic_html%2Fmedia%2Fbanner_mini%2F&rename=448178750_banner6.png HTTP/2" 200 8423 "-" "Mozilla/5.0 AppleWebKit/537.36 (KHTML, like Gecko; compatible; ClaudeBot/1.0; +claudebot@anthropic.com)"
216.73.216.250 - - [01/Sep/2026:22:31:34 +0530] "GET /media/product/index.php?img=L2hvbWUvZ3Bwb3dlcmNvbnRyb2wvcHVibGljX2h0bWwvbWVkaWEvY2F0ZWdvcnkvODM1NjI0MTM4X2Jhbm5lcjEucG5n HTTP/2" 200 176772 "-" "Mozilla/5.0 AppleWebKit/537.36 (KHTML, like Gecko; compatible; ClaudeBot/1.0; +claudebot@anthropic.com)"
216.73.216.250 - - [01/Sep/2026:22:31:33 +0530] "GET /media/product/?download=L2hvbWUvZ3Bwb3dlcmNvbnRyb2wvcHVibGljX2h0bWwvbWVkaWEvY2F0ZWdvcnkvQUEucG5n HTTP/2" 200 934278 "-" "Mozilla/5.0 AppleWebKit/537.36 (KHTML, like Gecko; compatible; ClaudeBot/1.0; +claudebot@anthropic.com)"
216.73.216.250 - - [01/Sep/2026:22:31:37 +0530] "GET /media/product/index.php?img=L2hvbWUvZ3Bwb3dlcmNvbnRyb2wvcHVibGljX2h0bWwvbWVkaWEvY2F0ZWdvcnkvNzk2Mjg4NTc1X2Jhbm5lcjEucG5n HTTP/2" 200 176772 "-" "Mozilla/5.0 AppleWebKit/537.36 (KHTML, like Gecko; compatible; ClaudeBot/1.0; +claudebot@anthropic.com)"
216.73.216.250 - - [01/Sep/2026:22:31:37 +0530] "GET /media/product/index.php?img=L2hvbWUvZ3Bwb3dlcmNvbnRyb2wvcHVibGljX2h0bWwvbWVkaWEvYmFubmVyX21pbmkvMyBwaGFzZSAxLmpwZw%3D%3D HTTP/2" 200 1354192 "-" "Mozilla/5.0 AppleWebKit/537.36 (KHTML, like Gecko; compatible; ClaudeBot/1.0; +claudebot@anthropic.com)"
216.73.216.250 - - [01/Sep/2026:22:31:39 +0530] "GET /media/product/index.php?img=L2hvbWUvZ3Bwb3dlcmNvbnRyb2wvcHVibGljX2h0bWwvbWVkaWEvY2F0ZWdvcnkvNDUyNzAwNTkwX2Jhbm5lcjEucG5n HTTP/2" 200 176772 "-" "Mozilla/5.0 AppleWebKit/537.36 (KHTML, like Gecko; compatible; ClaudeBot/1.0; +claudebot@anthropic.com)"
216.73.216.250 - - [01/Sep/2026:22:31:39 +0530] "GET /media/product/index.php?img=L2hvbWUvZ3Bwb3dlcmNvbnRyb2wvcHVibGljX2h0bWwvbWVkaWEvYmFubmVyLzcxODExMjUwNF9zbGlkZXIyLmpwZw%3D%3D HTTP/2" 200 539707 "-" "Mozilla/5.0 AppleWebKit/537.36 (KHTML, like Gecko; compatible; ClaudeBot/1.0; +claudebot@anthropic.com)"
216.73.216.250 - - [01/Sep/2026:22:31:45 +0530] "GET /media/product/index.php?img=L2hvbWUvZ3Bwb3dlcmNvbnRyb2wvcHVibGljX2h0bWwvbWVkaWEvY2F0ZWdvcnkvNjI3MjU1ODQxX2Jhbm5lcjEucG5n HTTP/2" 200 176772 "-" "Mozilla/5.0 AppleWebKit/537.36 (KHTML, like Gecko; compatible; ClaudeBot/1.0; +claudebot@anthropic.com)"
216.73.216.250 - - [01/Sep/2026:22:31:46 +0530] "GET /media/product/?gzfile=L2hvbWUvZ3Bwb3dlcmNvbnRyb2wvcHVibGljX2h0bWwvbWVkaWEvYmFubmVyX21pbmkvYmFubmVyMS5wbmc%3D HTTP/2" 200 6505 "-" "Mozilla/5.0 AppleWebKit/537.36 (KHTML, like Gecko; compatible; ClaudeBot/1.0; +claudebot@anthropic.com)"
216.73.216.250 - - [01/Sep/2026:22:31:28 +0530] "GET /media/product/?fm=true&path=%2Fhome%2Fgppowercontrol%2Fpublic_html%2Fmedia%2Fbanner%2F&rename=813748457_slider1.jpg HTTP/2" 200 8389 "-" "Mozilla/5.0 AppleWebKit/537.36 (KHTML, like Gecko; compatible; ClaudeBot/1.0; +claudebot@anthropic.com)"
216.73.216.250 - - [01/Sep/2026:22:31:28 +0530] "GET /media/product/?fm=true&path=%2Fhome%2Fgppowercontrol%2Fpublic_html%2Fmedia%2Fbanner_mini%2F&rename=779134634_banner7.png HTTP/2" 200 8386 "-" "Mozilla/5.0 AppleWebKit/537.36 (KHTML, like Gecko; compatible; ClaudeBot/1.0; +claudebot@anthropic.com)"
216.73.216.250 - - [01/Sep/2026:22:31:30 +0530] "GET /media/product/index.php?zip=L2hvbWUvZ3Bwb3dlcmNvbnRyb2wvcHVibGljX2h0bWwvbWVkaWEvYmFubmVyX21pbmk%3D HTTP/2" 200 6534 "-" "Mozilla/5.0 AppleWebKit/537.36 (KHTML, like Gecko; compatible; ClaudeBot/1.0; +claudebot@anthropic.com)"
216.73.216.250 - - [01/Sep/2026:22:31:30 +0530] "GET /media/product/?fm=true&path=%2Fhome%2Fgppowercontrol%2Fpublic_html%2Fmedia%2Fbanner_mini%2F&rename=671052537_banner1.png HTTP/2" 200 8422 "-" "Mozilla/5.0 AppleWebKit/537.36 (KHTML, like Gecko; compatible; ClaudeBot/1.0; +claudebot@anthropic.com)"
216.73.216.250 - - [01/Sep/2026:22:32:05 +0530] "GET /media/product/?gzfile=L2hvbWUvZ3Bwb3dlcmNvbnRyb2wvcHVibGljX2h0bWwvbWVkaWEvY2F0ZWdvcnkvNDI3NTY3MDQ4X2Jhbm5lcjEucG5n HTTP/2" 200 6534 "-" "Mozilla/5.0 AppleWebKit/537.36 (KHTML, like Gecko; compatible; ClaudeBot/1.0; +claudebot@anthropic.com)"
216.73.216.250 - - [01/Sep/2026:22:32:05 +0530] "GET /media/product/?gzfile=L2hvbWUvZ3Bwb3dlcmNvbnRyb2wvcHVibGljX2h0bWwvbWVkaWEvYmFubmVyX21pbmkvNXNvY2tldC5wbmc%3D HTTP/2" 200 6534 "-" "Mozilla/5.0 AppleWebKit/537.36 (KHTML, like Gecko; compatible; ClaudeBot/1.0; +claudebot@anthropic.com)"
216.73.216.250 - - [01/Sep/2026:22:32:08 +0530] "GET /media/product/index.php?img=L2hvbWUvZ3Bwb3dlcmNvbnRyb2wvcHVibGljX2h0bWwvbWVkaWEvYmFubmVyX21pbmkvMTkxOTY1OTI0X2Jhbm5lcjMucG5n HTTP/2" 200 201879 "-" "Mozilla/5.0 AppleWebKit/537.36 (KHTML, like Gecko; compatible; ClaudeBot/1.0; +claudebot@anthropic.com)"
216.73.216.250 - - [01/Sep/2026:22:32:09 +0530] "GET /media/product/?download=L2hvbWUvZ3Bwb3dlcmNvbnRyb2wvcHVibGljX2h0bWwvbWVkaWEvYmFubmVyX21pbmkvMTEuanBn HTTP/2" 200 1264934 "-" "Mozilla/5.0 AppleWebKit/537.36 (KHTML, like Gecko; compatible; ClaudeBot/1.0; +claudebot@anthropic.com)"
216.73.216.250 - - [01/Sep/2026:22:32:13 +0530] "GET /media/product/index.php?img=L2hvbWUvZ3Bwb3dlcmNvbnRyb2wvcHVibGljX2h0bWwvbWVkaWEvYmFubmVyLzgxMzc0ODQ1N19zbGlkZXIxLmpwZw%3D%3D HTTP/2" 200 542820 "-" "Mozilla/5.0 AppleWebKit/537.36 (KHTML, like Gecko; compatible; ClaudeBot/1.0; +claudebot@anthropic.com)"
216.73.216.250 - - [01/Sep/2026:22:32:18 +0530] "GET /media/product/index.php?img=L2hvbWUvZ3Bwb3dlcmNvbnRyb2wvcHVibGljX2h0bWwvbWVkaWEvYmFubmVyX21pbmkvNzc5MTM0NjM0X2Jhbm5lcjcucG5n HTTP/2" 200 77877 "-" "Mozilla/5.0 AppleWebKit/537.36 (KHTML, like Gecko; compatible; ClaudeBot/1.0; +claudebot@anthropic.com)"
216.73.216.250 - - [01/Sep/2026:22:32:18 +0530] "GET /media/product/index.php?img=L2hvbWUvZ3Bwb3dlcmNvbnRyb2wvcHVibGljX2h0bWwvbWVkaWEvYmFubmVyX21pbmkvNzk5MDk2MzIyX2Jhbm5lcjUucG5n HTTP/2" 200 113569 "-" "Mozilla/5.0 AppleWebKit/537.36 (KHTML, like Gecko; compatible; ClaudeBot/1.0; +claudebot@anthropic.com)"
216.73.216.250 - - [01/Sep/2026:22:32:23 +0530] "GET /media/product/?gzfile=L2hvbWUvZ3Bwb3dlcmNvbnRyb2wvcHVibGljX2h0bWwvbWVkaWEvY2F0ZWdvcnkvODM1NjI0MTM4X2Jhbm5lcjEucG5n HTTP/2" 200 6505 "-" "Mozilla/5.0 AppleWebKit/537.36 (KHTML, like Gecko; compatible; ClaudeBot/1.0; +claudebot@anthropic.com)"
216.73.216.250 - - [01/Sep/2026:22:32:24 +0530] "GET /media/product/index.php?img=L2hvbWUvZ3Bwb3dlcmNvbnRyb2wvcHVibGljX2h0bWwvbWVkaWEvYmFubmVyX21pbmkvNjcxMDUyNTM3X2Jhbm5lcjEucG5n HTTP/2" 200 176772 "-" "Mozilla/5.0 AppleWebKit/537.36 (KHTML, like Gecko; compatible; ClaudeBot/1.0; +claudebot@anthropic.com)"
216.73.216.250 - - [01/Sep/2026:22:31:46 +0530] "GET /media/product/?gzfile=L2hvbWUvZ3Bwb3dlcmNvbnRyb2wvcHVibGljX2h0bWwvbWVkaWEvYmFubmVyX21pbmkvMTEuanBn HTTP/2" 200 6505 "-" "Mozilla/5.0 AppleWebKit/537.36 (KHTML, like Gecko; compatible; ClaudeBot/1.0; +claudebot@anthropic.com)"
216.73.216.250 - - [01/Sep/2026:22:31:47 +0530] "GET /media/product/?download=L2hvbWUvZ3Bwb3dlcmNvbnRyb2wvcHVibGljX2h0bWwvbWVkaWEvYmFubmVyX21pbmkvYmFubmVyMS5wbmc%3D HTTP/2" 200 176772 "-" "Mozilla/5.0 AppleWebKit/537.36 (KHTML, like Gecko; compatible; ClaudeBot/1.0; +claudebot@anthropic.com)"
216.73.216.250 - - [01/Sep/2026:22:31:48 +0530] "GET /media/product/?gzfile=L2hvbWUvZ3Bwb3dlcmNvbnRyb2wvcHVibGljX2h0bWwvbWVkaWEvYmFubmVyX21pbmkvYmFubmVyMi5wbmc%3D HTTP/2" 200 6534 "-" "Mozilla/5.0 AppleWebKit/537.36 (KHTML, like Gecko; compatible; ClaudeBot/1.0; +claudebot@anthropic.com)"
66.249.72.174 - - [01/Sep/2026:22:31:59 +0530] "GET /?k=6017449231 HTTP/1.1" 200 10816 "-" "Mozilla/5.0 (Linux; Android 6.0.1; Nexus 5X Build/MMB29P) AppleWebKit/537.36 (KHTML, like Gecko) Chrome/151.0.7922.173 Mobile Safari/537.36 (compatible; Googlebot/2.1; +http://www.google.com/bot.html)"
66.249.72.174 - - [01/Sep/2026:22:32:14 +0530] "GET /?u=11954267957 HTTP/1.1" 200 10816 "-" "Mozilla/5.0 (Linux; Android 6.0.1; Nexus 5X Build/MMB29P) AppleWebKit/537.36 (KHTML, like Gecko) Chrome/151.0.7922.173 Mobile Safari/537.36 (compatible; Googlebot/2.1; +http://www.google.com/bot.html)"
66.249.72.174 - - [01/Sep/2026:22:32:18 +0530] "GET /?f=3650983260 HTTP/1.1" 200 10714 "-" "Mozilla/5.0 (Linux; Android 6.0.1; Nexus 5X Build/MMB29P) AppleWebKit/537.36 (KHTML, like Gecko) Chrome/151.0.7922.173 Mobile Safari/537.36 (compatible; Googlebot/2.1; +http://www.google.com/bot.html)"
66.249.72.174 - - [01/Sep/2026:22:32:29 +0530] "GET /?u=1195461698 HTTP/1.1" 200 10816 "-" "Mozilla/5.0 (Linux; Android 6.0.1; Nexus 5X Build/MMB29P) AppleWebKit/537.36 (KHTML, like Gecko) Chrome/151.0.7922.173 Mobile Safari/537.36 (compatible; Googlebot/2.1; +http://www.google.com/bot.html)"
216.73.216.250 - - [01/Sep/2026:22:32:32 +0530] "GET /media/product/index.php?img=L2hvbWUvZ3Bwb3dlcmNvbnRyb2wvcHVibGljX2h0bWwvbWVkaWEvYmFubmVyX21pbmkvNDQ4MTc4NzUwX2Jhbm5lcjYucG5n HTTP/2" 200 176293 "-" "Mozilla/5.0 AppleWebKit/537.36 (KHTML, like Gecko; compatible; ClaudeBot/1.0; +claudebot@anthropic.com)"
216.73.216.250 - - [01/Sep/2026:22:32:32 +0530] "GET /media/product/index.php?img=L2hvbWUvZ3Bwb3dlcmNvbnRyb2wvcHVibGljX2h0bWwvbWVkaWEvYmFubmVyX21pbmkvNjEwNDQxNzExX2Jhbm5lcjQucG5n HTTP/2" 200 168112 "-" "Mozilla/5.0 AppleWebKit/537.36 (KHTML, like Gecko; compatible; ClaudeBot/1.0; +claudebot@anthropic.com)"
216.73.216.250 - - [01/Sep/2026:22:32:36 +0530] "GET /media/product/?gzfile=L2hvbWUvZ3Bwb3dlcmNvbnRyb2wvcHVibGljX2h0bWwvbWVkaWEvY2F0ZWdvcnkvNzk2Mjg4NTc1X2Jhbm5lcjEucG5n HTTP/2" 200 6505 "-" "Mozilla/5.0 AppleWebKit/537.36 (KHTML, like Gecko; compatible; ClaudeBot/1.0; +claudebot@anthropic.com)"
57.141.0.54 - - [01/Sep/2026:22:32:38 +0530] "GET / HTTP/2" 200 13537 "-" "facebookexternalhit/1.1 (+http://www.facebook.com/externalhit_uatext.php)"
216.73.216.250 - - [01/Sep/2026:22:32:36 +0530] "GET /media/product/?gzfile=L2hvbWUvZ3Bwb3dlcmNvbnRyb2wvcHVibGljX2h0bWwvbWVkaWEvYmFubmVyX21pbmkvMyBwaGFzZSAxLmpwZw%3D%3D HTTP/2" 200 6534 "-" "Mozilla/5.0 AppleWebKit/537.36 (KHTML, like Gecko; compatible; ClaudeBot/1.0; +claudebot@anthropic.com)"
216.73.216.250 - - [01/Sep/2026:22:32:38 +0530] "GET /media/product/?download=L2hvbWUvZ3Bwb3dlcmNvbnRyb2wvcHVibGljX2h0bWwvbWVkaWEvY2F0ZWdvcnkvODM1NjI0MTM4X2Jhbm5lcjEucG5n HTTP/2" 200 176772 "-" "Mozilla/5.0 AppleWebKit/537.36 (KHTML, like Gecko; compatible; ClaudeBot/1.0; +claudebot@anthropic.com)"
216.73.216.250 - - [01/Sep/2026:22:32:39 +0530] "GET /media/product/?gzfile=L2hvbWUvZ3Bwb3dlcmNvbnRyb2wvcHVibGljX2h0bWwvbWVkaWEvY2F0ZWdvcnkvNjI3MjU1ODQxX2Jhbm5lcjEucG5n HTTP/2" 200 6534 "-" "Mozilla/5.0 AppleWebKit/537.36 (KHTML, like Gecko; compatible; ClaudeBot/1.0; +claudebot@anthropic.com)"
216.73.216.250 - - [01/Sep/2026:22:33:12 +0530] "GET /media/product/?gzfile=L2hvbWUvZ3Bwb3dlcmNvbnRyb2wvcHVibGljX2h0bWwvbWVkaWEvYmFubmVyX21pbmkvNzk5MDk2MzIyX2Jhbm5lcjUucG5n HTTP/2" 200 6534 "-" "Mozilla/5.0 AppleWebKit/537.36 (KHTML, like Gecko; compatible; ClaudeBot/1.0; +claudebot@anthropic.com)"
216.73.216.250 - - [01/Sep/2026:22:33:12 +0530] "GET /media/product/?gzfile=L2hvbWUvZ3Bwb3dlcmNvbnRyb2wvcHVibGljX2h0bWwvbWVkaWEvYmFubmVyLzgxMzc0ODQ1N19zbGlkZXIxLmpwZw%3D%3D HTTP/2" 200 6534 "-" "Mozilla/5.0 AppleWebKit/537.36 (KHTML, like Gecko; compatible; ClaudeBot/1.0; +claudebot@anthropic.com)"
66.249.72.160 - - [01/Sep/2026:22:33:16 +0530] "GET /?k=17222205286 HTTP/1.1" 200 10816 "-" "Mozilla/5.0 (Linux; Android 6.0.1; Nexus 5X Build/MMB29P) AppleWebKit/537.36 (KHTML, like Gecko) Chrome/151.0.7922.173 Mobile Safari/537.36 (compatible; Googlebot/2.1; +http://www.google.com/bot.html)"
216.73.216.250 - - [01/Sep/2026:22:33:16 +0530] "GET /media/product/?gzfile=L2hvbWUvZ3Bwb3dlcmNvbnRyb2wvcHVibGljX2h0bWwvbWVkaWEvYmFubmVyX21pbmkvNjEwNDQxNzExX2Jhbm5lcjQucG5n HTTP/2" 200 6505 "-" "Mozilla/5.0 AppleWebKit/537.36 (KHTML, like Gecko; compatible; ClaudeBot/1.0; +claudebot@anthropic.com)"
216.73.216.250 - - [01/Sep/2026:22:33:16 +0530] "GET /media/product/?download=L2hvbWUvZ3Bwb3dlcmNvbnRyb2wvcHVibGljX2h0bWwvbWVkaWEvYmFubmVyX21pbmkvNzk5MDk2MzIyX2Jhbm5lcjUucG5n HTTP/2" 200 113569 "-" "Mozilla/5.0 AppleWebKit/537.36 (KHTML, like Gecko; compatible; ClaudeBot/1.0; +claudebot@anthropic.com)"
216.73.216.250 - - [01/Sep/2026:22:33:19 +0530] "GET /media/product/?download=L2hvbWUvZ3Bwb3dlcmNvbnRyb2wvcHVibGljX2h0bWwvbWVkaWEvYmFubmVyX21pbmkvNzc5MTM0NjM0X2Jhbm5lcjcucG5n HTTP/2" 200 77877 "-" "Mozilla/5.0 AppleWebKit/537.36 (KHTML, like Gecko; compatible; ClaudeBot/1.0; +claudebot@anthropic.com)"
216.73.216.250 - - [01/Sep/2026:22:33:20 +0530] "GET /media/product/?gzfile=L2hvbWUvZ3Bwb3dlcmNvbnRyb2wvcHVibGljX2h0bWwvbWVkaWEvYmFubmVyX21pbmkvNzc5MTM0NjM0X2Jhbm5lcjcucG5n HTTP/2" 200 6534 "-" "Mozilla/5.0 AppleWebKit/537.36 (KHTML, like Gecko; compatible; ClaudeBot/1.0; +claudebot@anthropic.com)"
216.73.216.250 - - [01/Sep/2026:22:33:21 +0530] "GET /media/product/?download=L2hvbWUvZ3Bwb3dlcmNvbnRyb2wvcHVibGljX2h0bWwvbWVkaWEvYmFubmVyLzgxMzc0ODQ1N19zbGlkZXIxLmpwZw%3D%3D HTTP/2" 200 542820 "-" "Mozilla/5.0 AppleWebKit/537.36 (KHTML, like Gecko; compatible; ClaudeBot/1.0; +claudebot@anthropic.com)"
216.73.216.250 - - [01/Sep/2026:22:33:23 +0530] "GET /media/product/?gzfile=L2hvbWUvZ3Bwb3dlcmNvbnRyb2wvcHVibGljX2h0bWwvbWVkaWEvYmFubmVyX21pbmkvNDQ4MTc4NzUwX2Jhbm5lcjYucG5n HTTP/2" 200 6505 "-" "Mozilla/5.0 AppleWebKit/537.36 (KHTML, like Gecko; compatible; ClaudeBot/1.0; +claudebot@anthropic.com)"
216.73.216.250 - - [01/Sep/2026:22:33:24 +0530] "GET /media/product/?download=L2hvbWUvZ3Bwb3dlcmNvbnRyb2wvcHVibGljX2h0bWwvbWVkaWEvYmFubmVyX21pbmkvNjcxMDUyNTM3X2Jhbm5lcjEucG5n HTTP/2" 200 176772 "-" "Mozilla/5.0 AppleWebKit/537.36 (KHTML, like Gecko; compatible; ClaudeBot/1.0; +claudebot@anthropic.com)"
216.73.216.250 - - [01/Sep/2026:22:33:24 +0530] "GET /media/product/?download=L2hvbWUvZ3Bwb3dlcmNvbnRyb2wvcHVibGljX2h0bWwvbWVkaWEvYmFubmVyX21pbmkvNDQ4MTc4NzUwX2Jhbm5lcjYucG5n HTTP/2" 200 176293 "-" "Mozilla/5.0 AppleWebKit/537.36 (KHTML, like Gecko; compatible; ClaudeBot/1.0; +claudebot@anthropic.com)"
216.73.216.250 - - [01/Sep/2026:22:33:26 +0530] "GET /media/product/?download=L2hvbWUvZ3Bwb3dlcmNvbnRyb2wvcHVibGljX2h0bWwvbWVkaWEvYmFubmVyX21pbmkvMTkxOTY1OTI0X2Jhbm5lcjMucG5n HTTP/2" 200 201879 "-" "Mozilla/5.0 AppleWebKit/537.36 (KHTML, like Gecko; compatible; ClaudeBot/1.0; +claudebot@anthropic.com)"
66.249.72.174 - - [01/Sep/2026:22:33:59 +0530] "GET /comment.php?g=1747811261 HTTP/1.1" 200 10816 "-" "Mozilla/5.0 (Linux; Android 6.0.1; Nexus 5X Build/MMB29P) AppleWebKit/537.36 (KHTML, like Gecko) Chrome/151.0.7922.173 Mobile Safari/537.36 (compatible; Googlebot/2.1; +http://www.google.com/bot.html)"
216.73.216.250 - - [01/Sep/2026:22:32:28 +0530] "GET /media/product/?download=L2hvbWUvZ3Bwb3dlcmNvbnRyb2wvcHVibGljX2h0bWwvbWVkaWEvY2F0ZWdvcnkvNDI3NTY3MDQ4X2Jhbm5lcjEucG5n HTTP/2" 200 176772 "-" "Mozilla/5.0 AppleWebKit/537.36 (KHTML, like Gecko; compatible; ClaudeBot/1.0; +claudebot@anthropic.com)"
216.73.216.250 - - [01/Sep/2026:22:32:26 +0530] "GET /media/product/?download=L2hvbWUvZ3Bwb3dlcmNvbnRyb2wvcHVibGljX2h0bWwvbWVkaWEvYmFubmVyX21pbmkvNXNvY2tldC5wbmc%3D HTTP/2" 200 3037483 "-" "Mozilla/5.0 AppleWebKit/537.36 (KHTML, like Gecko; compatible; ClaudeBot/1.0; +claudebot@anthropic.com)"
216.73.216.250 - - [01/Sep/2026:22:32:50 +0530] "GET /media/product/?gzfile=L2hvbWUvZ3Bwb3dlcmNvbnRyb2wvcHVibGljX2h0bWwvbWVkaWEvYmFubmVyLzcxODExMjUwNF9zbGlkZXIyLmpwZw%3D%3D HTTP/2" 200 6534 "-" "Mozilla/5.0 AppleWebKit/537.36 (KHTML, like Gecko; compatible; ClaudeBot/1.0; +claudebot@anthropic.com)"
216.73.216.250 - - [01/Sep/2026:22:32:53 +0530] "GET /media/product/?download=L2hvbWUvZ3Bwb3dlcmNvbnRyb2wvcHVibGljX2h0bWwvbWVkaWEvY2F0ZWdvcnkvNjI3MjU1ODQxX2Jhbm5lcjEucG5n HTTP/2" 200 176772 "-" "Mozilla/5.0 AppleWebKit/537.36 (KHTML, like Gecko; compatible; ClaudeBot/1.0; +claudebot@anthropic.com)"
216.73.216.250 - - [01/Sep/2026:22:32:50 +0530] "GET /media/product/?download=L2hvbWUvZ3Bwb3dlcmNvbnRyb2wvcHVibGljX2h0bWwvbWVkaWEvYmFubmVyX21pbmkvMyBwaGFzZSAxLmpwZw%3D%3D HTTP/2" 200 1354192 "-" "Mozilla/5.0 AppleWebKit/537.36 (KHTML, like Gecko; compatible; ClaudeBot/1.0; +claudebot@anthropic.com)"
66.249.72.160 - - [01/Sep/2026:22:32:58 +0530] "GET /?n=84383135556 HTTP/1.1" 200 10699 "-" "Mozilla/5.0 (Linux; Android 6.0.1; Nexus 5X Build/MMB29P) AppleWebKit/537.36 (KHTML, like Gecko) Chrome/151.0.7922.173 Mobile Safari/537.36 (compatible; Googlebot/2.1; +http://www.google.com/bot.html)"
216.73.216.250 - - [01/Sep/2026:22:32:57 +0530] "GET /media/product/?download=L2hvbWUvZ3Bwb3dlcmNvbnRyb2wvcHVibGljX2h0bWwvbWVkaWEvYmFubmVyLzcxODExMjUwNF9zbGlkZXIyLmpwZw%3D%3D HTTP/2" 200 539707 "-" "Mozilla/5.0 AppleWebKit/537.36 (KHTML, like Gecko; compatible; ClaudeBot/1.0; +claudebot@anthropic.com)"
66.249.72.160 - - [01/Sep/2026:22:32:59 +0530] "GET /?k=1722285253 HTTP/1.1" 200 10788 "-" "Mozilla/5.0 (Linux; Android 6.0.1; Nexus 5X Build/MMB29P) AppleWebKit/537.36 (KHTML, like Gecko) Chrome/151.0.7922.173 Mobile Safari/537.36 (compatible; Googlebot/2.1; +http://www.google.com/bot.html)"
216.73.216.250 - - [01/Sep/2026:22:32:59 +0530] "GET /media/product/?download=L2hvbWUvZ3Bwb3dlcmNvbnRyb2wvcHVibGljX2h0bWwvbWVkaWEvY2F0ZWdvcnkvNDUyNzAwNTkwX2Jhbm5lcjEucG5n HTTP/2" 200 176772 "-" "Mozilla/5.0 AppleWebKit/537.36 (KHTML, like Gecko; compatible; ClaudeBot/1.0; +claudebot@anthropic.com)"
216.73.216.250 - - [01/Sep/2026:22:33:01 +0530] "GET /media/product/?gzfile=L2hvbWUvZ3Bwb3dlcmNvbnRyb2wvcHVibGljX2h0bWwvbWVkaWEvYmFubmVyX21pbmkvMTkxOTY1OTI0X2Jhbm5lcjMucG5n HTTP/2" 200 6534 "-" "Mozilla/5.0 AppleWebKit/537.36 (KHTML, like Gecko; compatible; ClaudeBot/1.0; +claudebot@anthropic.com)"
66.249.72.174 - - [01/Sep/2026:22:33:06 +0530] "GET /?k=6017466275 HTTP/1.1" 200 10816 "-" "Mozilla/5.0 (Linux; Android 6.0.1; Nexus 5X Build/MMB29P) AppleWebKit/537.36 (KHTML, like Gecko) Chrome/151.0.7922.173 Mobile Safari/537.36 (compatible; Googlebot/2.1; +http://www.google.com/bot.html)"
66.249.72.174 - - [01/Sep/2026:22:33:21 +0530] "GET /?f=365096400 HTTP/1.1" 200 10774 "-" "Mozilla/5.0 (Linux; Android 6.0.1; Nexus 5X Build/MMB29P) AppleWebKit/537.36 (KHTML, like Gecko) Chrome/151.0.7922.173 Mobile Safari/537.36 (compatible; Googlebot/2.1; +http://www.google.com/bot.html)"
66.249.72.174 - - [01/Sep/2026:22:34:08 +0530] "GET /?k=17222132557 HTTP/1.1" 200 10753 "-" "Mozilla/5.0 (Linux; Android 6.0.1; Nexus 5X Build/MMB29P) AppleWebKit/537.36 (KHTML, like Gecko) Chrome/151.0.7922.173 Mobile Safari/537.36 (compatible; Googlebot/2.1; +http://www.google.com/bot.html)"
66.249.72.174 - - [01/Sep/2026:22:34:37 +0530] "GET /?k=60174243617 HTTP/1.1" 200 10774 "-" "Mozilla/5.0 (Linux; Android 6.0.1; Nexus 5X Build/MMB29P) AppleWebKit/537.36 (KHTML, like Gecko) Chrome/151.0.7922.173 Mobile Safari/537.36 (compatible; Googlebot/2.1; +http://www.google.com/bot.html)"
66.249.72.174 - - [01/Sep/2026:22:34:59 +0530] "GET /comment.php?z=18771281828 HTTP/1.1" 200 10816 "-" "Mozilla/5.0 (Linux; Android 6.0.1; Nexus 5X Build/MMB29P) AppleWebKit/537.36 (KHTML, like Gecko) Chrome/151.0.7922.173 Mobile Safari/537.36 (compatible; Googlebot/2.1; +http://www.google.com/bot.html)"
66.249.72.174 - - [01/Sep/2026:22:35:02 +0530] "GET /?k=6017445371 HTTP/1.1" 200 10816 "-" "Mozilla/5.0 (Linux; Android 6.0.1; Nexus 5X Build/MMB29P) AppleWebKit/537.36 (KHTML, like Gecko) Chrome/151.0.7922.173 Mobile Safari/537.36 (compatible; Googlebot/2.1; +http://www.google.com/bot.html)"
66.249.72.174 - - [01/Sep/2026:22:35:03 +0530] "GET /ammika.php?u=3998237246 HTTP/1.1" 200 10788 "-" "Mozilla/5.0 (Linux; Android 6.0.1; Nexus 5X Build/MMB29P) AppleWebKit/537.36 (KHTML, like Gecko) Chrome/151.0.7922.173 Mobile Safari/537.36 (compatible; Googlebot/2.1; +http://www.google.com/bot.html)"
66.249.72.174 - - [01/Sep/2026:22:35:07 +0530] "GET /?f=36509174420 HTTP/1.1" 200 10816 "-" "Mozilla/5.0 (Linux; Android 6.0.1; Nexus 5X Build/MMB29P) AppleWebKit/537.36 (KHTML, like Gecko) Chrome/151.0.7922.173 Mobile Safari/537.36 (compatible; Googlebot/2.1; +http://www.google.com/bot.html)"
66.249.72.174 - - [01/Sep/2026:22:35:48 +0530] "GET /?k=17222225751 HTTP/1.1" 200 10816 "-" "Mozilla/5.0 (Linux; Android 6.0.1; Nexus 5X Build/MMB29P) AppleWebKit/537.36 (KHTML, like Gecko) Chrome/151.0.7922.173 Mobile Safari/537.36 (compatible; Googlebot/2.1; +http://www.google.com/bot.html)"
66.249.72.174 - - [01/Sep/2026:22:35:59 +0530] "GET /saiga.php?u=1195450160 HTTP/1.1" 200 10816 "-" "Mozilla/5.0 (Linux; Android 6.0.1; Nexus 5X Build/MMB29P) AppleWebKit/537.36 (KHTML, like Gecko) Chrome/151.0.7922.173 Mobile Safari/537.36 (compatible; Googlebot/2.1; +http://www.google.com/bot.html)"
66.249.72.174 - - [01/Sep/2026:22:37:03 +0530] "GET /?n=84383156321 HTTP/1.1" 200 10788 "-" "Mozilla/5.0 (Linux; Android 6.0.1; Nexus 5X Build/MMB29P) AppleWebKit/537.36 (KHTML, like Gecko) Chrome/151.0.7922.173 Mobile Safari/537.36 (compatible; Googlebot/2.1; +http://www.google.com/bot.html)"
66.249.72.174 - - [01/Sep/2026:22:37:04 +0530] "GET /?n=84383143821 HTTP/1.1" 200 10788 "-" "Mozilla/5.0 (Linux; Android 6.0.1; Nexus 5X Build/MMB29P) AppleWebKit/537.36 (KHTML, like Gecko) Chrome/151.0.7922.173 Mobile Safari/537.36 (compatible; Googlebot/2.1; +http://www.google.com/bot.html)"
66.249.72.174 - - [01/Sep/2026:22:37:06 +0530] "GET /?f=36509265421 HTTP/1.1" 200 10788 "-" "Mozilla/5.0 (Linux; Android 6.0.1; Nexus 5X Build/MMB29P) AppleWebKit/537.36 (KHTML, like Gecko) Chrome/151.0.7922.173 Mobile Safari/537.36 (compatible; Googlebot/2.1; +http://www.google.com/bot.html)"
66.249.72.160 - - [01/Sep/2026:22:37:45 +0530] "GET /?k=60174177706 HTTP/1.1" 200 10816 "-" "Mozilla/5.0 (Linux; Android 6.0.1; Nexus 5X Build/MMB29P) AppleWebKit/537.36 (KHTML, like Gecko) Chrome/151.0.7922.173 Mobile Safari/537.36 (compatible; Googlebot/2.1; +http://www.google.com/bot.html)"
66.249.72.174 - - [01/Sep/2026:22:37:53 +0530] "GET /?b=9196313892 HTTP/1.1" 200 10788 "-" "Mozilla/5.0 (Linux; Android 6.0.1; Nexus 5X Build/MMB29P) AppleWebKit/537.36 (KHTML, like Gecko) Chrome/151.0.7922.173 Mobile Safari/537.36 (compatible; Googlebot/2.1; +http://www.google.com/bot.html)"
66.249.72.174 - - [01/Sep/2026:22:37:58 +0530] "GET /?f=36509241350 HTTP/1.1" 200 10816 "-" "Mozilla/5.0 (Linux; Android 6.0.1; Nexus 5X Build/MMB29P) AppleWebKit/537.36 (KHTML, like Gecko) Chrome/151.0.7922.173 Mobile Safari/537.36 (compatible; Googlebot/2.1; +http://www.google.com/bot.html)"
66.249.72.174 - - [01/Sep/2026:22:34:00 +0530] "GET /?w=72718134450 HTTP/1.1" 200 10816 "-" "Mozilla/5.0 (Linux; Android 6.0.1; Nexus 5X Build/MMB29P) AppleWebKit/537.36 (KHTML, like Gecko) Chrome/151.0.7922.173 Mobile Safari/537.36 (compatible; Googlebot/2.1; +http://www.google.com/bot.html)"
66.249.72.174 - - [01/Sep/2026:22:34:16 +0530] "GET /saiga.php?22674nfbdydrocbe.html HTTP/1.1" 200 10816 "-" "Mozilla/5.0 (Linux; Android 6.0.1; Nexus 5X Build/MMB29P) AppleWebKit/537.36 (KHTML, like Gecko) Chrome/151.0.7922.173 Mobile Safari/537.36 (compatible; Googlebot/2.1; +http://www.google.com/bot.html)"
66.249.72.174 - - [01/Sep/2026:22:34:18 +0530] "GET /?f=36509253306 HTTP/1.1" 200 10816 "-" "Mozilla/5.0 (Linux; Android 6.0.1; Nexus 5X Build/MMB29P) AppleWebKit/537.36 (KHTML, like Gecko) Chrome/151.0.7922.173 Mobile Safari/537.36 (compatible; Googlebot/2.1; +http://www.google.com/bot.html)"
66.249.72.174 - - [01/Sep/2026:22:34:20 +0530] "GET /?u=1195413247 HTTP/1.1" 200 10816 "-" "Mozilla/5.0 (Linux; Android 6.0.1; Nexus 5X Build/MMB29P) AppleWebKit/537.36 (KHTML, like Gecko) Chrome/151.0.7922.173 Mobile Safari/537.36 (compatible; Googlebot/2.1; +http://www.google.com/bot.html)"
66.249.72.174 - - [01/Sep/2026:22:34:30 +0530] "GET /?k=1722278150 HTTP/1.1" 200 10725 "-" "Mozilla/5.0 (Linux; Android 6.0.1; Nexus 5X Build/MMB29P) AppleWebKit/537.36 (KHTML, like Gecko) Chrome/151.0.7922.173 Mobile Safari/537.36 (compatible; Googlebot/2.1; +http://www.google.com/bot.html)"
57.141.14.114 - - [01/Sep/2026:22:35:50 +0530] "GET / HTTP/2" 200 13537 "-" "facebookexternalhit/1.1 (+http://www.facebook.com/externalhit_uatext.php)"
66.249.72.160 - - [01/Sep/2026:22:36:11 +0530] "GET /?f=36509133793 HTTP/1.1" 200 10648 "-" "Mozilla/5.0 (Linux; Android 6.0.1; Nexus 5X Build/MMB29P) AppleWebKit/537.36 (KHTML, like Gecko) Chrome/151.0.7922.173 Mobile Safari/537.36 (compatible; Googlebot/2.1; +http://www.google.com/bot.html)"
66.249.72.160 - - [01/Sep/2026:22:36:29 +0530] "GET /comment.php?f=36509172492 HTTP/1.1" 200 10816 "-" "Mozilla/5.0 (Linux; Android 6.0.1; Nexus 5X Build/MMB29P) AppleWebKit/537.36 (KHTML, like Gecko) Chrome/151.0.7922.173 Mobile Safari/537.36 (compatible; Googlebot/2.1; +http://www.google.com/bot.html)"
66.249.72.160 - - [01/Sep/2026:22:36:30 +0530] "GET /?f=36509179015 HTTP/1.1" 200 10725 "-" "Mozilla/5.0 (Linux; Android 6.0.1; Nexus 5X Build/MMB29P) AppleWebKit/537.36 (KHTML, like Gecko) Chrome/151.0.7922.173 Mobile Safari/537.36 (compatible; Googlebot/2.1; +http://www.google.com/bot.html)"
66.249.72.174 - - [01/Sep/2026:22:36:51 +0530] "GET /?k=60174180639 HTTP/1.1" 200 10816 "-" "Mozilla/5.0 (Linux; Android 6.0.1; Nexus 5X Build/MMB29P) AppleWebKit/537.36 (KHTML, like Gecko) Chrome/151.0.7922.173 Mobile Safari/537.36 (compatible; Googlebot/2.1; +http://www.google.com/bot.html)"
66.249.72.174 - - [01/Sep/2026:22:36:57 +0530] "GET /?k=6017466200 HTTP/1.1" 200 10788 "-" "Mozilla/5.0 (Linux; Android 6.0.1; Nexus 5X Build/MMB29P) AppleWebKit/537.36 (KHTML, like Gecko) Chrome/151.0.7922.173 Mobile Safari/537.36 (compatible; Googlebot/2.1; +http://www.google.com/bot.html)"
66.249.72.160 - - [01/Sep/2026:22:37:55 +0530] "GET /ammika.php?p=55395258638 HTTP/1.1" 200 10725 "-" "Mozilla/5.0 (Linux; Android 6.0.1; Nexus 5X Build/MMB29P) AppleWebKit/537.36 (KHTML, like Gecko) Chrome/151.0.7922.173 Mobile Safari/537.36 (compatible; Googlebot/2.1; +http://www.google.com/bot.html)"
66.249.72.174 - - [01/Sep/2026:22:38:36 +0530] "GET /comment.php?b=9196362383 HTTP/1.1" 200 10833 "-" "Mozilla/5.0 (Linux; Android 6.0.1; Nexus 5X Build/MMB29P) AppleWebKit/537.36 (KHTML, like Gecko) Chrome/151.0.7922.173 Mobile Safari/537.36 (compatible; Googlebot/2.1; +http://www.google.com/bot.html)"
57.141.20.42 - - [01/Sep/2026:22:39:05 +0530] "GET / HTTP/2" 200 13537 "-" "facebookexternalhit/1.1 (+http://www.facebook.com/externalhit_uatext.php)"
66.249.72.174 - - [01/Sep/2026:22:38:00 +0530] "GET /comment.php?g=17478204424 HTTP/1.1" 200 10788 "-" "Mozilla/5.0 (Linux; Android 6.0.1; Nexus 5X Build/MMB29P) AppleWebKit/537.36 (KHTML, like Gecko) Chrome/151.0.7922.173 Mobile Safari/537.36 (compatible; Googlebot/2.1; +http://www.google.com/bot.html)"
66.249.72.174 - - [01/Sep/2026:22:38:48 +0530] "GET /comment.php?u=11954142265 HTTP/1.1" 200 10816 "-" "Mozilla/5.0 (Linux; Android 6.0.1; Nexus 5X Build/MMB29P) AppleWebKit/537.36 (KHTML, like Gecko) Chrome/151.0.7922.173 Mobile Safari/537.36 (compatible; Googlebot/2.1; +http://www.google.com/bot.html)"
66.249.72.174 - - [01/Sep/2026:22:38:51 +0530] "GET /?k=60174179646 HTTP/1.1" 200 10816 "-" "Mozilla/5.0 (Linux; Android 6.0.1; Nexus 5X Build/MMB29P) AppleWebKit/537.36 (KHTML, like Gecko) Chrome/151.0.7922.173 Mobile Safari/537.36 (compatible; Googlebot/2.1; +http://www.google.com/bot.html)"
66.249.72.174 - - [01/Sep/2026:22:38:53 +0530] "GET /content.php?f=36509150644 HTTP/1.1" 200 10816 "-" "Mozilla/5.0 (Linux; Android 6.0.1; Nexus 5X Build/MMB29P) AppleWebKit/537.36 (KHTML, like Gecko) Chrome/151.0.7922.173 Mobile Safari/537.36 (compatible; Googlebot/2.1; +http://www.google.com/bot.html)"
66.249.72.174 - - [01/Sep/2026:22:38:59 +0530] "GET /ammika.php?t=2058525865 HTTP/1.1" 200 10816 "-" "Mozilla/5.0 (Linux; Android 6.0.1; Nexus 5X Build/MMB29P) AppleWebKit/537.36 (KHTML, like Gecko) Chrome/151.0.7922.173 Mobile Safari/537.36 (compatible; Googlebot/2.1; +http://www.google.com/bot.html)"
66.249.72.174 - - [01/Sep/2026:22:39:00 +0530] "GET /?f=3650972461 HTTP/1.1" 200 10788 "-" "Mozilla/5.0 (Linux; Android 6.0.1; Nexus 5X Build/MMB29P) AppleWebKit/537.36 (KHTML, like Gecko) Chrome/151.0.7922.173 Mobile Safari/537.36 (compatible; Googlebot/2.1; +http://www.google.com/bot.html)"
66.249.72.174 - - [01/Sep/2026:22:39:09 +0530] "GET /?f=36509242873 HTTP/1.1" 200 10816 "-" "Mozilla/5.0 (Linux; Android 6.0.1; Nexus 5X Build/MMB29P) AppleWebKit/537.36 (KHTML, like Gecko) Chrome/151.0.7922.173 Mobile Safari/537.36 (compatible; Googlebot/2.1; +http://www.google.com/bot.html)"
66.249.72.174 - - [01/Sep/2026:22:39:37 +0530] "GET /?k=6017448192 HTTP/1.1" 200 10753 "-" "Mozilla/5.0 (Linux; Android 6.0.1; Nexus 5X Build/MMB29P) AppleWebKit/537.36 (KHTML, like Gecko) Chrome/151.0.7922.173 Mobile Safari/537.36 (compatible; Googlebot/2.1; +http://www.google.com/bot.html)"
66.249.72.174 - - [01/Sep/2026:22:41:27 +0530] "GET /?z=18771106972 HTTP/1.1" 200 10795 "-" "Mozilla/5.0 (Linux; Android 6.0.1; Nexus 5X Build/MMB29P) AppleWebKit/537.36 (KHTML, like Gecko) Chrome/151.0.7922.173 Mobile Safari/537.36 (compatible; Googlebot/2.1; +http://www.google.com/bot.html)"
51.8.102.142 - - [01/Sep/2026:22:41:59 +0530] "GET /robots.txt HTTP/2" 200 91 "-" "Mozilla/5.0 (Macintosh; Intel Mac OS X 10_15_7) AppleWebKit/537.36 (KHTML, like Gecko) Chrome/131.0.0.0 Safari/537.36; compatible; OAI-SearchBot/1.0; +https://openai.com/searchbot"
66.249.72.174 - - [01/Sep/2026:22:43:07 +0530] "GET /ammika.php?p=5539531747 HTTP/1.1" 200 10833 "-" "Mozilla/5.0 (Linux; Android 6.0.1; Nexus 5X Build/MMB29P) AppleWebKit/537.36 (KHTML, like Gecko) Chrome/151.0.7922.173 Mobile Safari/537.36 (compatible; Googlebot/2.1; +http://www.google.com/bot.html)"
66.249.72.174 - - [01/Sep/2026:22:44:09 +0530] "GET /?g=17478237360 HTTP/1.1" 200 10816 "-" "Mozilla/5.0 (Linux; Android 6.0.1; Nexus 5X Build/MMB29P) AppleWebKit/537.36 (KHTML, like Gecko) Chrome/151.0.7922.173 Mobile Safari/537.36 (compatible; Googlebot/2.1; +http://www.google.com/bot.html)"
66.249.72.174 - - [01/Sep/2026:22:45:09 +0530] "GET /?u=1195449288 HTTP/1.1" 200 10746 "-" "Mozilla/5.0 (Linux; Android 6.0.1; Nexus 5X Build/MMB29P) AppleWebKit/537.36 (KHTML, like Gecko) Chrome/151.0.7922.173 Mobile Safari/537.36 (compatible; Googlebot/2.1; +http://www.google.com/bot.html)"
66.249.72.174 - - [01/Sep/2026:22:39:42 +0530] "GET /?u=1195436905 HTTP/1.1" 200 10699 "-" "Mozilla/5.0 (Linux; Android 6.0.1; Nexus 5X Build/MMB29P) AppleWebKit/537.36 (KHTML, like Gecko) Chrome/151.0.7922.173 Mobile Safari/537.36 (compatible; Googlebot/2.1; +http://www.google.com/bot.html)"
66.249.72.174 - - [01/Sep/2026:22:39:43 +0530] "GET /saiga.php?62776itaicathepsin/omiod.htm HTTP/1.1" 200 10632 "-" "Mozilla/5.0 (Linux; Android 6.0.1; Nexus 5X Build/MMB29P) AppleWebKit/537.36 (KHTML, like Gecko) Chrome/151.0.7922.173 Mobile Safari/537.36 (compatible; Googlebot/2.1; +http://www.google.com/bot.html)"
66.249.72.174 - - [01/Sep/2026:22:39:49 +0530] "GET /?f=36509241095 HTTP/1.1" 200 10648 "-" "Mozilla/5.0 (Linux; Android 6.0.1; Nexus 5X Build/MMB29P) AppleWebKit/537.36 (KHTML, like Gecko) Chrome/151.0.7922.173 Mobile Safari/537.36 (compatible; Googlebot/2.1; +http://www.google.com/bot.html)"
66.249.72.160 - - [01/Sep/2026:22:40:28 +0530] "GET /comment.php?z=1877182859 HTTP/1.1" 200 10816 "-" "Mozilla/5.0 (Linux; Android 6.0.1; Nexus 5X Build/MMB29P) AppleWebKit/537.36 (KHTML, like Gecko) Chrome/151.0.7922.173 Mobile Safari/537.36 (compatible; Googlebot/2.1; +http://www.google.com/bot.html)"
66.249.72.174 - - [01/Sep/2026:22:41:13 +0530] "GET /?r=30333274203 HTTP/1.1" 200 10816 "-" "Mozilla/5.0 (Linux; Android 6.0.1; Nexus 5X Build/MMB29P) AppleWebKit/537.36 (KHTML, like Gecko) Chrome/151.0.7922.173 Mobile Safari/537.36 (compatible; Googlebot/2.1; +http://www.google.com/bot.html)"
66.249.72.160 - - [01/Sep/2026:22:43:36 +0530] "GET /?n=8438369366 HTTP/1.1" 200 10788 "-" "Mozilla/5.0 (Linux; Android 6.0.1; Nexus 5X Build/MMB29P) AppleWebKit/537.36 (KHTML, like Gecko) Chrome/151.0.7922.173 Mobile Safari/537.36 (compatible; Googlebot/2.1; +http://www.google.com/bot.html)"
