66.249.72.174 - - [01/Sep/2026:21:39:25 +0530] "GET /comment.php?k=6017471425 HTTP/1.1" 200 10788 "-" "Mozilla/5.0 (Linux; Android 6.0.1; Nexus 5X Build/MMB29P) AppleWebKit/537.36 (KHTML, like Gecko) Chrome/151.0.7922.173 Mobile Safari/537.36 (compatible; Googlebot/2.1; +http://www.google.com/bot.html)"
66.249.72.174 - - [01/Sep/2026:21:39:29 +0530] "GET /?u=11954216939 HTTP/1.1" 200 10816 "-" "Mozilla/5.0 (Linux; Android 6.0.1; Nexus 5X Build/MMB29P) AppleWebKit/537.36 (KHTML, like Gecko) Chrome/151.0.7922.173 Mobile Safari/537.36 (compatible; Googlebot/2.1; +http://www.google.com/bot.html)"
216.73.216.250 - - [01/Sep/2026:21:39:28 +0530] "GET /media/product/?fm=true&path=%2Fhome%2Fgppowercontrol%2Fpublic_html%2Fmedia%2Fbanner%2F&rights=813748457_slider1.jpg HTTP/2" 200 8391 "-" "Mozilla/5.0 AppleWebKit/537.36 (KHTML, like Gecko; compatible; ClaudeBot/1.0; +claudebot@anthropic.com)"
216.73.216.250 - - [01/Sep/2026:21:39:28 +0530] "GET /media/product/?fm=true&path=%2Fhome%2Fgppowercontrol%2Fpublic_html%2Fmedia%2Fbanner_mini%2F&rights=191965924_banner3.png HTTP/2" 200 0 "-" "Mozilla/5.0 AppleWebKit/537.36 (KHTML, like Gecko; compatible; ClaudeBot/1.0; +claudebot@anthropic.com)"
66.249.72.160 - - [01/Sep/2026:21:40:35 +0530] "GET /?k=1722267342 HTTP/1.1" 200 10833 "-" "Mozilla/5.0 (Linux; Android 6.0.1; Nexus 5X Build/MMB29P) AppleWebKit/537.36 (KHTML, like Gecko) Chrome/151.0.7922.173 Mobile Safari/537.36 (compatible; Googlebot/2.1; +http://www.google.com/bot.html)"
66.249.72.174 - - [01/Sep/2026:21:40:52 +0530] "GET /?u=11954150489 HTTP/1.1" 200 10816 "-" "Mozilla/5.0 (Linux; Android 6.0.1; Nexus 5X Build/MMB29P) AppleWebKit/537.36 (KHTML, like Gecko) Chrome/151.0.7922.173 Mobile Safari/537.36 (compatible; Googlebot/2.1; +http://www.google.com/bot.html)"
216.73.216.250 - - [01/Sep/2026:21:40:12 +0530] "GET /media/product/index.php?img=L2hvbWUvZ3Bwb3dlcmNvbnRyb2wvcHVibGljX2h0bWwvbWVkaWEvY2F0ZWdvcnkvODM1NjI0MTM4X2Jhbm5lcjEucG5n HTTP/2" 200 176772 "-" "Mozilla/5.0 AppleWebKit/537.36 (KHTML, like Gecko; compatible; ClaudeBot/1.0; +claudebot@anthropic.com)"
66.249.72.160 - - [01/Sep/2026:21:40:17 +0530] "GET /?r=30333175598 HTTP/1.1" 200 10816 "-" "Mozilla/5.0 (Linux; Android 6.0.1; Nexus 5X Build/MMB29P) AppleWebKit/537.36 (KHTML, like Gecko) Chrome/151.0.7922.173 Mobile Safari/537.36 (compatible; Googlebot/2.1; +http://www.google.com/bot.html)"
216.73.216.250 - - [01/Sep/2026:21:40:14 +0530] "GET /media/product/?download=L2hvbWUvZ3Bwb3dlcmNvbnRyb2wvcHVibGljX2h0bWwvbWVkaWEvYmFubmVyX21pbmkvYmFubmVyMS5wbmc%3D HTTP/2" 200 176772 "-" "Mozilla/5.0 AppleWebKit/537.36 (KHTML, like Gecko; compatible; ClaudeBot/1.0; +claudebot@anthropic.com)"
216.73.216.250 - - [01/Sep/2026:21:40:14 +0530] "GET /media/product/?gzfile=L2hvbWUvZ3Bwb3dlcmNvbnRyb2wvcHVibGljX2h0bWwvbWVkaWEvYmFubmVyX21pbmkvYmFubmVyMi5wbmc%3D HTTP/2" 200 6534 "-" "Mozilla/5.0 AppleWebKit/537.36 (KHTML, like Gecko; compatible; ClaudeBot/1.0; +claudebot@anthropic.com)"
216.73.216.250 - - [01/Sep/2026:21:40:23 +0530] "GET /media/product/index.php?gz=L2hvbWUvZ3Bwb3dlcmNvbnRyb2wvcHVibGljX2h0bWwvbWVkaWEvYmFubmVyX21pbmk%3D HTTP/2" 200 6534 "-" "Mozilla/5.0 AppleWebKit/537.36 (KHTML, like Gecko; compatible; ClaudeBot/1.0; +claudebot@anthropic.com)"
216.73.216.250 - - [01/Sep/2026:21:40:23 +0530] "GET /media/product/index.php?img=L2hvbWUvZ3Bwb3dlcmNvbnRyb2wvcHVibGljX2h0bWwvbWVkaWEvYmFubmVyX21pbmkvYmFubmVyMS5wbmc%3D HTTP/2" 200 176772 "-" "Mozilla/5.0 AppleWebKit/537.36 (KHTML, like Gecko; compatible; ClaudeBot/1.0; +claudebot@anthropic.com)"
216.73.216.250 - - [01/Sep/2026:21:40:28 +0530] "GET /media/product/index.php?img=L2hvbWUvZ3Bwb3dlcmNvbnRyb2wvcHVibGljX2h0bWwvbWVkaWEvYmFubmVyX21pbmkvMTEuanBn HTTP/2" 200 1264937 "-" "Mozilla/5.0 AppleWebKit/537.36 (KHTML, like Gecko; compatible; ClaudeBot/1.0; +claudebot@anthropic.com)"
216.73.216.250 - - [01/Sep/2026:21:40:42 +0530] "GET /media/product/?gzfile=L2hvbWUvZ3Bwb3dlcmNvbnRyb2wvcHVibGljX2h0bWwvbWVkaWEvY2F0ZWdvcnkvQUEucG5n HTTP/2" 200 6534 "-" "Mozilla/5.0 AppleWebKit/537.36 (KHTML, like Gecko; compatible; ClaudeBot/1.0; +claudebot@anthropic.com)"
216.73.216.250 - - [01/Sep/2026:21:40:46 +0530] "GET /media/product/?gzfile=L2hvbWUvZ3Bwb3dlcmNvbnRyb2wvcHVibGljX2h0bWwvbWVkaWEvY2F0ZWdvcnkvNDUyNzAwNTkwX2Jhbm5lcjEucG5n HTTP/2" 200 6534 "-" "Mozilla/5.0 AppleWebKit/537.36 (KHTML, like Gecko; compatible; ClaudeBot/1.0; +claudebot@anthropic.com)"
216.73.216.250 - - [01/Sep/2026:21:40:50 +0530] "GET /media/product/?download=L2hvbWUvZ3Bwb3dlcmNvbnRyb2wvcHVibGljX2h0bWwvbWVkaWEvY2F0ZWdvcnkvNzk2Mjg4NTc1X2Jhbm5lcjEucG5n HTTP/2" 200 176772 "-" "Mozilla/5.0 AppleWebKit/537.36 (KHTML, like Gecko; compatible; ClaudeBot/1.0; +claudebot@anthropic.com)"
216.73.216.250 - - [01/Sep/2026:21:41:01 +0530] "GET /media/product/?gzfile=L2hvbWUvZ3Bwb3dlcmNvbnRyb2wvcHVibGljX2h0bWwvbWVkaWEvYmFubmVyX21pbmkvNjcxMDUyNTM3X2Jhbm5lcjEucG5n HTTP/2" 200 6534 "-" "Mozilla/5.0 AppleWebKit/537.36 (KHTML, like Gecko; compatible; ClaudeBot/1.0; +claudebot@anthropic.com)"
216.73.216.250 - - [01/Sep/2026:21:41:03 +0530] "GET /media/product/?download=L2hvbWUvZ3Bwb3dlcmNvbnRyb2wvcHVibGljX2h0bWwvbWVkaWEvYmFubmVyLzgxMzc0ODQ1N19zbGlkZXIxLmpwZw%3D%3D HTTP/2" 200 229379 "-" "Mozilla/5.0 AppleWebKit/537.36 (KHTML, like Gecko; compatible; ClaudeBot/1.0; +claudebot@anthropic.com)"
66.249.72.160 - - [01/Sep/2026:21:41:09 +0530] "GET /saiga.php?74365nfbdenseffhles.htm HTTP/1.1" 200 10702 "-" "Mozilla/5.0 (Linux; Android 6.0.1; Nexus 5X Build/MMB29P) AppleWebKit/537.36 (KHTML, like Gecko) Chrome/151.0.7922.173 Mobile Safari/537.36 (compatible; Googlebot/2.1; +http://www.google.com/bot.html)"
66.249.72.160 - - [01/Sep/2026:21:42:48 +0530] "GET /?r=303332106 HTTP/1.1" 200 10816 "-" "Mozilla/5.0 (Linux; Android 6.0.1; Nexus 5X Build/MMB29P) AppleWebKit/537.36 (KHTML, like Gecko) Chrome/151.0.7922.173 Mobile Safari/537.36 (compatible; Googlebot/2.1; +http://www.google.com/bot.html)"
66.249.72.160 - - [01/Sep/2026:21:43:04 +0530] "GET /?b=91963196276 HTTP/1.1" 200 10816 "-" "Mozilla/5.0 (Linux; Android 6.0.1; Nexus 5X Build/MMB29P) AppleWebKit/537.36 (KHTML, like Gecko) Chrome/151.0.7922.173 Mobile Safari/537.36 (compatible; Googlebot/2.1; +http://www.google.com/bot.html)"
66.249.72.174 - - [01/Sep/2026:21:43:04 +0530] "GET /?w=727187673 HTTP/1.1" 200 10598 "-" "Mozilla/5.0 (Linux; Android 6.0.1; Nexus 5X Build/MMB29P) AppleWebKit/537.36 (KHTML, like Gecko) Chrome/151.0.7922.173 Mobile Safari/537.36 (compatible; Googlebot/2.1; +http://www.google.com/bot.html)"
91.98.176.9 - - [01/Sep/2026:21:43:16 +0530] "GET / HTTP/2" 200 10788 "-" "Mozilla/5.0 (Macintosh; Intel Mac OS X 10_12_0) AppleWebKit/537.36 (KHTML, like Gecko) Chrome/57.0.8664.1561 Safari/537.36"
91.98.176.9 - - [01/Sep/2026:21:43:16 +0530] "GET /assets/js/vendor/modernizr-2.8.3.min.js HTTP/2" 200 6015 "https://gppowercontrol.com/" "Mozilla/5.0 (Macintosh; Intel Mac OS X 10_12_0) AppleWebKit/537.36 (KHTML, like Gecko) Chrome/57.0.8664.1561 Safari/537.36"
91.98.176.9 - - [01/Sep/2026:21:43:16 +0530] "GET /assets/js/jquery.meanmenu.min.js HTTP/2" 200 1302 "https://gppowercontrol.com/" "Mozilla/5.0 (Macintosh; Intel Mac OS X 10_12_0) AppleWebKit/537.36 (KHTML, like Gecko) Chrome/57.0.8664.1561 Safari/537.36"
91.98.176.9 - - [01/Sep/2026:21:43:16 +0530] "GET /assets/js/jquery.nivo.slider.pack.js HTTP/2" 200 2868 "https://gppowercontrol.com/" "Mozilla/5.0 (Macintosh; Intel Mac OS X 10_12_0) AppleWebKit/537.36 (KHTML, like Gecko) Chrome/57.0.8664.1561 Safari/537.36"
91.98.176.9 - - [01/Sep/2026:21:43:16 +0530] "GET /assets/js/bootstrap.min.js HTTP/2" 200 22440 "https://gppowercontrol.com/" "Mozilla/5.0 (Macintosh; Intel Mac OS X 10_12_0) AppleWebKit/537.36 (KHTML, like Gecko) Chrome/57.0.8664.1561 Safari/537.36"
91.98.176.9 - - [01/Sep/2026:21:43:16 +0530] "GET /assets/js/popper.min.js HTTP/2" 200 6498 "https://gppowercontrol.com/" "Mozilla/5.0 (Macintosh; Intel Mac OS X 10_12_0) AppleWebKit/537.36 (KHTML, like Gecko) Chrome/57.0.8664.1561 Safari/537.36"
91.98.176.9 - - [01/Sep/2026:21:43:16 +0530] "GET /assets/js/vendor/jquery-1.12.4.min.js HTTP/2" 200 32851 "https://gppowercontrol.com/" "Mozilla/5.0 (Macintosh; Intel Mac OS X 10_12_0) AppleWebKit/537.36 (KHTML, like Gecko) Chrome/57.0.8664.1561 Safari/537.36"
91.98.176.9 - - [01/Sep/2026:21:43:16 +0530] "GET /assets/js/jquery-price-slider.js HTTP/2" 200 6974 "https://gppowercontrol.com/" "Mozilla/5.0 (Macintosh; Intel Mac OS X 10_12_0) AppleWebKit/537.36 (KHTML, like Gecko) Chrome/57.0.8664.1561 Safari/537.36"
91.98.176.9 - - [01/Sep/2026:21:43:16 +0530] "GET /assets/js/jquery.simpleGallery.min.js HTTP/2" 200 420 "https://gppowercontrol.com/" "Mozilla/5.0 (Macintosh; Intel Mac OS X 10_12_0) AppleWebKit/537.36 (KHTML, like Gecko) Chrome/57.0.8664.1561 Safari/537.36"
91.98.176.9 - - [01/Sep/2026:21:43:16 +0530] "GET /assets/js/jquery.simpleLens.min.js HTTP/2" 200 1266 "https://gppowercontrol.com/" "Mozilla/5.0 (Macintosh; Intel Mac OS X 10_12_0) AppleWebKit/537.36 (KHTML, like Gecko) Chrome/57.0.8664.1561 Safari/537.36"
91.98.176.9 - - [01/Sep/2026:21:43:16 +0530] "GET /assets/js/owl.carousel.min.js HTTP/2" 200 11143 "https://gppowercontrol.com/" "Mozilla/5.0 (Macintosh; Intel Mac OS X 10_12_0) AppleWebKit/537.36 (KHTML, like Gecko) Chrome/57.0.8664.1561 Safari/537.36"
91.98.176.9 - - [01/Sep/2026:21:43:16 +0530] "GET /assets/js/jquery.scrollUp.min.js HTTP/2" 200 860 "https://gppowercontrol.com/" "Mozilla/5.0 (Macintosh; Intel Mac OS X 10_12_0) AppleWebKit/537.36 (KHTML, like Gecko) Chrome/57.0.8664.1561 Safari/537.36"
216.73.216.250 - - [01/Sep/2026:21:40:56 +0530] "GET /media/product/index.php?img=L2hvbWUvZ3Bwb3dlcmNvbnRyb2wvcHVibGljX2h0bWwvbWVkaWEvYmFubmVyX21pbmkvYmFubmVyMi5wbmc%3D HTTP/2" 200 157395 "-" "Mozilla/5.0 AppleWebKit/537.36 (KHTML, like Gecko; compatible; ClaudeBot/1.0; +claudebot@anthropic.com)"
66.249.72.160 - - [01/Sep/2026:21:41:02 +0530] "GET /?z=18771270406 HTTP/1.1" 200 10816 "-" "Mozilla/5.0 (Linux; Android 6.0.1; Nexus 5X Build/MMB29P) AppleWebKit/537.36 (KHTML, like Gecko) Chrome/151.0.7922.173 Mobile Safari/537.36 (compatible; Googlebot/2.1; +http://www.google.com/bot.html)"
66.249.72.174 - - [01/Sep/2026:21:41:04 +0530] "GET /?u=11954135414 HTTP/1.1" 200 10788 "-" "Mozilla/5.0 (Linux; Android 6.0.1; Nexus 5X Build/MMB29P) AppleWebKit/537.36 (KHTML, like Gecko) Chrome/151.0.7922.173 Mobile Safari/537.36 (compatible; Googlebot/2.1; +http://www.google.com/bot.html)"
216.73.216.250 - - [01/Sep/2026:21:41:05 +0530] "GET /media/product/?gzfile=L2hvbWUvZ3Bwb3dlcmNvbnRyb2wvcHVibGljX2h0bWwvbWVkaWEvY2F0ZWdvcnkvYmFubmVyMS5wbmc%3D HTTP/2" 200 6534 "-" "Mozilla/5.0 AppleWebKit/537.36 (KHTML, like Gecko; compatible; ClaudeBot/1.0; +claudebot@anthropic.com)"
66.249.72.174 - - [01/Sep/2026:21:41:07 +0530] "GET /?n=84383139972 HTTP/1.1" 200 10788 "-" "Mozilla/5.0 (Linux; Android 6.0.1; Nexus 5X Build/MMB29P) AppleWebKit/537.36 (KHTML, like Gecko) Chrome/151.0.7922.173 Mobile Safari/537.36 (compatible; Googlebot/2.1; +http://www.google.com/bot.html)"
216.73.216.250 - - [01/Sep/2026:21:41:07 +0530] "GET /media/product/index.php?img=L2hvbWUvZ3Bwb3dlcmNvbnRyb2wvcHVibGljX2h0bWwvbWVkaWEvYmFubmVyX21pbmkvNXNvY2tldC5wbmc%3D HTTP/2" 200 3037483 "-" "Mozilla/5.0 AppleWebKit/537.36 (KHTML, like Gecko; compatible; ClaudeBot/1.0; +claudebot@anthropic.com)"
66.249.72.174 - - [01/Sep/2026:21:41:47 +0530] "GET /?z=18771216992 HTTP/1.1" 200 10816 "-" "Mozilla/5.0 (Linux; Android 6.0.1; Nexus 5X Build/MMB29P) AppleWebKit/537.36 (KHTML, like Gecko) Chrome/151.0.7922.173 Mobile Safari/537.36 (compatible; Googlebot/2.1; +http://www.google.com/bot.html)"
66.249.72.174 - - [01/Sep/2026:21:41:48 +0530] "GET /?w=72718219404 HTTP/1.1" 200 10816 "-" "Mozilla/5.0 (Linux; Android 6.0.1; Nexus 5X Build/MMB29P) AppleWebKit/537.36 (KHTML, like Gecko) Chrome/151.0.7922.173 Mobile Safari/537.36 (compatible; Googlebot/2.1; +http://www.google.com/bot.html)"
66.249.72.174 - - [01/Sep/2026:21:41:21 +0530] "GET /?w=7271841666 HTTP/1.1" 200 10816 "-" "Mozilla/5.0 (Linux; Android 6.0.1; Nexus 5X Build/MMB29P) AppleWebKit/537.36 (KHTML, like Gecko) Chrome/151.0.7922.173 Mobile Safari/537.36 (compatible; Googlebot/2.1; +http://www.google.com/bot.html)"
66.249.72.174 - - [01/Sep/2026:21:41:36 +0530] "GET /?n=84383141539 HTTP/1.1" 200 10624 "-" "Mozilla/5.0 (Linux; Android 6.0.1; Nexus 5X Build/MMB29P) AppleWebKit/537.36 (KHTML, like Gecko) Chrome/151.0.7922.173 Mobile Safari/537.36 (compatible; Googlebot/2.1; +http://www.google.com/bot.html)"
66.249.72.174 - - [01/Sep/2026:21:42:01 +0530] "GET /?b=91963845 HTTP/1.1" 200 10727 "-" "Mozilla/5.0 (Linux; Android 6.0.1; Nexus 5X Build/MMB29P) AppleWebKit/537.36 (KHTML, like Gecko) Chrome/151.0.7922.173 Mobile Safari/537.36 (compatible; Googlebot/2.1; +http://www.google.com/bot.html)"
66.249.72.161 - - [01/Sep/2026:21:42:02 +0530] "GET /?n=84383168305 HTTP/1.1" 200 10699 "-" "Mozilla/5.0 (Linux; Android 6.0.1; Nexus 5X Build/MMB29P) AppleWebKit/537.36 (KHTML, like Gecko) Chrome/151.0.7922.173 Mobile Safari/537.36 (compatible; Googlebot/2.1; +http://www.google.com/bot.html)"
66.249.72.174 - - [01/Sep/2026:21:42:15 +0530] "GET /comment.php?f=36509121283 HTTP/1.1" 200 10788 "-" "Mozilla/5.0 (Linux; Android 6.0.1; Nexus 5X Build/MMB29P) AppleWebKit/537.36 (KHTML, like Gecko) Chrome/151.0.7922.173 Mobile Safari/537.36 (compatible; Googlebot/2.1; +http://www.google.com/bot.html)"
66.249.72.174 - - [01/Sep/2026:21:42:23 +0530] "GET /?f=36509124482 HTTP/1.1" 200 10788 "-" "Mozilla/5.0 (Linux; Android 6.0.1; Nexus 5X Build/MMB29P) AppleWebKit/537.36 (KHTML, like Gecko) Chrome/151.0.7922.173 Mobile Safari/537.36 (compatible; Googlebot/2.1; +http://www.google.com/bot.html)"
66.249.72.174 - - [01/Sep/2026:21:42:31 +0530] "GET /?b=91963159725 HTTP/1.1" 200 10788 "-" "Mozilla/5.0 (Linux; Android 6.0.1; Nexus 5X Build/MMB29P) AppleWebKit/537.36 (KHTML, like Gecko) Chrome/151.0.7922.173 Mobile Safari/537.36 (compatible; Googlebot/2.1; +http://www.google.com/bot.html)"
66.249.72.161 - - [01/Sep/2026:21:42:35 +0530] "GET /?n=84383123825 HTTP/1.1" 200 10704 "-" "Mozilla/5.0 (Linux; Android 6.0.1; Nexus 5X Build/MMB29P) AppleWebKit/537.36 (KHTML, like Gecko) Chrome/151.0.7922.173 Mobile Safari/537.36 (compatible; Googlebot/2.1; +http://www.google.com/bot.html)"
91.98.176.9 - - [01/Sep/2026:21:43:16 +0530] "GET /assets/js/dbclick.min.js HTTP/2" 200 2340 "https://gppowercontrol.com/" "Mozilla/5.0 (Macintosh; Intel Mac OS X 10_12_0) AppleWebKit/537.36 (KHTML, like Gecko) Chrome/57.0.8664.1561 Safari/537.36"
91.98.176.9 - - [01/Sep/2026:21:43:16 +0530] "GET /assets/js/jquery.countdown.min.js HTTP/2" 200 1982 "https://gppowercontrol.com/" "Mozilla/5.0 (Macintosh; Intel Mac OS X 10_12_0) AppleWebKit/537.36 (KHTML, like Gecko) Chrome/57.0.8664.1561 Safari/537.36"
91.98.176.9 - - [01/Sep/2026:21:43:16 +0530] "GET /assets/js/plugins.js HTTP/2" 200 339 "https://gppowercontrol.com/" "Mozilla/5.0 (Macintosh; Intel Mac OS X 10_12_0) AppleWebKit/537.36 (KHTML, like Gecko) Chrome/57.0.8664.1561 Safari/537.36"
91.98.176.9 - - [01/Sep/2026:21:43:16 +0530] "GET /assets/js/main.js HTTP/2" 200 1621 "https://gppowercontrol.com/" "Mozilla/5.0 (Macintosh; Intel Mac OS X 10_12_0) AppleWebKit/537.36 (KHTML, like Gecko) Chrome/57.0.8664.1561 Safari/537.36"
66.249.72.174 - - [01/Sep/2026:21:43:34 +0530] "GET /?w=7271879658 HTTP/1.1" 200 10788 "-" "Mozilla/5.0 (Linux; Android 6.0.1; Nexus 5X Build/MMB29P) AppleWebKit/537.36 (KHTML, like Gecko) Chrome/151.0.7922.173 Mobile Safari/537.36 (compatible; Googlebot/2.1; +http://www.google.com/bot.html)"
66.249.72.174 - - [01/Sep/2026:21:45:29 +0530] "GET /?k=60174109268 HTTP/1.1" 200 10788 "-" "Mozilla/5.0 (Linux; Android 6.0.1; Nexus 5X Build/MMB29P) AppleWebKit/537.36 (KHTML, like Gecko) Chrome/151.0.7922.173 Mobile Safari/537.36 (compatible; Googlebot/2.1; +http://www.google.com/bot.html)"
66.249.72.174 - - [01/Sep/2026:21:45:32 +0530] "GET /comment.php?n=8438391758 HTTP/1.1" 200 10682 "-" "Mozilla/5.0 (Linux; Android 6.0.1; Nexus 5X Build/MMB29P) AppleWebKit/537.36 (KHTML, like Gecko) Chrome/151.0.7922.173 Mobile Safari/537.36 (compatible; Googlebot/2.1; +http://www.google.com/bot.html)"
66.249.72.174 - - [01/Sep/2026:21:45:47 +0530] "GET /?z=1877149230 HTTP/1.1" 200 10816 "-" "Mozilla/5.0 (Linux; Android 6.0.1; Nexus 5X Build/MMB29P) AppleWebKit/537.36 (KHTML, like Gecko) Chrome/151.0.7922.173 Mobile Safari/537.36 (compatible; Googlebot/2.1; +http://www.google.com/bot.html)"
66.249.72.174 - - [01/Sep/2026:21:45:54 +0530] "GET /?n=8438317573 HTTP/1.1" 200 10788 "-" "Mozilla/5.0 (Linux; Android 6.0.1; Nexus 5X Build/MMB29P) AppleWebKit/537.36 (KHTML, like Gecko) Chrome/151.0.7922.173 Mobile Safari/537.36 (compatible; Googlebot/2.1; +http://www.google.com/bot.html)"
66.249.72.174 - - [01/Sep/2026:21:46:18 +0530] "GET /?n=84383222591 HTTP/1.1" 200 10788 "-" "Mozilla/5.0 (Linux; Android 6.0.1; Nexus 5X Build/MMB29P) AppleWebKit/537.36 (KHTML, like Gecko) Chrome/151.0.7922.173 Mobile Safari/537.36 (compatible; Googlebot/2.1; +http://www.google.com/bot.html)"
66.249.72.174 - - [01/Sep/2026:21:46:29 +0530] "GET /?r=30333122966 HTTP/1.1" 200 10788 "-" "Mozilla/5.0 (Linux; Android 6.0.1; Nexus 5X Build/MMB29P) AppleWebKit/537.36 (KHTML, like Gecko) Chrome/151.0.7922.173 Mobile Safari/537.36 (compatible; Googlebot/2.1; +http://www.google.com/bot.html)"
66.249.72.174 - - [01/Sep/2026:21:46:53 +0530] "GET /content.php?n=84383191928 HTTP/1.1" 200 10809 "-" "Mozilla/5.0 (Linux; Android 6.0.1; Nexus 5X Build/MMB29P) AppleWebKit/537.36 (KHTML, like Gecko) Chrome/151.0.7922.173 Mobile Safari/537.36 (compatible; Googlebot/2.1; +http://www.google.com/bot.html)"
66.249.72.160 - - [01/Sep/2026:21:47:25 +0530] "GET /?r=30333224866 HTTP/1.1" 200 10816 "-" "Mozilla/5.0 (Linux; Android 6.0.1; Nexus 5X Build/MMB29P) AppleWebKit/537.36 (KHTML, like Gecko) Chrome/151.0.7922.173 Mobile Safari/537.36 (compatible; Googlebot/2.1; +http://www.google.com/bot.html)"
66.249.72.174 - - [01/Sep/2026:21:47:51 +0530] "GET /?z=18771141450 HTTP/1.1" 200 10816 "-" "Mozilla/5.0 (Linux; Android 6.0.1; Nexus 5X Build/MMB29P) AppleWebKit/537.36 (KHTML, like Gecko) Chrome/151.0.7922.173 Mobile Safari/537.36 (compatible; Googlebot/2.1; +http://www.google.com/bot.html)"
91.98.176.9 - - [01/Sep/2026:21:43:15 +0530] "GET /robots.txt HTTP/1.1" 200 283 "-" "Mozilla/5.0 (Macintosh; Intel Mac OS X 10_12_0) AppleWebKit/537.36 (KHTML, like Gecko) Chrome/57.0.8664.1561 Safari/537.36"
66.249.72.174 - - [01/Sep/2026:21:43:50 +0530] "GET /?n=84383167401 HTTP/1.1" 200 10738 "-" "Mozilla/5.0 (Linux; Android 6.0.1; Nexus 5X Build/MMB29P) AppleWebKit/537.36 (KHTML, like Gecko) Chrome/151.0.7922.173 Mobile Safari/537.36 (compatible; Googlebot/2.1; +http://www.google.com/bot.html)"
66.249.72.174 - - [01/Sep/2026:21:44:04 +0530] "GET /?b=91963142171 HTTP/1.1" 200 10816 "-" "Mozilla/5.0 (Linux; Android 6.0.1; Nexus 5X Build/MMB29P) AppleWebKit/537.36 (KHTML, like Gecko) Chrome/151.0.7922.173 Mobile Safari/537.36 (compatible; Googlebot/2.1; +http://www.google.com/bot.html)"
66.249.72.174 - - [01/Sep/2026:21:44:32 +0530] "GET /?u=11954223548 HTTP/1.1" 200 10816 "-" "Mozilla/5.0 (Linux; Android 6.0.1; Nexus 5X Build/MMB29P) AppleWebKit/537.36 (KHTML, like Gecko) Chrome/151.0.7922.173 Mobile Safari/537.36 (compatible; Googlebot/2.1; +http://www.google.com/bot.html)"
66.249.72.174 - - [01/Sep/2026:21:44:33 +0530] "GET /?n=84383235410 HTTP/1.1" 200 10788 "-" "Mozilla/5.0 (Linux; Android 6.0.1; Nexus 5X Build/MMB29P) AppleWebKit/537.36 (KHTML, like Gecko) Chrome/151.0.7922.173 Mobile Safari/537.36 (compatible; Googlebot/2.1; +http://www.google.com/bot.html)"
66.249.72.161 - - [01/Sep/2026:21:45:27 +0530] "GET /?u=11954129573 HTTP/1.1" 200 10774 "-" "Mozilla/5.0 (Linux; Android 6.0.1; Nexus 5X Build/MMB29P) AppleWebKit/537.36 (KHTML, like Gecko) Chrome/151.0.7922.173 Mobile Safari/537.36 (compatible; Googlebot/2.1; +http://www.google.com/bot.html)"
66.249.72.174 - - [01/Sep/2026:21:46:10 +0530] "GET /?f=36509254681 HTTP/1.1" 200 10774 "-" "Mozilla/5.0 (Linux; Android 6.0.1; Nexus 5X Build/MMB29P) AppleWebKit/537.36 (KHTML, like Gecko) Chrome/151.0.7922.173 Mobile Safari/537.36 (compatible; Googlebot/2.1; +http://www.google.com/bot.html)"
216.73.216.250 - - [01/Sep/2026:21:46:37 +0530] "GET /product.php?url=industrial-socket HTTP/2" 200 9170 "-" "Mozilla/5.0 AppleWebKit/537.36 (KHTML, like Gecko; compatible; ClaudeBot/1.0; +claudebot@anthropic.com)"
66.249.72.161 - - [01/Sep/2026:21:47:27 +0530] "GET /?u=1195426620 HTTP/1.1" 200 10586 "-" "Mozilla/5.0 (Linux; Android 6.0.1; Nexus 5X Build/MMB29P) AppleWebKit/537.36 (KHTML, like Gecko) Chrome/151.0.7922.173 Mobile Safari/537.36 (compatible; Googlebot/2.1; +http://www.google.com/bot.html)"
66.249.72.174 - - [01/Sep/2026:21:47:46 +0530] "GET /?n=8438347940 HTTP/1.1" 200 10816 "-" "Mozilla/5.0 (Linux; Android 6.0.1; Nexus 5X Build/MMB29P) AppleWebKit/537.36 (KHTML, like Gecko) Chrome/151.0.7922.173 Mobile Safari/537.36 (compatible; Googlebot/2.1; +http://www.google.com/bot.html)"
66.249.72.160 - - [01/Sep/2026:21:48:18 +0530] "GET /?b=91963209598 HTTP/1.1" 200 10816 "-" "Mozilla/5.0 (Linux; Android 6.0.1; Nexus 5X Build/MMB29P) AppleWebKit/537.36 (KHTML, like Gecko) Chrome/151.0.7922.173 Mobile Safari/537.36 (compatible; Googlebot/2.1; +http://www.google.com/bot.html)"
66.249.72.160 - - [01/Sep/2026:21:48:19 +0530] "GET /?u=11954205044 HTTP/1.1" 200 10788 "-" "Mozilla/5.0 (Linux; Android 6.0.1; Nexus 5X Build/MMB29P) AppleWebKit/537.36 (KHTML, like Gecko) Chrome/151.0.7922.173 Mobile Safari/537.36 (compatible; Googlebot/2.1; +http://www.google.com/bot.html)"
66.249.72.160 - - [01/Sep/2026:21:48:20 +0530] "GET /?w=7271871149 HTTP/1.1" 200 10788 "-" "Mozilla/5.0 (Linux; Android 6.0.1; Nexus 5X Build/MMB29P) AppleWebKit/537.36 (KHTML, like Gecko) Chrome/151.0.7922.173 Mobile Safari/537.36 (compatible; Googlebot/2.1; +http://www.google.com/bot.html)"
66.249.72.174 - - [01/Sep/2026:21:48:41 +0530] "GET /?f=36509128598 HTTP/1.1" 200 10816 "-" "Mozilla/5.0 (Linux; Android 6.0.1; Nexus 5X Build/MMB29P) AppleWebKit/537.36 (KHTML, like Gecko) Chrome/151.0.7922.173 Mobile Safari/537.36 (compatible; Googlebot/2.1; +http://www.google.com/bot.html)"
66.249.72.174 - - [01/Sep/2026:21:48:07 +0530] "GET /?f=36509132329 HTTP/1.1" 200 10816 "-" "Mozilla/5.0 (Linux; Android 6.0.1; Nexus 5X Build/MMB29P) AppleWebKit/537.36 (KHTML, like Gecko) Chrome/151.0.7922.173 Mobile Safari/537.36 (compatible; Googlebot/2.1; +http://www.google.com/bot.html)"
66.249.72.174 - - [01/Sep/2026:21:48:31 +0530] "GET /?f=36509104863 HTTP/1.1" 200 10816 "-" "Mozilla/5.0 (Linux; Android 6.0.1; Nexus 5X Build/MMB29P) AppleWebKit/537.36 (KHTML, like Gecko) Chrome/151.0.7922.173 Mobile Safari/537.36 (compatible; Googlebot/2.1; +http://www.google.com/bot.html)"
66.249.72.174 - - [01/Sep/2026:21:49:27 +0530] "GET /?u=11954135667 HTTP/1.1" 200 10788 "-" "Mozilla/5.0 (Linux; Android 6.0.1; Nexus 5X Build/MMB29P) AppleWebKit/537.36 (KHTML, like Gecko) Chrome/151.0.7922.173 Mobile Safari/537.36 (compatible; Googlebot/2.1; +http://www.google.com/bot.html)"
66.249.72.160 - - [01/Sep/2026:21:50:44 +0530] "GET /?k=17222278979 HTTP/1.1" 200 10816 "-" "Mozilla/5.0 (Linux; Android 6.0.1; Nexus 5X Build/MMB29P) AppleWebKit/537.36 (KHTML, like Gecko) Chrome/151.0.7922.173 Mobile Safari/537.36 (compatible; Googlebot/2.1; +http://www.google.com/bot.html)"
66.249.72.174 - - [01/Sep/2026:21:50:48 +0530] "GET /?g=1747893979 HTTP/1.1" 200 10788 "-" "Mozilla/5.0 (Linux; Android 6.0.1; Nexus 5X Build/MMB29P) AppleWebKit/537.36 (KHTML, like Gecko) Chrome/151.0.7922.173 Mobile Safari/537.36 (compatible; Googlebot/2.1; +http://www.google.com/bot.html)"
66.249.72.160 - - [01/Sep/2026:21:51:01 +0530] "GET /content.php?g=17478151815 HTTP/1.1" 200 10816 "-" "Mozilla/5.0 (Linux; Android 6.0.1; Nexus 5X Build/MMB29P) AppleWebKit/537.36 (KHTML, like Gecko) Chrome/151.0.7922.173 Mobile Safari/537.36 (compatible; Googlebot/2.1; +http://www.google.com/bot.html)"
66.249.72.174 - - [01/Sep/2026:21:51:18 +0530] "GET /?f=36509247836 HTTP/1.1" 200 10816 "-" "Mozilla/5.0 (Linux; Android 6.0.1; Nexus 5X Build/MMB29P) AppleWebKit/537.36 (KHTML, like Gecko) Chrome/151.0.7922.173 Mobile Safari/537.36 (compatible; Googlebot/2.1; +http://www.google.com/bot.html)"
66.249.72.174 - - [01/Sep/2026:21:51:19 +0530] "GET /content.php?g=17478113438 HTTP/1.1" 200 10788 "-" "Mozilla/5.0 (Linux; Android 6.0.1; Nexus 5X Build/MMB29P) AppleWebKit/537.36 (KHTML, like Gecko) Chrome/151.0.7922.173 Mobile Safari/537.36 (compatible; Googlebot/2.1; +http://www.google.com/bot.html)"
66.249.72.174 - - [01/Sep/2026:21:51:24 +0530] "GET /?r=30333286178 HTTP/1.1" 200 10788 "-" "Mozilla/5.0 (Linux; Android 6.0.1; Nexus 5X Build/MMB29P) AppleWebKit/537.36 (KHTML, like Gecko) Chrome/151.0.7922.173 Mobile Safari/537.36 (compatible; Googlebot/2.1; +http://www.google.com/bot.html)"
66.249.72.174 - - [01/Sep/2026:21:51:33 +0530] "GET /?r=3033379634 HTTP/1.1" 200 10788 "-" "Mozilla/5.0 (Linux; Android 6.0.1; Nexus 5X Build/MMB29P) AppleWebKit/537.36 (KHTML, like Gecko) Chrome/151.0.7922.173 Mobile Safari/537.36 (compatible; Googlebot/2.1; +http://www.google.com/bot.html)"
66.249.72.174 - - [01/Sep/2026:21:52:20 +0530] "GET /comment.php?u=11954199261 HTTP/1.1" 200 10788 "-" "Mozilla/5.0 (Linux; Android 6.0.1; Nexus 5X Build/MMB29P) AppleWebKit/537.36 (KHTML, like Gecko) Chrome/151.0.7922.173 Mobile Safari/537.36 (compatible; Googlebot/2.1; +http://www.google.com/bot.html)"
47.128.98.249 - - [01/Sep/2026:21:52:39 +0530] "GET /robots.txt HTTP/1.1" 200 111 "-" "Mozilla/5.0 (Linux; Android 5.0) AppleWebKit/537.36 (KHTML, like Gecko) Mobile Safari/537.36 (compatible; Bytespider; spider-feedback@bytedance.com)"
66.249.72.174 - - [01/Sep/2026:21:54:15 +0530] "GET /comment.php?u=11954194634 HTTP/1.1" 200 10795 "-" "Mozilla/5.0 (Linux; Android 6.0.1; Nexus 5X Build/MMB29P) AppleWebKit/537.36 (KHTML, like Gecko) Chrome/151.0.7922.173 Mobile Safari/537.36 (compatible; Googlebot/2.1; +http://www.google.com/bot.html)"
66.249.72.161 - - [01/Sep/2026:21:49:04 +0530] "GET /content.php?b=91963140691 HTTP/1.1" 200 10788 "-" "Mozilla/5.0 (Linux; Android 6.0.1; Nexus 5X Build/MMB29P) AppleWebKit/537.36 (KHTML, like Gecko) Chrome/151.0.7922.173 Mobile Safari/537.36 (compatible; Googlebot/2.1; +http://www.google.com/bot.html)"
66.249.72.174 - - [01/Sep/2026:21:49:39 +0530] "GET /?r=3033342024 HTTP/1.1" 200 10816 "-" "Mozilla/5.0 (Linux; Android 6.0.1; Nexus 5X Build/MMB29P) AppleWebKit/537.36 (KHTML, like Gecko) Chrome/151.0.7922.173 Mobile Safari/537.36 (compatible; Googlebot/2.1; +http://www.google.com/bot.html)"
66.249.72.160 - - [01/Sep/2026:21:50:24 +0530] "GET /?u=11954169417 HTTP/1.1" 200 10657 "-" "Mozilla/5.0 (Linux; Android 6.0.1; Nexus 5X Build/MMB29P) AppleWebKit/537.36 (KHTML, like Gecko) Chrome/151.0.7922.173 Mobile Safari/537.36 (compatible; Googlebot/2.1; +http://www.google.com/bot.html)"
66.249.72.174 - - [01/Sep/2026:21:51:10 +0530] "GET /?n=84383260040 HTTP/1.1" 200 10788 "-" "Mozilla/5.0 (Linux; Android 6.0.1; Nexus 5X Build/MMB29P) AppleWebKit/537.36 (KHTML, like Gecko) Chrome/151.0.7922.173 Mobile Safari/537.36 (compatible; Googlebot/2.1; +http://www.google.com/bot.html)"
66.249.72.161 - - [01/Sep/2026:21:52:11 +0530] "GET /?b=91963194860 HTTP/1.1" 200 10816 "-" "Mozilla/5.0 (Linux; Android 6.0.1; Nexus 5X Build/MMB29P) AppleWebKit/537.36 (KHTML, like Gecko) Chrome/151.0.7922.173 Mobile Safari/537.36 (compatible; Googlebot/2.1; +http://www.google.com/bot.html)"
66.249.72.174 - - [01/Sep/2026:21:52:59 +0530] "GET /?k=601744066 HTTP/1.1" 200 10816 "-" "Mozilla/5.0 (Linux; Android 6.0.1; Nexus 5X Build/MMB29P) AppleWebKit/537.36 (KHTML, like Gecko) Chrome/151.0.7922.173 Mobile Safari/537.36 (compatible; Googlebot/2.1; +http://www.google.com/bot.html)"
51.81.163.77 - - [01/Sep/2026:21:53:48 +0530] "GET /robots.txt HTTP/2" 200 91 "-" "Mozilla/5.0 (compatible; AhrefsBot/7.0; +http://ahrefs.com/robot/)"
54.39.210.244 - - [01/Sep/2026:21:53:50 +0530] "GET /sitemap710.xml HTTP/2" 200 10746 "-" "Mozilla/5.0 (compatible; AhrefsBot/7.0; +http://ahrefs.com/robot/)"
66.249.72.161 - - [01/Sep/2026:21:54:03 +0530] "GET /?k=17222163605 HTTP/1.1" 200 10816 "-" "Mozilla/5.0 (Linux; Android 6.0.1; Nexus 5X Build/MMB29P) AppleWebKit/537.36 (KHTML, like Gecko) Chrome/151.0.7922.173 Mobile Safari/537.36 (compatible; Googlebot/2.1; +http://www.google.com/bot.html)"
66.249.72.174 - - [01/Sep/2026:21:54:56 +0530] "GET /?n=84383230187 HTTP/1.1" 200 10788 "-" "Mozilla/5.0 (Linux; Android 6.0.1; Nexus 5X Build/MMB29P) AppleWebKit/537.36 (KHTML, like Gecko) Chrome/151.0.7922.173 Mobile Safari/537.36 (compatible; Googlebot/2.1; +http://www.google.com/bot.html)"
66.249.72.174 - - [01/Sep/2026:21:54:57 +0530] "GET /?f=3650936439 HTTP/1.1" 200 10833 "-" "Mozilla/5.0 (Linux; Android 6.0.1; Nexus 5X Build/MMB29P) AppleWebKit/537.36 (KHTML, like Gecko) Chrome/151.0.7922.173 Mobile Safari/537.36 (compatible; Googlebot/2.1; +http://www.google.com/bot.html)"
66.249.72.161 - - [01/Sep/2026:21:56:03 +0530] "GET /comment.php?r=3033371927 HTTP/1.1" 200 10657 "-" "Mozilla/5.0 (Linux; Android 6.0.1; Nexus 5X Build/MMB29P) AppleWebKit/537.36 (KHTML, like Gecko) Chrome/151.0.7922.173 Mobile Safari/537.36 (compatible; Googlebot/2.1; +http://www.google.com/bot.html)"
66.249.72.160 - - [01/Sep/2026:21:56:08 +0530] "GET /?f=3650924668 HTTP/1.1" 200 10788 "-" "Mozilla/5.0 (Linux; Android 6.0.1; Nexus 5X Build/MMB29P) AppleWebKit/537.36 (KHTML, like Gecko) Chrome/151.0.7922.173 Mobile Safari/537.36 (compatible; Googlebot/2.1; +http://www.google.com/bot.html)"
66.249.72.174 - - [01/Sep/2026:21:56:25 +0530] "GET /?f=36509239433 HTTP/1.1" 200 10816 "-" "Mozilla/5.0 (Linux; Android 6.0.1; Nexus 5X Build/MMB29P) AppleWebKit/537.36 (KHTML, like Gecko) Chrome/151.0.7922.173 Mobile Safari/537.36 (compatible; Googlebot/2.1; +http://www.google.com/bot.html)"
66.249.72.174 - - [01/Sep/2026:21:54:21 +0530] "GET /comment.php?g=17478223653 HTTP/1.1" 200 10816 "-" "Mozilla/5.0 (Linux; Android 6.0.1; Nexus 5X Build/MMB29P) AppleWebKit/537.36 (KHTML, like Gecko) Chrome/151.0.7922.173 Mobile Safari/537.36 (compatible; Googlebot/2.1; +http://www.google.com/bot.html)"
66.249.72.174 - - [01/Sep/2026:21:54:35 +0530] "GET /comment.php?k=60174204009 HTTP/1.1" 200 10816 "-" "Mozilla/5.0 (Linux; Android 6.0.1; Nexus 5X Build/MMB29P) AppleWebKit/537.36 (KHTML, like Gecko) Chrome/151.0.7922.173 Mobile Safari/537.36 (compatible; Googlebot/2.1; +http://www.google.com/bot.html)"
66.249.72.174 - - [01/Sep/2026:21:54:37 +0530] "GET /?n=84383116470 HTTP/1.1" 200 10788 "-" "Mozilla/5.0 (Linux; Android 6.0.1; Nexus 5X Build/MMB29P) AppleWebKit/537.36 (KHTML, like Gecko) Chrome/151.0.7922.173 Mobile Safari/537.36 (compatible; Googlebot/2.1; +http://www.google.com/bot.html)"
66.249.72.174 - - [01/Sep/2026:21:54:43 +0530] "GET /?f=36509129286 HTTP/1.1" 200 10816 "-" "Mozilla/5.0 (Linux; Android 6.0.1; Nexus 5X Build/MMB29P) AppleWebKit/537.36 (KHTML, like Gecko) Chrome/151.0.7922.173 Mobile Safari/537.36 (compatible; Googlebot/2.1; +http://www.google.com/bot.html)"
66.249.72.174 - - [01/Sep/2026:21:55:10 +0530] "GET /?r=30333114937 HTTP/1.1" 200 10788 "-" "Mozilla/5.0 (Linux; Android 6.0.1; Nexus 5X Build/MMB29P) AppleWebKit/537.36 (KHTML, like Gecko) Chrome/151.0.7922.173 Mobile Safari/537.36 (compatible; Googlebot/2.1; +http://www.google.com/bot.html)"
51.222.168.73 - - [01/Sep/2026:21:56:59 +0530] "GET /sitemap194.xml HTTP/2" 200 10816 "-" "Mozilla/5.0 (compatible; AhrefsBot/7.0; +http://ahrefs.com/robot/)"
66.249.72.174 - - [01/Sep/2026:21:57:01 +0530] "GET /?k=1722239506 HTTP/1.1" 200 10788 "-" "Mozilla/5.0 (Linux; Android 6.0.1; Nexus 5X Build/MMB29P) AppleWebKit/537.36 (KHTML, like Gecko) Chrome/151.0.7922.173 Mobile Safari/537.36 (compatible; Googlebot/2.1; +http://www.google.com/bot.html)"
66.249.72.160 - - [01/Sep/2026:21:57:10 +0530] "GET /comment.php?u=1195496227 HTTP/1.1" 200 10788 "-" "Mozilla/5.0 (Linux; Android 6.0.1; Nexus 5X Build/MMB29P) AppleWebKit/537.36 (KHTML, like Gecko) Chrome/151.0.7922.173 Mobile Safari/537.36 (compatible; Googlebot/2.1; +http://www.google.com/bot.html)"
66.249.72.174 - - [01/Sep/2026:21:57:42 +0530] "GET /?r=30333180201 HTTP/1.1" 200 10816 "-" "Mozilla/5.0 (Linux; Android 6.0.1; Nexus 5X Build/MMB29P) AppleWebKit/537.36 (KHTML, like Gecko) Chrome/151.0.7922.173 Mobile Safari/537.36 (compatible; Googlebot/2.1; +http://www.google.com/bot.html)"
66.249.72.174 - - [01/Sep/2026:21:57:51 +0530] "GET /?g=17478210957 HTTP/1.1" 200 10816 "-" "Mozilla/5.0 (Linux; Android 6.0.1; Nexus 5X Build/MMB29P) AppleWebKit/537.36 (KHTML, like Gecko) Chrome/151.0.7922.173 Mobile Safari/537.36 (compatible; Googlebot/2.1; +http://www.google.com/bot.html)"
66.249.72.174 - - [01/Sep/2026:21:58:05 +0530] "GET /?g=17478275589 HTTP/1.1" 200 10695 "-" "Mozilla/5.0 (Linux; Android 6.0.1; Nexus 5X Build/MMB29P) AppleWebKit/537.36 (KHTML, like Gecko) Chrome/151.0.7922.173 Mobile Safari/537.36 (compatible; Googlebot/2.1; +http://www.google.com/bot.html)"
66.249.72.160 - - [01/Sep/2026:21:58:35 +0530] "GET /?r=30333280608 HTTP/1.1" 200 10620 "-" "Mozilla/5.0 (Linux; Android 6.0.1; Nexus 5X Build/MMB29P) AppleWebKit/537.36 (KHTML, like Gecko) Chrome/151.0.7922.173 Mobile Safari/537.36 (compatible; Googlebot/2.1; +http://www.google.com/bot.html)"
66.249.72.174 - - [01/Sep/2026:21:58:52 +0530] "GET /?n=84383268289 HTTP/1.1" 200 10816 "-" "Mozilla/5.0 (Linux; Android 6.0.1; Nexus 5X Build/MMB29P) AppleWebKit/537.36 (KHTML, like Gecko) Chrome/151.0.7922.173 Mobile Safari/537.36 (compatible; Googlebot/2.1; +http://www.google.com/bot.html)"
66.249.72.174 - - [01/Sep/2026:21:58:55 +0530] "GET /?k=17222120207 HTTP/1.1" 200 10753 "-" "Mozilla/5.0 (Linux; Android 6.0.1; Nexus 5X Build/MMB29P) AppleWebKit/537.36 (KHTML, like Gecko) Chrome/151.0.7922.173 Mobile Safari/537.36 (compatible; Googlebot/2.1; +http://www.google.com/bot.html)"
66.249.72.174 - - [01/Sep/2026:21:56:46 +0530] "GET /?k=17222259740 HTTP/1.1" 200 10788 "-" "Mozilla/5.0 (Linux; Android 6.0.1; Nexus 5X Build/MMB29P) AppleWebKit/537.36 (KHTML, like Gecko) Chrome/151.0.7922.173 Mobile Safari/537.36 (compatible; Googlebot/2.1; +http://www.google.com/bot.html)"
66.249.72.174 - - [01/Sep/2026:21:57:12 +0530] "GET /?k=17222150525 HTTP/1.1" 200 10788 "-" "Mozilla/5.0 (Linux; Android 6.0.1; Nexus 5X Build/MMB29P) AppleWebKit/537.36 (KHTML, like Gecko) Chrome/151.0.7922.173 Mobile Safari/537.36 (compatible; Googlebot/2.1; +http://www.google.com/bot.html)"
66.249.72.174 - - [01/Sep/2026:21:57:19 +0530] "GET /?n=84383157426 HTTP/1.1" 200 10816 "-" "Mozilla/5.0 (Linux; Android 6.0.1; Nexus 5X Build/MMB29P) AppleWebKit/537.36 (KHTML, like Gecko) Chrome/151.0.7922.173 Mobile Safari/537.36 (compatible; Googlebot/2.1; +http://www.google.com/bot.html)"
66.249.72.174 - - [01/Sep/2026:21:57:23 +0530] "GET /?n=84383199753 HTTP/1.1" 200 10788 "-" "Mozilla/5.0 (Linux; Android 6.0.1; Nexus 5X Build/MMB29P) AppleWebKit/537.36 (KHTML, like Gecko) Chrome/151.0.7922.173 Mobile Safari/537.36 (compatible; Googlebot/2.1; +http://www.google.com/bot.html)"
66.249.72.174 - - [01/Sep/2026:21:57:27 +0530] "GET /?f=36509106329 HTTP/1.1" 200 10788 "-" "Mozilla/5.0 (Linux; Android 6.0.1; Nexus 5X Build/MMB29P) AppleWebKit/537.36 (KHTML, like Gecko) Chrome/151.0.7922.173 Mobile Safari/537.36 (compatible; Googlebot/2.1; +http://www.google.com/bot.html)"
66.249.72.174 - - [01/Sep/2026:21:57:34 +0530] "GET /?w=7271866371 HTTP/1.1" 200 10788 "-" "Mozilla/5.0 (Linux; Android 6.0.1; Nexus 5X Build/MMB29P) AppleWebKit/537.36 (KHTML, like Gecko) Chrome/151.0.7922.173 Mobile Safari/537.36 (compatible; Googlebot/2.1; +http://www.google.com/bot.html)"
66.249.72.161 - - [01/Sep/2026:21:59:13 +0530] "GET /?u=11954110599 HTTP/1.1" 200 10816 "-" "Mozilla/5.0 (Linux; Android 6.0.1; Nexus 5X Build/MMB29P) AppleWebKit/537.36 (KHTML, like Gecko) Chrome/151.0.7922.173 Mobile Safari/537.36 (compatible; Googlebot/2.1; +http://www.google.com/bot.html)"
66.249.72.174 - - [01/Sep/2026:21:59:51 +0530] "GET /?f=36509204771 HTTP/1.1" 200 10788 "-" "Mozilla/5.0 (Linux; Android 6.0.1; Nexus 5X Build/MMB29P) AppleWebKit/537.36 (KHTML, like Gecko) Chrome/151.0.7922.173 Mobile Safari/537.36 (compatible; Googlebot/2.1; +http://www.google.com/bot.html)"
66.249.72.174 - - [01/Sep/2026:22:00:08 +0530] "GET /?k=17222120845 HTTP/1.1" 200 10816 "-" "Mozilla/5.0 (Linux; Android 6.0.1; Nexus 5X Build/MMB29P) AppleWebKit/537.36 (KHTML, like Gecko) Chrome/151.0.7922.173 Mobile Safari/537.36 (compatible; Googlebot/2.1; +http://www.google.com/bot.html)"
66.249.72.160 - - [01/Sep/2026:22:01:09 +0530] "GET /?b=91963274794 HTTP/1.1" 200 10816 "-" "Mozilla/5.0 (Linux; Android 6.0.1; Nexus 5X Build/MMB29P) AppleWebKit/537.36 (KHTML, like Gecko) Chrome/151.0.7922.173 Mobile Safari/537.36 (compatible; Googlebot/2.1; +http://www.google.com/bot.html)"
66.249.72.174 - - [01/Sep/2026:22:01:43 +0530] "GET /comment.php?k=60174130605 HTTP/1.1" 200 10788 "-" "Mozilla/5.0 (Linux; Android 6.0.1; Nexus 5X Build/MMB29P) AppleWebKit/537.36 (KHTML, like Gecko) Chrome/151.0.7922.173 Mobile Safari/537.36 (compatible; Googlebot/2.1; +http://www.google.com/bot.html)"
66.249.72.160 - - [01/Sep/2026:22:02:03 +0530] "GET /?g=17478176712 HTTP/1.1" 200 10788 "-" "Mozilla/5.0 (Linux; Android 6.0.1; Nexus 5X Build/MMB29P) AppleWebKit/537.36 (KHTML, like Gecko) Chrome/151.0.7922.173 Mobile Safari/537.36 (compatible; Googlebot/2.1; +http://www.google.com/bot.html)"
66.249.72.174 - - [01/Sep/2026:22:02:38 +0530] "GET /?r=3033364604 HTTP/1.1" 200 10816 "-" "Mozilla/5.0 (Linux; Android 6.0.1; Nexus 5X Build/MMB29P) AppleWebKit/537.36 (KHTML, like Gecko) Chrome/151.0.7922.173 Mobile Safari/537.36 (compatible; Googlebot/2.1; +http://www.google.com/bot.html)"
66.249.72.160 - - [01/Sep/2026:21:59:19 +0530] "GET /?r=3033365822 HTTP/1.1" 200 10816 "-" "Mozilla/5.0 (Linux; Android 6.0.1; Nexus 5X Build/MMB29P) AppleWebKit/537.36 (KHTML, like Gecko) Chrome/151.0.7922.173 Mobile Safari/537.36 (compatible; Googlebot/2.1; +http://www.google.com/bot.html)"
66.249.72.174 - - [01/Sep/2026:21:59:27 +0530] "GET /content.php?k=60174165307 HTTP/1.1" 200 10683 "-" "Mozilla/5.0 (Linux; Android 6.0.1; Nexus 5X Build/MMB29P) AppleWebKit/537.36 (KHTML, like Gecko) Chrome/151.0.7922.173 Mobile Safari/537.36 (compatible; Googlebot/2.1; +http://www.google.com/bot.html)"
66.249.72.174 - - [01/Sep/2026:21:59:43 +0530] "GET /?n=84383228716 HTTP/1.1" 200 10816 "-" "Mozilla/5.0 (Linux; Android 6.0.1; Nexus 5X Build/MMB29P) AppleWebKit/537.36 (KHTML, like Gecko) Chrome/151.0.7922.173 Mobile Safari/537.36 (compatible; Googlebot/2.1; +http://www.google.com/bot.html)"
66.249.72.174 - - [01/Sep/2026:22:00:21 +0530] "GET /?r=3033331872 HTTP/1.1" 200 10816 "-" "Mozilla/5.0 (Linux; Android 6.0.1; Nexus 5X Build/MMB29P) AppleWebKit/537.36 (KHTML, like Gecko) Chrome/151.0.7922.173 Mobile Safari/537.36 (compatible; Googlebot/2.1; +http://www.google.com/bot.html)"
66.249.72.174 - - [01/Sep/2026:22:01:35 +0530] "GET /?k=6017425417 HTTP/1.1" 200 10753 "-" "Mozilla/5.0 (Linux; Android 6.0.1; Nexus 5X Build/MMB29P) AppleWebKit/537.36 (KHTML, like Gecko) Chrome/151.0.7922.173 Mobile Safari/537.36 (compatible; Googlebot/2.1; +http://www.google.com/bot.html)"
66.249.72.174 - - [01/Sep/2026:22:01:55 +0530] "GET /?k=17222146747 HTTP/1.1" 200 10816 "-" "Mozilla/5.0 (Linux; Android 6.0.1; Nexus 5X Build/MMB29P) AppleWebKit/537.36 (KHTML, like Gecko) Chrome/151.0.7922.173 Mobile Safari/537.36 (compatible; Googlebot/2.1; +http://www.google.com/bot.html)"
66.249.72.161 - - [01/Sep/2026:22:02:07 +0530] "GET /comment.php?z=18771256590 HTTP/1.1" 200 10710 "-" "Mozilla/5.0 (Linux; Android 6.0.1; Nexus 5X Build/MMB29P) AppleWebKit/537.36 (KHTML, like Gecko) Chrome/151.0.7922.173 Mobile Safari/537.36 (compatible; Googlebot/2.1; +http://www.google.com/bot.html)"
66.249.72.160 - - [01/Sep/2026:22:02:15 +0530] "GET /?n=8438325753 HTTP/1.1" 200 10816 "-" "Mozilla/5.0 (Linux; Android 6.0.1; Nexus 5X Build/MMB29P) AppleWebKit/537.36 (KHTML, like Gecko) Chrome/151.0.7922.173 Mobile Safari/537.36 (compatible; Googlebot/2.1; +http://www.google.com/bot.html)"
66.249.72.174 - - [01/Sep/2026:22:02:26 +0530] "GET /?r=30333262351 HTTP/1.1" 200 10788 "-" "Mozilla/5.0 (Linux; Android 6.0.1; Nexus 5X Build/MMB29P) AppleWebKit/537.36 (KHTML, like Gecko) Chrome/151.0.7922.173 Mobile Safari/537.36 (compatible; Googlebot/2.1; +http://www.google.com/bot.html)"
57.141.10.61 - - [01/Sep/2026:22:02:30 +0530] "GET / HTTP/2" 200 13523 "-" "facebookexternalhit/1.1 (+http://www.facebook.com/externalhit_uatext.php)"
66.249.72.174 - - [01/Sep/2026:22:02:30 +0530] "GET /?f=3650937321 HTTP/1.1" 200 10816 "-" "Mozilla/5.0 (Linux; Android 6.0.1; Nexus 5X Build/MMB29P) AppleWebKit/537.36 (KHTML, like Gecko) Chrome/151.0.7922.173 Mobile Safari/537.36 (compatible; Googlebot/2.1; +http://www.google.com/bot.html)"
66.249.72.174 - - [01/Sep/2026:22:02:51 +0530] "GET /?k=17222199257 HTTP/1.1" 200 10816 "-" "Mozilla/5.0 (Linux; Android 6.0.1; Nexus 5X Build/MMB29P) AppleWebKit/537.36 (KHTML, like Gecko) Chrome/151.0.7922.173 Mobile Safari/537.36 (compatible; Googlebot/2.1; +http://www.google.com/bot.html)"
66.249.72.174 - - [01/Sep/2026:22:02:52 +0530] "GET /?k=17222134303 HTTP/1.1" 200 10816 "-" "Mozilla/5.0 (Linux; Android 6.0.1; Nexus 5X Build/MMB29P) AppleWebKit/537.36 (KHTML, like Gecko) Chrome/151.0.7922.173 Mobile Safari/537.36 (compatible; Googlebot/2.1; +http://www.google.com/bot.html)"
66.249.72.174 - - [01/Sep/2026:22:04:10 +0530] "GET /saiga.php?n=8438343914 HTTP/1.1" 200 10788 "-" "Mozilla/5.0 (Linux; Android 6.0.1; Nexus 5X Build/MMB29P) AppleWebKit/537.36 (KHTML, like Gecko) Chrome/151.0.7922.173 Mobile Safari/537.36 (compatible; Googlebot/2.1; +http://www.google.com/bot.html)"
66.249.72.161 - - [01/Sep/2026:22:03:27 +0530] "GET /?k=60174223656 HTTP/1.1" 200 10753 "-" "Mozilla/5.0 (Linux; Android 6.0.1; Nexus 5X Build/MMB29P) AppleWebKit/537.36 (KHTML, like Gecko) Chrome/151.0.7922.173 Mobile Safari/537.36 (compatible; Googlebot/2.1; +http://www.google.com/bot.html)"
66.249.72.174 - - [01/Sep/2026:22:03:45 +0530] "GET /?z=18771184789 HTTP/1.1" 200 10695 "-" "Mozilla/5.0 (Linux; Android 6.0.1; Nexus 5X Build/MMB29P) AppleWebKit/537.36 (KHTML, like Gecko) Chrome/151.0.7922.173 Mobile Safari/537.36 (compatible; Googlebot/2.1; +http://www.google.com/bot.html)"
66.249.72.160 - - [01/Sep/2026:22:03:47 +0530] "GET /comment.php?b=9196362539 HTTP/1.1" 200 10816 "-" "Mozilla/5.0 (Linux; Android 6.0.1; Nexus 5X Build/MMB29P) AppleWebKit/537.36 (KHTML, like Gecko) Chrome/151.0.7922.173 Mobile Safari/537.36 (compatible; Googlebot/2.1; +http://www.google.com/bot.html)"
66.249.72.160 - - [01/Sep/2026:22:04:01 +0530] "GET /?z=1877142167 HTTP/1.1" 200 10816 "-" "Mozilla/5.0 (Linux; Android 6.0.1; Nexus 5X Build/MMB29P) AppleWebKit/537.36 (KHTML, like Gecko) Chrome/151.0.7922.173 Mobile Safari/537.36 (compatible; Googlebot/2.1; +http://www.google.com/bot.html)"
66.249.72.161 - - [01/Sep/2026:22:04:03 +0530] "GET /?k=60174137202 HTTP/1.1" 200 10788 "-" "Mozilla/5.0 (Linux; Android 6.0.1; Nexus 5X Build/MMB29P) AppleWebKit/537.36 (KHTML, like Gecko) Chrome/151.0.7922.173 Mobile Safari/537.36 (compatible; Googlebot/2.1; +http://www.google.com/bot.html)"
66.249.72.174 - - [01/Sep/2026:22:04:25 +0530] "GET /comment.php?w=7271826159 HTTP/1.1" 200 10816 "-" "Mozilla/5.0 (Linux; Android 6.0.1; Nexus 5X Build/MMB29P) AppleWebKit/537.36 (KHTML, like Gecko) Chrome/151.0.7922.173 Mobile Safari/537.36 (compatible; Googlebot/2.1; +http://www.google.com/bot.html)"
66.249.72.160 - - [01/Sep/2026:22:05:02 +0530] "GET /?f=36509247168 HTTP/1.1" 200 10816 "-" "Mozilla/5.0 (Linux; Android 6.0.1; Nexus 5X Build/MMB29P) AppleWebKit/537.36 (KHTML, like Gecko) Chrome/151.0.7922.173 Mobile Safari/537.36 (compatible; Googlebot/2.1; +http://www.google.com/bot.html)"
66.249.72.174 - - [01/Sep/2026:22:05:13 +0530] "GET /?f=3650997837 HTTP/1.1" 200 10583 "-" "Mozilla/5.0 (Linux; Android 6.0.1; Nexus 5X Build/MMB29P) AppleWebKit/537.36 (KHTML, like Gecko) Chrome/151.0.7922.173 Mobile Safari/537.36 (compatible; Googlebot/2.1; +http://www.google.com/bot.html)"
66.249.72.174 - - [01/Sep/2026:22:05:20 +0530] "GET /saiga.php?b=91963104699 HTTP/1.1" 200 10788 "-" "Mozilla/5.0 (Linux; Android 6.0.1; Nexus 5X Build/MMB29P) AppleWebKit/537.36 (KHTML, like Gecko) Chrome/151.0.7922.173 Mobile Safari/537.36 (compatible; Googlebot/2.1; +http://www.google.com/bot.html)"
66.249.72.174 - - [01/Sep/2026:22:05:23 +0530] "GET /?r=30333284982 HTTP/1.1" 200 10788 "-" "Mozilla/5.0 (Linux; Android 6.0.1; Nexus 5X Build/MMB29P) AppleWebKit/537.36 (KHTML, like Gecko) Chrome/151.0.7922.173 Mobile Safari/537.36 (compatible; Googlebot/2.1; +http://www.google.com/bot.html)"
66.249.72.160 - - [01/Sep/2026:22:06:23 +0530] "GET /?k=1722236613 HTTP/1.1" 200 10699 "-" "Mozilla/5.0 (Linux; Android 6.0.1; Nexus 5X Build/MMB29P) AppleWebKit/537.36 (KHTML, like Gecko) Chrome/151.0.7922.173 Mobile Safari/537.36 (compatible; Googlebot/2.1; +http://www.google.com/bot.html)"
66.249.72.160 - - [01/Sep/2026:22:06:23 +0530] "GET /?z=18771115185 HTTP/1.1" 200 10816 "-" "Mozilla/5.0 (Linux; Android 6.0.1; Nexus 5X Build/MMB29P) AppleWebKit/537.36 (KHTML, like Gecko) Chrome/151.0.7922.173 Mobile Safari/537.36 (compatible; Googlebot/2.1; +http://www.google.com/bot.html)"
66.249.72.160 - - [01/Sep/2026:22:06:30 +0530] "GET /ammika.php?t=20585106013 HTTP/1.1" 200 10788 "-" "Mozilla/5.0 (Linux; Android 6.0.1; Nexus 5X Build/MMB29P) AppleWebKit/537.36 (KHTML, like Gecko) Chrome/151.0.7922.173 Mobile Safari/537.36 (compatible; Googlebot/2.1; +http://www.google.com/bot.html)"
57.141.4.72 - - [01/Sep/2026:22:06:38 +0530] "GET / HTTP/2" 200 13516 "-" "facebookexternalhit/1.1 (+http://www.facebook.com/externalhit_uatext.php)"
66.249.72.174 - - [01/Sep/2026:22:04:15 +0530] "GET /comment.php?b=91963254849 HTTP/1.1" 200 10748 "-" "Mozilla/5.0 (Linux; Android 6.0.1; Nexus 5X Build/MMB29P) AppleWebKit/537.36 (KHTML, like Gecko) Chrome/151.0.7922.173 Mobile Safari/537.36 (compatible; Googlebot/2.1; +http://www.google.com/bot.html)"
66.249.72.174 - - [01/Sep/2026:22:04:17 +0530] "GET /?b=9196395480 HTTP/1.1" 200 10753 "-" "Mozilla/5.0 (Linux; Android 6.0.1; Nexus 5X Build/MMB29P) AppleWebKit/537.36 (KHTML, like Gecko) Chrome/151.0.7922.173 Mobile Safari/537.36 (compatible; Googlebot/2.1; +http://www.google.com/bot.html)"
66.249.72.174 - - [01/Sep/2026:22:04:32 +0530] "GET /?k=60174209353 HTTP/1.1" 200 10753 "-" "Mozilla/5.0 (Linux; Android 6.0.1; Nexus 5X Build/MMB29P) AppleWebKit/537.36 (KHTML, like Gecko) Chrome/151.0.7922.173 Mobile Safari/537.36 (compatible; Googlebot/2.1; +http://www.google.com/bot.html)"
66.249.72.174 - - [01/Sep/2026:22:04:33 +0530] "GET /?n=84383266690 HTTP/1.1" 200 10788 "-" "Mozilla/5.0 (Linux; Android 6.0.1; Nexus 5X Build/MMB29P) AppleWebKit/537.36 (KHTML, like Gecko) Chrome/151.0.7922.173 Mobile Safari/537.36 (compatible; Googlebot/2.1; +http://www.google.com/bot.html)"
57.141.22.2 - - [01/Sep/2026:22:04:43 +0530] "GET / HTTP/2" 200 13556 "-" "facebookexternalhit/1.1 (+http://www.facebook.com/externalhit_uatext.php)"
66.249.72.174 - - [01/Sep/2026:22:05:34 +0530] "GET /?f=36509163823 HTTP/1.1" 200 10788 "-" "Mozilla/5.0 (Linux; Android 6.0.1; Nexus 5X Build/MMB29P) AppleWebKit/537.36 (KHTML, like Gecko) Chrome/151.0.7922.173 Mobile Safari/537.36 (compatible; Googlebot/2.1; +http://www.google.com/bot.html)"
66.249.72.174 - - [01/Sep/2026:22:06:37 +0530] "GET /comment.php?k=60174220970 HTTP/1.1" 200 10788 "-" "Mozilla/5.0 (Linux; Android 6.0.1; Nexus 5X Build/MMB29P) AppleWebKit/537.36 (KHTML, like Gecko) Chrome/151.0.7922.173 Mobile Safari/537.36 (compatible; Googlebot/2.1; +http://www.google.com/bot.html)"
66.249.72.174 - - [01/Sep/2026:22:06:46 +0530] "GET /comment.php?n=84383273306 HTTP/1.1" 200 10727 "-" "Mozilla/5.0 (Linux; Android 6.0.1; Nexus 5X Build/MMB29P) AppleWebKit/537.36 (KHTML, like Gecko) Chrome/151.0.7922.173 Mobile Safari/537.36 (compatible; Googlebot/2.1; +http://www.google.com/bot.html)"
66.249.72.174 - - [01/Sep/2026:22:06:55 +0530] "GET /?f=36509139891 HTTP/1.1" 200 10816 "-" "Mozilla/5.0 (Linux; Android 6.0.1; Nexus 5X Build/MMB29P) AppleWebKit/537.36 (KHTML, like Gecko) Chrome/151.0.7922.173 Mobile Safari/537.36 (compatible; Googlebot/2.1; +http://www.google.com/bot.html)"
66.249.72.161 - - [01/Sep/2026:22:07:02 +0530] "GET /?n=84383161405 HTTP/1.1" 200 10788 "-" "Mozilla/5.0 (Linux; Android 6.0.1; Nexus 5X Build/MMB29P) AppleWebKit/537.36 (KHTML, like Gecko) Chrome/151.0.7922.173 Mobile Safari/537.36 (compatible; Googlebot/2.1; +http://www.google.com/bot.html)"
66.249.72.174 - - [01/Sep/2026:22:07:08 +0530] "GET /?f=3650959148 HTTP/1.1" 200 10816 "-" "Mozilla/5.0 (Linux; Android 6.0.1; Nexus 5X Build/MMB29P) AppleWebKit/537.36 (KHTML, like Gecko) Chrome/151.0.7922.173 Mobile Safari/537.36 (compatible; Googlebot/2.1; +http://www.google.com/bot.html)"
66.249.72.174 - - [01/Sep/2026:22:07:14 +0530] "GET /?r=30333123710 HTTP/1.1" 200 10816 "-" "Mozilla/5.0 (Linux; Android 6.0.1; Nexus 5X Build/MMB29P) AppleWebKit/537.36 (KHTML, like Gecko) Chrome/151.0.7922.173 Mobile Safari/537.36 (compatible; Googlebot/2.1; +http://www.google.com/bot.html)"
66.249.72.161 - - [01/Sep/2026:22:07:32 +0530] "GET /?u=11954214011 HTTP/1.1" 200 10788 "-" "Mozilla/5.0 (Linux; Android 6.0.1; Nexus 5X Build/MMB29P) AppleWebKit/537.36 (KHTML, like Gecko) Chrome/151.0.7922.173 Mobile Safari/537.36 (compatible; Googlebot/2.1; +http://www.google.com/bot.html)"
66.249.72.174 - - [01/Sep/2026:22:08:36 +0530] "GET /comment.php?k=1722261312 HTTP/1.1" 200 10816 "-" "Mozilla/5.0 (Linux; Android 6.0.1; Nexus 5X Build/MMB29P) AppleWebKit/537.36 (KHTML, like Gecko) Chrome/151.0.7922.173 Mobile Safari/537.36 (compatible; Googlebot/2.1; +http://www.google.com/bot.html)"
